{"id":16798029,"date":"2010-12-10T00:00:00","date_gmt":"2010-12-10T00:00:00","guid":{"rendered":"https:\/\/agencia-asturias.com\/inmueble\/alquiler\/garaje\/asturias\/gijon\/1324\/"},"modified":"2010-12-10T00:00:00","modified_gmt":"2010-12-10T00:00:00","slug":"parkplatz-fur-groses-auto-in-der-corin-tellado-strase-1324","status":"publish","type":"property","link":"https:\/\/agencia-asturias.com\/de\/inmueble\/alquiler\/garaje\/asturias\/gijon\/1324\/","title":{"rendered":"Parkplatz f\u00fcr gro\u00dfes Auto in der Cor\u00edn Tellado Stra\u00dfe &#8211; 1324"},"content":{"rendered":"<p>Die Agentur Asturias bietet einen Parkplatz zur Miete in der Corin Tellado 18 an. Es handelt sich um einen Platz f\u00fcr ein gro\u00dfes Auto f\u00fcr 115 &euro; (MWST INKLUSIVE). Sie haben auch die M\u00f6glichkeit, wenn Sie einen Platz f\u00fcr ein gro\u00dfes Auto und ein Motorrad f\u00fcr 125 &euro; (MWST INKLUSIVE) bevorzugen. Nur einer der beiden wird vermietet. Im ersten Stock mit gutem Eingang und Man\u00f6vrierf\u00e4higkeit.<\/p>\n","protected":false},"excerpt":{"rendered":"<p>Die Agentur Asturias bietet einen Parkplatz zur Miete in der Corin Tellado 18 an. Es handelt sich um einen Platz f\u00fcr ein gro\u00dfes Auto f\u00fcr 115 &euro; (MWST INKLUSIVE). Sie haben auch die M\u00f6glichkeit, wenn Sie einen Platz f\u00fcr ein gro\u00dfes Auto und ein Motorrad f\u00fcr 125 &euro; (MWST INKLUSIVE) bevorzugen. Nur einer der beiden wird vermietet.<\/p>\n","protected":false},"author":1,"featured_media":16798030,"parent":0,"menu_order":0,"template":"","property_type":[781],"property_status":[852],"property_feature":[],"property_label":[],"property_state":[419],"property_city":[420],"property_area":[447],"class_list":["post-16798029","property","type-property","status-publish","has-post-thumbnail","hentry","property_type-garage","property_status-vermietung","property_state-asturias","property_city-gijon","property_area-viesques"],"property_meta":{"fave_agent":["156"],"fave_agents":["156"],"fave_agent_display_option":["agent_info"],"property_agent":["156"],"custom_permalink":["inmueble\/alquiler\/garaje\/asturias\/gijon\/1324\/"],"_thumbnail_id":["16798030"],"post_id":["Array"],"original_author":["1"],"_edit_lock":["1604137107:1"],"_edit_last":["1"],"fave_property_map_street_view":["show"],"fave_payment_status":["not_paid"],"fave_single_top_area":["global"],"fave_single_content_area":["global"],"houzez_manual_expire":["0"],"fave_property_size_prefix":["m&sup2;"],"fave_property_map":["1"],"fave_additional_features_enable":["disable"],"fave_floor_plans_enable":["disable"],"fave_multiunit_plans_enable":["disable"],"fave_prop_homeslider":["no"],"fave_featured":["0"],"fave_property_address":["Gij\u00f3n,Asturias"],"fave_property_zip":["33204"],"houzez_geolocation_lat":["43.527412837"],"houzez_geolocation_long":["-5.644240694"],"fave_property_location":["43.527412837,-5.644240694"],"fave_property_country":["ES"],"fave_property_map_address":["Gij\u00f3n,Asturias,Spain"],"fave_comunidadimporte":["0"],"fave_comunidadincluida":["0"],"fave_conservacion":["Ninguno"],"fave_orientacion":[""],"fave_carpinteriainterior":[""],"fave_carpinteriaexterior":[""],"fave_tiposuelo":[""],"fave_vistas":[""],"additional_features":["a:5:{i:0;a:2:{s:29:\"fave_additional_feature_title\";s:12:\"Carpinter\u00eda\";s:29:\"fave_additional_feature_value\";s:0:\"\";}i:1;a:2:{s:29:\"fave_additional_feature_title\";s:21:\"Carpinter\u00eda exterior\";s:29:\"fave_additional_feature_value\";s:0:\"\";}i:2;a:2:{s:29:\"fave_additional_feature_title\";s:6:\"Estado\";s:29:\"fave_additional_feature_value\";s:7:\"Ninguno\";}i:3;a:2:{s:29:\"fave_additional_feature_title\";s:6:\"Vistas\";s:29:\"fave_additional_feature_value\";s:0:\"\";}i:4;a:2:{s:29:\"fave_additional_feature_title\";s:11:\"Orientacion\";s:29:\"fave_additional_feature_value\";s:0:\"\";}}"],"referencia":["1324"],"fave_property_id":["1324"],"fave_property_bedrooms":["0"],"fave_property_bathrooms":["0"],"fave_property_garage":[""],"fave_property_land":["0"],"ave_property_land_postfix":["m&sup2;"],"fave_property_size":["31"],"fave_property_year":["1998"],"fave_energy_global_index":["0 kWh\/m&sup2; \/0 Kg CO2\/m&sup2;"],"fave_energy_class":["N"],"estate_attr_energy_class":["Tramitando..."],"REAL_HOMES_property_emisiones":["0"],"REAL_HOMES_property_consumo":["0"],"REAL_HOMES_property_letra":["N"],"estate_video":[""],"fave_virtual_tour":[""],"vendidoInmueble":[""],"fave_property_price":["115"],"fave_property_price_postfix":["mes"],"fave_property_images":["16798030","16798031","16798032","16798033","16798034","16798035","16798036","16798037","16798038","16798039","16798040","16798041","16798042","16798043","16798044","16798045","16798046","16798047"],"houzez_total_property_views":["3"],"houzez_views_by_date":["a:1:{s:10:\"04-29-2026\";i:3;}"],"houzez_recently_viewed":["2026-04-29 19:09:24"]},"_links":{"self":[{"href":"https:\/\/agencia-asturias.com\/de\/wp-json\/wp\/v2\/properties\/16798029","targetHints":{"allow":["GET"]}}],"collection":[{"href":"https:\/\/agencia-asturias.com\/de\/wp-json\/wp\/v2\/properties"}],"about":[{"href":"https:\/\/agencia-asturias.com\/de\/wp-json\/wp\/v2\/types\/property"}],"author":[{"embeddable":true,"href":"https:\/\/agencia-asturias.com\/de\/wp-json\/wp\/v2\/users\/1"}],"version-history":[{"count":0,"href":"https:\/\/agencia-asturias.com\/de\/wp-json\/wp\/v2\/properties\/16798029\/revisions"}],"wp:featuredmedia":[{"embeddable":true,"href":"https:\/\/agencia-asturias.com\/de\/wp-json\/wp\/v2\/media\/16798030"}],"wp:attachment":[{"href":"https:\/\/agencia-asturias.com\/de\/wp-json\/wp\/v2\/media?parent=16798029"}],"wp:term":[{"taxonomy":"property_type","embeddable":true,"href":"https:\/\/agencia-asturias.com\/de\/wp-json\/wp\/v2\/property_type?post=16798029"},{"taxonomy":"property_status","embeddable":true,"href":"https:\/\/agencia-asturias.com\/de\/wp-json\/wp\/v2\/property_status?post=16798029"},{"taxonomy":"property_feature","embeddable":true,"href":"https:\/\/agencia-asturias.com\/de\/wp-json\/wp\/v2\/property_feature?post=16798029"},{"taxonomy":"property_label","embeddable":true,"href":"https:\/\/agencia-asturias.com\/de\/wp-json\/wp\/v2\/property_label?post=16798029"},{"taxonomy":"property_state","embeddable":true,"href":"https:\/\/agencia-asturias.com\/de\/wp-json\/wp\/v2\/property_state?post=16798029"},{"taxonomy":"property_city","embeddable":true,"href":"https:\/\/agencia-asturias.com\/de\/wp-json\/wp\/v2\/property_city?post=16798029"},{"taxonomy":"property_area","embeddable":true,"href":"https:\/\/agencia-asturias.com\/de\/wp-json\/wp\/v2\/property_area?post=16798029"}],"curies":[{"name":"wp","href":"https:\/\/api.w.org\/{rel}","templated":true}]}}

Parkplatz für großes Auto in der Corín Tellado Straße &#8211; 1324

<p>Die Agentur Asturias bietet einen Parkplatz zur Miete in der Corin Tellado 18 an. Es handelt sich um einen Platz für ein großes Auto für 115 &euro; (MWST INKLUSIVE). Sie haben auch die Möglichkeit, wenn Sie einen Platz für ein großes Auto und ein Motorrad für 125 &euro; (MWST INKLUSIVE) bevorzugen. Nur einer der beiden wird vermietet. Im ersten Stock mit gutem Eingang und Manövrierfähigkeit.</p>

<p>Die Agentur Asturias bietet einen Parkplatz zur Miete in der Corin Tellado 18 an. Es handelt sich um einen Platz für ein großes Auto für 115 &euro; (MWST INKLUSIVE). Sie haben auch die Möglichkeit, wenn Sie einen Platz für ein großes Auto und ein Motorrad für 125 &euro; (MWST INKLUSIVE) bevorzugen. Nur einer der beiden wird vermietet.</p>

Gijón,Asturias

Gijón,Asturias,Spain

a:5:{i:0;a:2:{s:29:"fave_additional_feature_title";s:12:"Carpintería";s:29:"fave_additional_feature_value";s:0:"";}i:1;a:2:{s:29:"fave_additional_feature_title";s:21:"Carpintería exterior";s:29:"fave_additional_feature_value";s:0:"";}i:2;a:2:{s:29:"fave_additional_feature_title";s:6:"Estado";s:29:"fave_additional_feature_value";s:7:"Ninguno";}i:3;a:2:{s:29:"fave_additional_feature_title";s:6:"Vistas";s:29:"fave_additional_feature_value";s:0:"";}i:4;a:2:{s:29:"fave_additional_feature_title";s:11:"Orientacion";s:29:"fave_additional_feature_value";s:0:"";}}
