{"id":16798527,"date":"2014-01-10T00:00:00","date_gmt":"2014-01-10T00:00:00","guid":{"rendered":"https:\/\/agencia-asturias.com\/inmueble\/venta\/finca\/asturias\/gijon\/21391\/"},"modified":"2014-01-10T00:00:00","modified_gmt":"2014-01-10T00:00:00","slug":"landliche-finca-in-veranes-21391","status":"publish","type":"property","link":"https:\/\/agencia-asturias.com\/de\/inmueble\/venta\/finca\/asturias\/gijon\/21391\/","title":{"rendered":"L\u00e4ndliche Finca in Veranes &#8211; 21391"},"content":{"rendered":"<p>Bereich von Veranes, l\u00e4ndliche Finca mit Wasser der EMA, ideal f\u00fcr einen Garten und Freizeitaktivit\u00e4ten. ALSA-Bushaltestelle etwa ein Kilometer entfernt. Gut angebunden an die AS-II-Autobahn und somit nur einen Katzensprung von Gij\u00f3n und Oviedo entfernt. Klare Aussichten.<br \/>\u00dcbertragungssteuer sowie Notargeb\u00fchren sind nicht im Preis enthalten.<\/p>\n","protected":false},"excerpt":{"rendered":"<p>Bereich von Veranes, l\u00e4ndliche Finca mit Wasser der EMA, ideal f\u00fcr einen Garten und Freizeitaktivit\u00e4ten. ALSA-Bushaltestelle etwa ein Kilometer entfernt. Gut angebunden an die AS-II-Autobahn und somit nur einen Katzensprung von Gij\u00f3n und Oviedo entfernt. Klare Aussichten.~\u00dcbertragungssteuer sowie Notargeb\u00fchren sind nicht im Preis <\/p>\n","protected":false},"author":1,"featured_media":16798528,"parent":0,"menu_order":0,"template":"","property_type":[785],"property_status":[720],"property_feature":[],"property_label":[],"property_state":[419],"property_city":[420],"property_area":[436],"class_list":["post-16798527","property","type-property","status-publish","has-post-thumbnail","hentry","property_type-haus","property_status-verkauf","property_state-asturias","property_city-gijon","property_area-cenero"],"property_meta":{"fave_agent":["156"],"fave_agents":["156"],"fave_agent_display_option":["agent_info"],"property_agent":["156"],"custom_permalink":["inmueble\/venta\/finca\/asturias\/gijon\/21391\/"],"_thumbnail_id":["16798528"],"post_id":["Array"],"original_author":["1"],"_edit_lock":["1604137107:1"],"_edit_last":["1"],"fave_property_map_street_view":["show"],"fave_payment_status":["not_paid"],"fave_single_top_area":["global"],"fave_single_content_area":["global"],"houzez_manual_expire":["0"],"fave_property_size_prefix":["m&sup2;"],"fave_property_map":["1"],"fave_additional_features_enable":["disable"],"fave_floor_plans_enable":["disable"],"fave_multiunit_plans_enable":["disable"],"fave_prop_homeslider":["no"],"fave_featured":["0"],"fave_property_address":["Gij\u00f3n,Asturias"],"fave_property_zip":[" "],"houzez_geolocation_lat":["43.49045716061127"],"houzez_geolocation_long":["-5.752467271668395"],"fave_property_location":["43.49045716061127,-5.752467271668395"],"fave_property_country":["ES"],"fave_property_map_address":["Gij\u00f3n,Asturias,Spain"],"fave_comunidadimporte":["0"],"fave_comunidadincluida":["0"],"fave_conservacion":["Ninguno"],"fave_orientacion":[""],"fave_carpinteriainterior":[""],"fave_carpinteriaexterior":[""],"fave_tiposuelo":[""],"fave_vistas":[""],"additional_features":["a:5:{i:0;a:2:{s:29:\"fave_additional_feature_title\";s:12:\"Carpinter\u00eda\";s:29:\"fave_additional_feature_value\";s:0:\"\";}i:1;a:2:{s:29:\"fave_additional_feature_title\";s:21:\"Carpinter\u00eda exterior\";s:29:\"fave_additional_feature_value\";s:0:\"\";}i:2;a:2:{s:29:\"fave_additional_feature_title\";s:6:\"Estado\";s:29:\"fave_additional_feature_value\";s:7:\"Ninguno\";}i:3;a:2:{s:29:\"fave_additional_feature_title\";s:6:\"Vistas\";s:29:\"fave_additional_feature_value\";s:0:\"\";}i:4;a:2:{s:29:\"fave_additional_feature_title\";s:11:\"Orientacion\";s:29:\"fave_additional_feature_value\";s:0:\"\";}}"],"referencia":["21391"],"fave_property_id":["21391"],"fave_property_bedrooms":["0"],"fave_property_bathrooms":["0"],"fave_property_garage":[""],"fave_property_land":["2705"],"ave_property_land_postfix":["m&sup2;"],"fave_property_size":["0"],"fave_property_year":["0"],"fave_energy_global_index":["0 kWh\/m&sup2; \/0 Kg CO2\/m&sup2;"],"fave_energy_class":["N"],"estate_attr_energy_class":["Tramitando..."],"REAL_HOMES_property_emisiones":["0"],"REAL_HOMES_property_consumo":["0"],"REAL_HOMES_property_letra":["N"],"estate_video":[""],"fave_virtual_tour":[""],"vendidoInmueble":[""],"fave_property_price":["15000"],"fave_property_price_postfix":[""],"fave_property_images":["16798528","16798529","16798530","16798531","16798532","16798533","16798534"],"houzez_total_property_views":["2"],"houzez_views_by_date":["a:1:{s:10:\"04-29-2026\";i:2;}"],"houzez_recently_viewed":["2026-04-29 18:13:01"]},"_links":{"self":[{"href":"https:\/\/agencia-asturias.com\/de\/wp-json\/wp\/v2\/properties\/16798527","targetHints":{"allow":["GET"]}}],"collection":[{"href":"https:\/\/agencia-asturias.com\/de\/wp-json\/wp\/v2\/properties"}],"about":[{"href":"https:\/\/agencia-asturias.com\/de\/wp-json\/wp\/v2\/types\/property"}],"author":[{"embeddable":true,"href":"https:\/\/agencia-asturias.com\/de\/wp-json\/wp\/v2\/users\/1"}],"version-history":[{"count":0,"href":"https:\/\/agencia-asturias.com\/de\/wp-json\/wp\/v2\/properties\/16798527\/revisions"}],"wp:featuredmedia":[{"embeddable":true,"href":"https:\/\/agencia-asturias.com\/de\/wp-json\/wp\/v2\/media\/16798528"}],"wp:attachment":[{"href":"https:\/\/agencia-asturias.com\/de\/wp-json\/wp\/v2\/media?parent=16798527"}],"wp:term":[{"taxonomy":"property_type","embeddable":true,"href":"https:\/\/agencia-asturias.com\/de\/wp-json\/wp\/v2\/property_type?post=16798527"},{"taxonomy":"property_status","embeddable":true,"href":"https:\/\/agencia-asturias.com\/de\/wp-json\/wp\/v2\/property_status?post=16798527"},{"taxonomy":"property_feature","embeddable":true,"href":"https:\/\/agencia-asturias.com\/de\/wp-json\/wp\/v2\/property_feature?post=16798527"},{"taxonomy":"property_label","embeddable":true,"href":"https:\/\/agencia-asturias.com\/de\/wp-json\/wp\/v2\/property_label?post=16798527"},{"taxonomy":"property_state","embeddable":true,"href":"https:\/\/agencia-asturias.com\/de\/wp-json\/wp\/v2\/property_state?post=16798527"},{"taxonomy":"property_city","embeddable":true,"href":"https:\/\/agencia-asturias.com\/de\/wp-json\/wp\/v2\/property_city?post=16798527"},{"taxonomy":"property_area","embeddable":true,"href":"https:\/\/agencia-asturias.com\/de\/wp-json\/wp\/v2\/property_area?post=16798527"}],"curies":[{"name":"wp","href":"https:\/\/api.w.org\/{rel}","templated":true}]}}

Ländliche Finca in Veranes &#8211; 21391

<p>Bereich von Veranes, ländliche Finca mit Wasser der EMA, ideal für einen Garten und Freizeitaktivitäten. ALSA-Bushaltestelle etwa ein Kilometer entfernt. Gut angebunden an die AS-II-Autobahn und somit nur einen Katzensprung von Gijón und Oviedo entfernt. Klare Aussichten.<br />Übertragungssteuer sowie Notargebühren sind nicht im Preis enthalten.</p>

<p>Bereich von Veranes, ländliche Finca mit Wasser der EMA, ideal für einen Garten und Freizeitaktivitäten. ALSA-Bushaltestelle etwa ein Kilometer entfernt. Gut angebunden an die AS-II-Autobahn und somit nur einen Katzensprung von Gijón und Oviedo entfernt. Klare Aussichten.~Übertragungssteuer sowie Notargebühren sind nicht im Preis </p>

Gijón,Asturias

Gijón,Asturias,Spain

a:5:{i:0;a:2:{s:29:"fave_additional_feature_title";s:12:"Carpintería";s:29:"fave_additional_feature_value";s:0:"";}i:1;a:2:{s:29:"fave_additional_feature_title";s:21:"Carpintería exterior";s:29:"fave_additional_feature_value";s:0:"";}i:2;a:2:{s:29:"fave_additional_feature_title";s:6:"Estado";s:29:"fave_additional_feature_value";s:7:"Ninguno";}i:3;a:2:{s:29:"fave_additional_feature_title";s:6:"Vistas";s:29:"fave_additional_feature_value";s:0:"";}i:4;a:2:{s:29:"fave_additional_feature_title";s:11:"Orientacion";s:29:"fave_additional_feature_value";s:0:"";}}
