{"id":16798753,"date":"2022-01-07T11:40:00","date_gmt":"2022-01-07T11:40:00","guid":{"rendered":"https:\/\/agencia-asturias.com\/inmueble\/venta\/local-comercial\/asturias\/gijon\/25649\/"},"modified":"2022-01-07T11:40:00","modified_gmt":"2022-01-07T11:40:00","slug":"der-coto-25649","status":"publish","type":"property","link":"https:\/\/agencia-asturias.com\/de\/inmueble\/venta\/local-comercial\/asturias\/gijon\/25649\/","title":{"rendered":"Der Coto &#8211; 25649"},"content":{"rendered":"<p>In der Stra\u00dfe General Su\u00e1rez Vald\u00e9s befindet sich eine Gewerbeeinheit mit offenem Raum, Lagerbereich und WC. Mit einem Rollladen aus Metall. Ideal f\u00fcr Gesch\u00e4fte, B\u00fcros oder Lagerh\u00e4user f\u00fcr Fachkr\u00e4fte oder Privatpersonen.<br \/>Verkauf, Vermietung oder Mietvertrag mit Kaufoption.<br \/>Im Verkauf sind die Grund\u00fcbertragungssteuer sowie Notar- und Registrierungsgeb\u00fchren nicht im Preis enthalten.<\/p>\n","protected":false},"excerpt":{"rendered":"<p>In der Stra\u00dfe General Su\u00e1rez Vald\u00e9s befindet sich eine Gewerbeeinheit mit offenem Raum, Lagerbereich und WC. Mit einem Rollladen aus Metall. Ideal f\u00fcr Gesch\u00e4fte, B\u00fcros oder Lagerh\u00e4user f\u00fcr Fachkr\u00e4fte oder Privatpersonen.~Verkauf, Vermietung oder Mietvertrag mit Kaufoption.~Im Verkauf sind die Grund\u00fcbertragungssteuer sowie Notar- <\/p>\n","protected":false},"author":1,"featured_media":16798754,"parent":0,"menu_order":0,"template":"","property_type":[771],"property_status":[852],"property_feature":[858],"property_label":[],"property_state":[419],"property_city":[420],"property_area":[430],"class_list":["post-16798753","property","type-property","status-publish","has-post-thumbnail","hentry","property_type-gewerbeimmobilie","property_status-vermietung","property_feature-komplett-auenliegend","property_state-asturias","property_city-gijon","property_area-el-coto"],"property_meta":{"fave_agent":["59302"],"fave_agents":["59302"],"fave_agent_display_option":["agent_info"],"property_agent":["59302"],"custom_permalink":["inmueble\/venta\/local-comercial\/asturias\/gijon\/25649\/"],"_thumbnail_id":["16798754"],"post_id":["Array"],"original_author":["1"],"_edit_lock":["1604137107:1"],"_edit_last":["1"],"fave_property_map_street_view":["show"],"fave_payment_status":["not_paid"],"fave_single_top_area":["global"],"fave_single_content_area":["global"],"houzez_manual_expire":["0"],"fave_property_size_prefix":["m&sup2;"],"fave_property_map":["1"],"fave_additional_features_enable":["disable"],"fave_floor_plans_enable":["disable"],"fave_multiunit_plans_enable":["disable"],"fave_prop_homeslider":["no"],"fave_featured":["0"],"fave_property_address":["Gij\u00f3n,Asturias"],"fave_property_zip":["33204"],"houzez_geolocation_lat":["43.53100768"],"houzez_geolocation_long":["-5.64875024"],"fave_property_location":["43.53100768,-5.64875024"],"fave_property_country":["ES"],"fave_property_map_address":["Gij\u00f3n,Asturias,Spain"],"fave_comunidadimporte":["0"],"fave_comunidadincluida":["1"],"fave_conservacion":["De origen"],"fave_orientacion":[""],"fave_carpinteriainterior":[""],"fave_carpinteriaexterior":[""],"fave_tiposuelo":[""],"fave_vistas":[""],"additional_features":["a:5:{i:0;a:2:{s:29:\"fave_additional_feature_title\";s:12:\"Carpinter\u00eda\";s:29:\"fave_additional_feature_value\";s:0:\"\";}i:1;a:2:{s:29:\"fave_additional_feature_title\";s:21:\"Carpinter\u00eda exterior\";s:29:\"fave_additional_feature_value\";s:0:\"\";}i:2;a:2:{s:29:\"fave_additional_feature_title\";s:6:\"Estado\";s:29:\"fave_additional_feature_value\";s:9:\"De origen\";}i:3;a:2:{s:29:\"fave_additional_feature_title\";s:6:\"Vistas\";s:29:\"fave_additional_feature_value\";s:0:\"\";}i:4;a:2:{s:29:\"fave_additional_feature_title\";s:11:\"Orientacion\";s:29:\"fave_additional_feature_value\";s:0:\"\";}}"],"referencia":["25649"],"fave_property_id":["25649"],"fave_property_bedrooms":["0"],"fave_property_bathrooms":["0"],"fave_property_garage":[""],"fave_property_land":["0"],"ave_property_land_postfix":["m&sup2;"],"fave_property_size":["80"],"fave_property_year":["1967"],"fave_energy_global_index":["82 kWh\/m&sup2; \/16 Kg CO2\/m&sup2;"],"fave_energy_class":["B"],"estate_attr_energy_class":["B"],"REAL_HOMES_property_emisiones":["16"],"REAL_HOMES_property_consumo":["82"],"REAL_HOMES_property_letra":["B"],"estate_video":[""],"fave_virtual_tour":[""],"vendidoInmueble":[""],"fave_property_price":["375"],"fave_property_price_postfix":["mes"],"fave_property_images":["16798754","16798755","16798756","16798757","16798758","16798759","16798760","16798761"],"houzez_total_property_views":["1"],"houzez_views_by_date":["a:1:{s:10:\"04-29-2026\";i:1;}"],"houzez_recently_viewed":["2026-04-29 11:53:03"]},"_links":{"self":[{"href":"https:\/\/agencia-asturias.com\/de\/wp-json\/wp\/v2\/properties\/16798753","targetHints":{"allow":["GET"]}}],"collection":[{"href":"https:\/\/agencia-asturias.com\/de\/wp-json\/wp\/v2\/properties"}],"about":[{"href":"https:\/\/agencia-asturias.com\/de\/wp-json\/wp\/v2\/types\/property"}],"author":[{"embeddable":true,"href":"https:\/\/agencia-asturias.com\/de\/wp-json\/wp\/v2\/users\/1"}],"version-history":[{"count":0,"href":"https:\/\/agencia-asturias.com\/de\/wp-json\/wp\/v2\/properties\/16798753\/revisions"}],"wp:featuredmedia":[{"embeddable":true,"href":"https:\/\/agencia-asturias.com\/de\/wp-json\/wp\/v2\/media\/16798754"}],"wp:attachment":[{"href":"https:\/\/agencia-asturias.com\/de\/wp-json\/wp\/v2\/media?parent=16798753"}],"wp:term":[{"taxonomy":"property_type","embeddable":true,"href":"https:\/\/agencia-asturias.com\/de\/wp-json\/wp\/v2\/property_type?post=16798753"},{"taxonomy":"property_status","embeddable":true,"href":"https:\/\/agencia-asturias.com\/de\/wp-json\/wp\/v2\/property_status?post=16798753"},{"taxonomy":"property_feature","embeddable":true,"href":"https:\/\/agencia-asturias.com\/de\/wp-json\/wp\/v2\/property_feature?post=16798753"},{"taxonomy":"property_label","embeddable":true,"href":"https:\/\/agencia-asturias.com\/de\/wp-json\/wp\/v2\/property_label?post=16798753"},{"taxonomy":"property_state","embeddable":true,"href":"https:\/\/agencia-asturias.com\/de\/wp-json\/wp\/v2\/property_state?post=16798753"},{"taxonomy":"property_city","embeddable":true,"href":"https:\/\/agencia-asturias.com\/de\/wp-json\/wp\/v2\/property_city?post=16798753"},{"taxonomy":"property_area","embeddable":true,"href":"https:\/\/agencia-asturias.com\/de\/wp-json\/wp\/v2\/property_area?post=16798753"}],"curies":[{"name":"wp","href":"https:\/\/api.w.org\/{rel}","templated":true}]}}

<p>In der Straße General Suárez Valdés befindet sich eine Gewerbeeinheit mit offenem Raum, Lagerbereich und WC. Mit einem Rollladen aus Metall. Ideal für Geschäfte, Büros oder Lagerhäuser für Fachkräfte oder Privatpersonen.<br />Verkauf, Vermietung oder Mietvertrag mit Kaufoption.<br />Im Verkauf sind die Grundübertragungssteuer sowie Notar- und Registrierungsgebühren nicht im Preis enthalten.</p>

<p>In der Straße General Suárez Valdés befindet sich eine Gewerbeeinheit mit offenem Raum, Lagerbereich und WC. Mit einem Rollladen aus Metall. Ideal für Geschäfte, Büros oder Lagerhäuser für Fachkräfte oder Privatpersonen.~Verkauf, Vermietung oder Mietvertrag mit Kaufoption.~Im Verkauf sind die Grundübertragungssteuer sowie Notar- </p>

Gijón,Asturias

Gijón,Asturias,Spain

a:5:{i:0;a:2:{s:29:"fave_additional_feature_title";s:12:"Carpintería";s:29:"fave_additional_feature_value";s:0:"";}i:1;a:2:{s:29:"fave_additional_feature_title";s:21:"Carpintería exterior";s:29:"fave_additional_feature_value";s:0:"";}i:2;a:2:{s:29:"fave_additional_feature_title";s:6:"Estado";s:29:"fave_additional_feature_value";s:9:"De origen";}i:3;a:2:{s:29:"fave_additional_feature_title";s:6:"Vistas";s:29:"fave_additional_feature_value";s:0:"";}i:4;a:2:{s:29:"fave_additional_feature_title";s:11:"Orientacion";s:29:"fave_additional_feature_value";s:0:"";}}
