{"id":16798791,"date":"2024-03-04T11:47:35","date_gmt":"2024-03-04T11:47:35","guid":{"rendered":"https:\/\/agencia-asturias.com\/inmueble\/alquiler\/local-comercial\/asturias\/gijon\/25767\/"},"modified":"2024-03-04T11:47:35","modified_gmt":"2024-03-04T11:47:35","slug":"alquiler-de-local-comercial-en-gijon-25767-de","status":"publish","type":"property","link":"https:\/\/agencia-asturias.com\/de\/inmueble\/alquiler\/local-comercial\/asturias\/gijon\/25767\/","title":{"rendered":"Alquiler de Local comercial en Gijon &#8211; 25767"},"content":{"rendered":"<p>Die Agentur Asturias bietet ein Lokal im Herzen der Stadt an, an der Ecke des Paseo Bego\u00f1a und der Calle Covadonga gelegen. Es ist aufgeteilt in einen offenen Bereich zur Hauptstra\u00dfe hin und hat hinten einen weiteren Bereich mit zwei Toiletten sowie einem Keller zur Lagerung von Waren.Das Objekt verf\u00fcgt \u00fcber gro\u00dfe Schaufenster mit insgesamt drei gro\u00dfen Fenstern.Vorher war es eine Konditorei; k\u00f6nnte jedoch f\u00fcr jede andere Art von Gesch\u00e4ft genutzt werden.Es gibt keine Abluftanlage vorhande.Situierte sich also einer stark frequentierten Fu\u00dfg\u00e4ngerzone ?ideal um Ihre T\u00e4tigkeit zu beginnen.Wenn Sie den Besuch vereinbaren oder weitere Informationen ben\u00f6tigen,dann z\u00f6gern Sie bitte nicht uns anzurufen.<\/p>\n","protected":false},"excerpt":{"rendered":"<p>Die Agentur Asturias bietet ein Lokal im Herzen der Stadt an, an der Ecke des Paseo Bego\u00f1a und der Calle Covadonga gelegen. Es ist aufgeteilt in einen offenen Bereich zur Hauptstra\u00dfe hin und hat hinten einen weiteren Bereich mit zwei Toiletten sowie einem Keller zur Lagerung von Waren.Das Objekt verf\u00fcgt \u00fcber gro\u00dfe Schaufenster mit <\/p>\n","protected":false},"author":1,"featured_media":16798792,"parent":0,"menu_order":0,"template":"","property_type":[771],"property_status":[852],"property_feature":[858],"property_label":[],"property_state":[419],"property_city":[420],"property_area":[421],"class_list":["post-16798791","property","type-property","status-publish","has-post-thumbnail","hentry","property_type-gewerbeimmobilie","property_status-vermietung","property_feature-komplett-auenliegend","property_state-asturias","property_city-gijon","property_area-centro"],"property_meta":{"fave_agent":["59302"],"fave_agents":["59302"],"fave_agent_display_option":["agent_info"],"property_agent":["59302"],"custom_permalink":["inmueble\/alquiler\/local-comercial\/asturias\/gijon\/25767\/"],"_thumbnail_id":["16798792"],"post_id":["Array"],"original_author":["1"],"_edit_lock":["1604137107:1"],"_edit_last":["1"],"fave_property_map_street_view":["show"],"fave_payment_status":["not_paid"],"fave_single_top_area":["global"],"fave_single_content_area":["global"],"houzez_manual_expire":["0"],"fave_property_size_prefix":["m&sup2;"],"fave_property_map":["1"],"fave_additional_features_enable":["disable"],"fave_floor_plans_enable":["disable"],"fave_multiunit_plans_enable":["disable"],"fave_prop_homeslider":["no"],"fave_featured":["0"],"fave_property_address":["Gij\u00f3n,Asturias"],"fave_property_zip":[" "],"houzez_geolocation_lat":["43.542175"],"houzez_geolocation_long":["-5.6634197"],"fave_property_location":["43.542175,-5.6634197"],"fave_property_country":["ES"],"fave_property_map_address":["Gij\u00f3n,Asturias,Spain"],"fave_comunidadimporte":["0"],"fave_comunidadincluida":["0"],"fave_conservacion":["Buen estado"],"fave_orientacion":[""],"fave_carpinteriainterior":[""],"fave_carpinteriaexterior":[""],"fave_tiposuelo":[""],"fave_vistas":[""],"additional_features":["a:5:{i:0;a:2:{s:29:\"fave_additional_feature_title\";s:12:\"Carpinter\u00eda\";s:29:\"fave_additional_feature_value\";s:0:\"\";}i:1;a:2:{s:29:\"fave_additional_feature_title\";s:21:\"Carpinter\u00eda exterior\";s:29:\"fave_additional_feature_value\";s:0:\"\";}i:2;a:2:{s:29:\"fave_additional_feature_title\";s:6:\"Estado\";s:29:\"fave_additional_feature_value\";s:11:\"Buen estado\";}i:3;a:2:{s:29:\"fave_additional_feature_title\";s:6:\"Vistas\";s:29:\"fave_additional_feature_value\";s:0:\"\";}i:4;a:2:{s:29:\"fave_additional_feature_title\";s:11:\"Orientacion\";s:29:\"fave_additional_feature_value\";s:0:\"\";}}"],"referencia":["25767"],"fave_property_id":["25767"],"fave_property_bedrooms":["0"],"fave_property_bathrooms":["0"],"fave_property_garage":[""],"fave_property_land":["0"],"ave_property_land_postfix":["m&sup2;"],"fave_property_size":["87"],"fave_property_year":["0"],"fave_energy_global_index":["0 kWh\/m&sup2; \/36.29 Kg CO2\/m&sup2;"],"fave_energy_class":["G"],"estate_attr_energy_class":["G"],"REAL_HOMES_property_emisiones":["36.29"],"REAL_HOMES_property_consumo":["0"],"REAL_HOMES_property_letra":["G"],"estate_video":[""],"fave_virtual_tour":[""],"vendidoInmueble":[""],"fave_property_price":["2500"],"fave_property_price_postfix":["mes"],"fave_property_images":["16798792","16798793","16798794","16798795","16798796","16798797","16798798","16798799","16798800","16798801","16798802","16798803","16798804","16798805","16798806","16798807"],"houzez_total_property_views":["1"],"houzez_views_by_date":["a:1:{s:10:\"04-29-2026\";i:1;}"],"houzez_recently_viewed":["2026-04-29 08:52:06"]},"_links":{"self":[{"href":"https:\/\/agencia-asturias.com\/de\/wp-json\/wp\/v2\/properties\/16798791","targetHints":{"allow":["GET"]}}],"collection":[{"href":"https:\/\/agencia-asturias.com\/de\/wp-json\/wp\/v2\/properties"}],"about":[{"href":"https:\/\/agencia-asturias.com\/de\/wp-json\/wp\/v2\/types\/property"}],"author":[{"embeddable":true,"href":"https:\/\/agencia-asturias.com\/de\/wp-json\/wp\/v2\/users\/1"}],"version-history":[{"count":0,"href":"https:\/\/agencia-asturias.com\/de\/wp-json\/wp\/v2\/properties\/16798791\/revisions"}],"wp:featuredmedia":[{"embeddable":true,"href":"https:\/\/agencia-asturias.com\/de\/wp-json\/wp\/v2\/media\/16798792"}],"wp:attachment":[{"href":"https:\/\/agencia-asturias.com\/de\/wp-json\/wp\/v2\/media?parent=16798791"}],"wp:term":[{"taxonomy":"property_type","embeddable":true,"href":"https:\/\/agencia-asturias.com\/de\/wp-json\/wp\/v2\/property_type?post=16798791"},{"taxonomy":"property_status","embeddable":true,"href":"https:\/\/agencia-asturias.com\/de\/wp-json\/wp\/v2\/property_status?post=16798791"},{"taxonomy":"property_feature","embeddable":true,"href":"https:\/\/agencia-asturias.com\/de\/wp-json\/wp\/v2\/property_feature?post=16798791"},{"taxonomy":"property_label","embeddable":true,"href":"https:\/\/agencia-asturias.com\/de\/wp-json\/wp\/v2\/property_label?post=16798791"},{"taxonomy":"property_state","embeddable":true,"href":"https:\/\/agencia-asturias.com\/de\/wp-json\/wp\/v2\/property_state?post=16798791"},{"taxonomy":"property_city","embeddable":true,"href":"https:\/\/agencia-asturias.com\/de\/wp-json\/wp\/v2\/property_city?post=16798791"},{"taxonomy":"property_area","embeddable":true,"href":"https:\/\/agencia-asturias.com\/de\/wp-json\/wp\/v2\/property_area?post=16798791"}],"curies":[{"name":"wp","href":"https:\/\/api.w.org\/{rel}","templated":true}]}}

<p>Die Agentur Asturias bietet ein Lokal im Herzen der Stadt an, an der Ecke des Paseo Begoña und der Calle Covadonga gelegen. Es ist aufgeteilt in einen offenen Bereich zur Hauptstraße hin und hat hinten einen weiteren Bereich mit zwei Toiletten sowie einem Keller zur Lagerung von Waren.Das Objekt verfügt über große Schaufenster mit insgesamt drei großen Fenstern.Vorher war es eine Konditorei; könnte jedoch für jede andere Art von Geschäft genutzt werden.Es gibt keine Abluftanlage vorhande.Situierte sich also einer stark frequentierten Fußgängerzone ?ideal um Ihre Tätigkeit zu beginnen.Wenn Sie den Besuch vereinbaren oder weitere Informationen benötigen,dann zögern Sie bitte nicht uns anzurufen.</p>

<p>Die Agentur Asturias bietet ein Lokal im Herzen der Stadt an, an der Ecke des Paseo Begoña und der Calle Covadonga gelegen. Es ist aufgeteilt in einen offenen Bereich zur Hauptstraße hin und hat hinten einen weiteren Bereich mit zwei Toiletten sowie einem Keller zur Lagerung von Waren.Das Objekt verfügt über große Schaufenster mit </p>

Gijón,Asturias

Gijón,Asturias,Spain

a:5:{i:0;a:2:{s:29:"fave_additional_feature_title";s:12:"Carpintería";s:29:"fave_additional_feature_value";s:0:"";}i:1;a:2:{s:29:"fave_additional_feature_title";s:21:"Carpintería exterior";s:29:"fave_additional_feature_value";s:0:"";}i:2;a:2:{s:29:"fave_additional_feature_title";s:6:"Estado";s:29:"fave_additional_feature_value";s:11:"Buen estado";}i:3;a:2:{s:29:"fave_additional_feature_title";s:6:"Vistas";s:29:"fave_additional_feature_value";s:0:"";}i:4;a:2:{s:29:"fave_additional_feature_title";s:11:"Orientacion";s:29:"fave_additional_feature_value";s:0:"";}}
