{"id":16798839,"date":"2015-07-14T00:00:00","date_gmt":"2015-07-14T00:00:00","guid":{"rendered":"https:\/\/agencia-asturias.com\/inmueble\/venta\/terreno-edificable\/asturias\/carreno\/26283\/"},"modified":"2015-07-14T00:00:00","modified_gmt":"2015-07-14T00:00:00","slug":"carreno-la-rebollada-26283","status":"publish","type":"property","link":"https:\/\/agencia-asturias.com\/de\/inmueble\/venta\/terreno-edificable\/asturias\/carreno\/26283\/","title":{"rendered":"Carre\u00f1o. La Rebollada &#8211; 26283"},"content":{"rendered":"<p>In Carre\u00f1o mit wundersch\u00f6nen Ausblicken ins Tal von Carre\u00f1o. Baugrundst\u00fcck mit der M\u00f6glichkeit zur Teilung zum Bau von zwei Wohnh\u00e4usern. Wasser und Strom am Fu\u00df des Grundst\u00fccks verf\u00fcgbar. Nur 10 Minuten von Gij\u00f3n entfernt.<br \/>Die \u00dcbertragungssteuer auf Immobilien sowie Notar- und Registrierungsgeb\u00fchren sind nicht im Preis enthalten.<\/p>\n","protected":false},"excerpt":{"rendered":"<p>In Carre\u00f1o mit wundersch\u00f6nen Ausblicken ins Tal von Carre\u00f1o. Baugrundst\u00fcck mit der M\u00f6glichkeit zur Teilung zum Bau von zwei Wohnh\u00e4usern. Wasser und Strom am Fu\u00df des Grundst\u00fccks verf\u00fcgbar. Nur 10 Minuten von Gij\u00f3n entfernt.~Die \u00dcbertragungssteuer auf Immobilien sowie Notar- und Registrierungsgeb\u00fchren sind nicht im Preis enthalten.<\/p>\n","protected":false},"author":1,"featured_media":16798840,"parent":0,"menu_order":0,"template":"","property_type":[791],"property_status":[720],"property_feature":[],"property_label":[],"property_state":[419],"property_city":[425],"property_area":[462],"class_list":["post-16798839","property","type-property","status-publish","has-post-thumbnail","hentry","property_type-bebaubares-grundstuck","property_status-verkauf","property_state-asturias","property_city-carreno","property_area-carreno"],"property_meta":{"fave_agent":["156"],"fave_agents":["156"],"fave_agent_display_option":["agent_info"],"property_agent":["156"],"custom_permalink":["inmueble\/venta\/terreno-edificable\/asturias\/carreno\/26283\/"],"_thumbnail_id":["16798840"],"post_id":["Array"],"original_author":["1"],"_edit_lock":["1604137107:1"],"_edit_last":["1"],"fave_property_map_street_view":["show"],"fave_payment_status":["not_paid"],"fave_single_top_area":["global"],"fave_single_content_area":["global"],"houzez_manual_expire":["0"],"fave_property_size_prefix":["m&sup2;"],"fave_property_map":["1"],"fave_additional_features_enable":["disable"],"fave_floor_plans_enable":["disable"],"fave_multiunit_plans_enable":["disable"],"fave_prop_homeslider":["no"],"fave_featured":["0"],"fave_property_address":["Carre\u00f1o,Asturias"],"fave_property_zip":["0"],"houzez_geolocation_lat":["43.55350903070537"],"houzez_geolocation_long":["-5.783936088220216"],"fave_property_location":["43.55350903070537,-5.783936088220216"],"fave_property_country":["ES"],"fave_property_map_address":["Carre\u00f1o,Asturias,Spain"],"fave_comunidadimporte":["0"],"fave_comunidadincluida":["0"],"fave_conservacion":["Ninguno"],"fave_orientacion":[""],"fave_carpinteriainterior":[""],"fave_carpinteriaexterior":[""],"fave_tiposuelo":[""],"fave_vistas":[""],"additional_features":["a:5:{i:0;a:2:{s:29:\"fave_additional_feature_title\";s:12:\"Carpinter\u00eda\";s:29:\"fave_additional_feature_value\";s:0:\"\";}i:1;a:2:{s:29:\"fave_additional_feature_title\";s:21:\"Carpinter\u00eda exterior\";s:29:\"fave_additional_feature_value\";s:0:\"\";}i:2;a:2:{s:29:\"fave_additional_feature_title\";s:6:\"Estado\";s:29:\"fave_additional_feature_value\";s:7:\"Ninguno\";}i:3;a:2:{s:29:\"fave_additional_feature_title\";s:6:\"Vistas\";s:29:\"fave_additional_feature_value\";s:0:\"\";}i:4;a:2:{s:29:\"fave_additional_feature_title\";s:11:\"Orientacion\";s:29:\"fave_additional_feature_value\";s:0:\"\";}}"],"referencia":["26283"],"fave_property_id":["26283"],"fave_property_bedrooms":["0"],"fave_property_bathrooms":["0"],"fave_property_garage":[""],"fave_property_land":["4646"],"ave_property_land_postfix":["m&sup2;"],"fave_property_size":["0"],"fave_property_year":["0"],"fave_energy_global_index":["0 kWh\/m&sup2; \/0 Kg CO2\/m&sup2;"],"fave_energy_class":["N"],"estate_attr_energy_class":["Tramitando..."],"REAL_HOMES_property_emisiones":["0"],"REAL_HOMES_property_consumo":["0"],"REAL_HOMES_property_letra":["N"],"estate_video":[""],"fave_virtual_tour":[""],"vendidoInmueble":[""],"fave_property_price":["65000"],"fave_property_price_postfix":[""],"fave_property_images":["16798840","16798841","16798842","16798843","16798844"],"houzez_total_property_views":["4"],"houzez_views_by_date":["a:1:{s:10:\"04-29-2026\";i:4;}"],"houzez_recently_viewed":["2026-04-29 17:05:34"]},"_links":{"self":[{"href":"https:\/\/agencia-asturias.com\/de\/wp-json\/wp\/v2\/properties\/16798839","targetHints":{"allow":["GET"]}}],"collection":[{"href":"https:\/\/agencia-asturias.com\/de\/wp-json\/wp\/v2\/properties"}],"about":[{"href":"https:\/\/agencia-asturias.com\/de\/wp-json\/wp\/v2\/types\/property"}],"author":[{"embeddable":true,"href":"https:\/\/agencia-asturias.com\/de\/wp-json\/wp\/v2\/users\/1"}],"version-history":[{"count":0,"href":"https:\/\/agencia-asturias.com\/de\/wp-json\/wp\/v2\/properties\/16798839\/revisions"}],"wp:featuredmedia":[{"embeddable":true,"href":"https:\/\/agencia-asturias.com\/de\/wp-json\/wp\/v2\/media\/16798840"}],"wp:attachment":[{"href":"https:\/\/agencia-asturias.com\/de\/wp-json\/wp\/v2\/media?parent=16798839"}],"wp:term":[{"taxonomy":"property_type","embeddable":true,"href":"https:\/\/agencia-asturias.com\/de\/wp-json\/wp\/v2\/property_type?post=16798839"},{"taxonomy":"property_status","embeddable":true,"href":"https:\/\/agencia-asturias.com\/de\/wp-json\/wp\/v2\/property_status?post=16798839"},{"taxonomy":"property_feature","embeddable":true,"href":"https:\/\/agencia-asturias.com\/de\/wp-json\/wp\/v2\/property_feature?post=16798839"},{"taxonomy":"property_label","embeddable":true,"href":"https:\/\/agencia-asturias.com\/de\/wp-json\/wp\/v2\/property_label?post=16798839"},{"taxonomy":"property_state","embeddable":true,"href":"https:\/\/agencia-asturias.com\/de\/wp-json\/wp\/v2\/property_state?post=16798839"},{"taxonomy":"property_city","embeddable":true,"href":"https:\/\/agencia-asturias.com\/de\/wp-json\/wp\/v2\/property_city?post=16798839"},{"taxonomy":"property_area","embeddable":true,"href":"https:\/\/agencia-asturias.com\/de\/wp-json\/wp\/v2\/property_area?post=16798839"}],"curies":[{"name":"wp","href":"https:\/\/api.w.org\/{rel}","templated":true}]}}

Carreño. La Rebollada &#8211; 26283

<p>In Carreño mit wunderschönen Ausblicken ins Tal von Carreño. Baugrundstück mit der Möglichkeit zur Teilung zum Bau von zwei Wohnhäusern. Wasser und Strom am Fuß des Grundstücks verfügbar. Nur 10 Minuten von Gijón entfernt.<br />Die Übertragungssteuer auf Immobilien sowie Notar- und Registrierungsgebühren sind nicht im Preis enthalten.</p>

<p>In Carreño mit wunderschönen Ausblicken ins Tal von Carreño. Baugrundstück mit der Möglichkeit zur Teilung zum Bau von zwei Wohnhäusern. Wasser und Strom am Fuß des Grundstücks verfügbar. Nur 10 Minuten von Gijón entfernt.~Die Übertragungssteuer auf Immobilien sowie Notar- und Registrierungsgebühren sind nicht im Preis enthalten.</p>

Carreño,Asturias

Carreño,Asturias,Spain

a:5:{i:0;a:2:{s:29:"fave_additional_feature_title";s:12:"Carpintería";s:29:"fave_additional_feature_value";s:0:"";}i:1;a:2:{s:29:"fave_additional_feature_title";s:21:"Carpintería exterior";s:29:"fave_additional_feature_value";s:0:"";}i:2;a:2:{s:29:"fave_additional_feature_title";s:6:"Estado";s:29:"fave_additional_feature_value";s:7:"Ninguno";}i:3;a:2:{s:29:"fave_additional_feature_title";s:6:"Vistas";s:29:"fave_additional_feature_value";s:0:"";}i:4;a:2:{s:29:"fave_additional_feature_title";s:11:"Orientacion";s:29:"fave_additional_feature_value";s:0:"";}}
