{"id":16798954,"date":"2016-04-18T00:00:00","date_gmt":"2016-04-18T00:00:00","guid":{"rendered":"https:\/\/agencia-asturias.com\/inmueble\/venta\/local-comercial\/asturias\/gijon\/25945\/"},"modified":"2016-04-18T00:00:00","modified_gmt":"2016-04-18T00:00:00","slug":"echte-gelegenheit-einkaufszentrum-la-calzada-wunderschoner-laden-25945","status":"publish","type":"property","link":"https:\/\/agencia-asturias.com\/de\/inmueble\/venta\/local-comercial\/asturias\/gijon\/25945\/","title":{"rendered":"Echte Gelegenheit, Einkaufszentrum La Calzada, wundersch\u00f6ner Laden &#8211; 25945"},"content":{"rendered":"<p>Im Carrefour-Einkaufszentrum von La Calzada bieten wir Ihnen einen wundersch\u00f6nen Laden mit einer Fl\u00e4che von 70 Quadratmetern an; vollst\u00e4ndig eingerichtet und in der besten Lage des Einkaufszentrums direkt gegen\u00fcber den Kassen und neben der Zentralregisterkasse gelegen. Der Preis ist hervorragend: In den insgesamt &euro;580 sind die Gemeinschaftskosten von &euro;266 enthalten. Je nach notwendigen Umbauarbeiten zur Anpassung an Ihre Gesch\u00e4ftsbed\u00fcrfnisse k\u00f6nnte auch eine mietfreie Phase von bis zu zwei Monaten verhandelt werden. Es besteht auch die M\u00f6glichkeit eines Verkaufs f\u00fcr &euro;75.000 . Die Grundst\u00fccks\u00fcbertragungssteuer sowie Notar- und Registrierungsgeb\u00fchren sind nicht im Preis enthalten.<\/p>\n","protected":false},"excerpt":{"rendered":"<p>Im Carrefour-Einkaufszentrum von La Calzada bieten wir Ihnen einen wundersch\u00f6nen Laden mit einer Fl\u00e4che von 70 Quadratmetern an; vollst\u00e4ndig eingerichtet und in der besten Lage des Einkaufszentrums direkt gegen\u00fcber den Kassen und neben der Zentralregisterkasse gelegen. Der Preis ist hervorragend: In den insgesamt &euro;580 sind die <\/p>\n","protected":false},"author":1,"featured_media":16798955,"parent":0,"menu_order":0,"template":"","property_type":[771],"property_status":[852],"property_feature":[],"property_label":[],"property_state":[419],"property_city":[420],"property_area":[423],"class_list":["post-16798954","property","type-property","status-publish","has-post-thumbnail","hentry","property_type-gewerbeimmobilie","property_status-vermietung","property_state-asturias","property_city-gijon","property_area-la-calzada"],"property_meta":{"fave_agent":["59313"],"fave_agents":["59313"],"fave_agent_display_option":["agent_info"],"property_agent":["59313"],"custom_permalink":["inmueble\/venta\/local-comercial\/asturias\/gijon\/25945\/"],"_thumbnail_id":["16798955"],"post_id":["Array"],"original_author":["1"],"_edit_lock":["1604137107:1"],"_edit_last":["1"],"fave_property_map_street_view":["show"],"fave_payment_status":["not_paid"],"fave_single_top_area":["global"],"fave_single_content_area":["global"],"houzez_manual_expire":["0"],"fave_property_size_prefix":["m&sup2;"],"fave_property_map":["1"],"fave_additional_features_enable":["disable"],"fave_floor_plans_enable":["disable"],"fave_multiunit_plans_enable":["disable"],"fave_prop_homeslider":["no"],"fave_featured":["0"],"fave_property_address":["Gij\u00f3n,Asturias"],"fave_property_zip":["33213"],"houzez_geolocation_lat":["43.53598770095859"],"houzez_geolocation_long":["-5.695622998194885"],"fave_property_location":["43.53598770095859,-5.695622998194885"],"fave_property_country":["ES"],"fave_property_map_address":["Gij\u00f3n,Asturias,Spain"],"fave_comunidadimporte":["266"],"fave_comunidadincluida":["0"],"fave_conservacion":["Buen estado"],"fave_orientacion":[""],"fave_carpinteriainterior":[""],"fave_carpinteriaexterior":[""],"fave_tiposuelo":[""],"fave_vistas":[""],"additional_features":["a:5:{i:0;a:2:{s:29:\"fave_additional_feature_title\";s:12:\"Carpinter\u00eda\";s:29:\"fave_additional_feature_value\";s:0:\"\";}i:1;a:2:{s:29:\"fave_additional_feature_title\";s:21:\"Carpinter\u00eda exterior\";s:29:\"fave_additional_feature_value\";s:0:\"\";}i:2;a:2:{s:29:\"fave_additional_feature_title\";s:6:\"Estado\";s:29:\"fave_additional_feature_value\";s:11:\"Buen estado\";}i:3;a:2:{s:29:\"fave_additional_feature_title\";s:6:\"Vistas\";s:29:\"fave_additional_feature_value\";s:0:\"\";}i:4;a:2:{s:29:\"fave_additional_feature_title\";s:11:\"Orientacion\";s:29:\"fave_additional_feature_value\";s:0:\"\";}}"],"referencia":["25945"],"fave_property_id":["25945"],"fave_property_bedrooms":["0"],"fave_property_bathrooms":["0"],"fave_property_garage":[""],"fave_property_land":["0"],"ave_property_land_postfix":["m&sup2;"],"fave_property_size":["75"],"fave_property_year":["0"],"fave_energy_global_index":["0 kWh\/m&sup2; \/0 Kg CO2\/m&sup2;"],"fave_energy_class":["N"],"estate_attr_energy_class":["Tramitando..."],"REAL_HOMES_property_emisiones":["0"],"REAL_HOMES_property_consumo":["0"],"REAL_HOMES_property_letra":["N"],"estate_video":[""],"fave_virtual_tour":[""],"vendidoInmueble":[""],"fave_property_price":["580"],"fave_property_price_postfix":["mes"],"fave_property_images":["16798955","16798956","16798957","16798958","16798959"],"houzez_total_property_views":["2"],"houzez_views_by_date":["a:1:{s:10:\"04-29-2026\";i:2;}"],"houzez_recently_viewed":["2026-04-29 13:12:46"]},"_links":{"self":[{"href":"https:\/\/agencia-asturias.com\/de\/wp-json\/wp\/v2\/properties\/16798954","targetHints":{"allow":["GET"]}}],"collection":[{"href":"https:\/\/agencia-asturias.com\/de\/wp-json\/wp\/v2\/properties"}],"about":[{"href":"https:\/\/agencia-asturias.com\/de\/wp-json\/wp\/v2\/types\/property"}],"author":[{"embeddable":true,"href":"https:\/\/agencia-asturias.com\/de\/wp-json\/wp\/v2\/users\/1"}],"version-history":[{"count":0,"href":"https:\/\/agencia-asturias.com\/de\/wp-json\/wp\/v2\/properties\/16798954\/revisions"}],"wp:featuredmedia":[{"embeddable":true,"href":"https:\/\/agencia-asturias.com\/de\/wp-json\/wp\/v2\/media\/16798955"}],"wp:attachment":[{"href":"https:\/\/agencia-asturias.com\/de\/wp-json\/wp\/v2\/media?parent=16798954"}],"wp:term":[{"taxonomy":"property_type","embeddable":true,"href":"https:\/\/agencia-asturias.com\/de\/wp-json\/wp\/v2\/property_type?post=16798954"},{"taxonomy":"property_status","embeddable":true,"href":"https:\/\/agencia-asturias.com\/de\/wp-json\/wp\/v2\/property_status?post=16798954"},{"taxonomy":"property_feature","embeddable":true,"href":"https:\/\/agencia-asturias.com\/de\/wp-json\/wp\/v2\/property_feature?post=16798954"},{"taxonomy":"property_label","embeddable":true,"href":"https:\/\/agencia-asturias.com\/de\/wp-json\/wp\/v2\/property_label?post=16798954"},{"taxonomy":"property_state","embeddable":true,"href":"https:\/\/agencia-asturias.com\/de\/wp-json\/wp\/v2\/property_state?post=16798954"},{"taxonomy":"property_city","embeddable":true,"href":"https:\/\/agencia-asturias.com\/de\/wp-json\/wp\/v2\/property_city?post=16798954"},{"taxonomy":"property_area","embeddable":true,"href":"https:\/\/agencia-asturias.com\/de\/wp-json\/wp\/v2\/property_area?post=16798954"}],"curies":[{"name":"wp","href":"https:\/\/api.w.org\/{rel}","templated":true}]}}

Echte Gelegenheit, Einkaufszentrum La Calzada, wunderschöner Laden &#8211; 25945

<p>Im Carrefour-Einkaufszentrum von La Calzada bieten wir Ihnen einen wunderschönen Laden mit einer Fläche von 70 Quadratmetern an; vollständig eingerichtet und in der besten Lage des Einkaufszentrums direkt gegenüber den Kassen und neben der Zentralregisterkasse gelegen. Der Preis ist hervorragend: In den insgesamt &euro;580 sind die Gemeinschaftskosten von &euro;266 enthalten. Je nach notwendigen Umbauarbeiten zur Anpassung an Ihre Geschäftsbedürfnisse könnte auch eine mietfreie Phase von bis zu zwei Monaten verhandelt werden. Es besteht auch die Möglichkeit eines Verkaufs für &euro;75.000 . Die Grundstücksübertragungssteuer sowie Notar- und Registrierungsgebühren sind nicht im Preis enthalten.</p>

<p>Im Carrefour-Einkaufszentrum von La Calzada bieten wir Ihnen einen wunderschönen Laden mit einer Fläche von 70 Quadratmetern an; vollständig eingerichtet und in der besten Lage des Einkaufszentrums direkt gegenüber den Kassen und neben der Zentralregisterkasse gelegen. Der Preis ist hervorragend: In den insgesamt &euro;580 sind die </p>

Gijón,Asturias

Gijón,Asturias,Spain

a:5:{i:0;a:2:{s:29:"fave_additional_feature_title";s:12:"Carpintería";s:29:"fave_additional_feature_value";s:0:"";}i:1;a:2:{s:29:"fave_additional_feature_title";s:21:"Carpintería exterior";s:29:"fave_additional_feature_value";s:0:"";}i:2;a:2:{s:29:"fave_additional_feature_title";s:6:"Estado";s:29:"fave_additional_feature_value";s:11:"Buen estado";}i:3;a:2:{s:29:"fave_additional_feature_title";s:6:"Vistas";s:29:"fave_additional_feature_value";s:0:"";}i:4;a:2:{s:29:"fave_additional_feature_title";s:11:"Orientacion";s:29:"fave_additional_feature_value";s:0:"";}}
