{"id":16799012,"date":"2023-11-18T12:16:02","date_gmt":"2023-11-18T12:16:02","guid":{"rendered":"https:\/\/agencia-asturias.com\/inmueble\/alquiler\/local-comercial\/asturias\/oviedo\/5814\/"},"modified":"2023-11-18T12:16:02","modified_gmt":"2023-11-18T12:16:02","slug":"65-m-lokal-in-la-eria-5814","status":"publish","type":"property","link":"https:\/\/agencia-asturias.com\/de\/inmueble\/alquiler\/local-comercial\/asturias\/oviedo\/5814\/","title":{"rendered":"65 m\u00b2 Lokal in La Er\u00eda &#8211; 5814"},"content":{"rendered":"<p>Im Bereich von La Er\u00eda und neben der Stra\u00dfe Fuertes Acevedo wird ein etwa 65 m\u00b2 gro\u00dfes Lokal zur Miete angeboten. Derzeit als Friseursalon eingerichtet, kann es jedoch f\u00fcr jeden Zweck genutzt werden. Es ist eine Gegend mit viel Fu\u00dfg\u00e4ngerverkehr, nahe dem Colegio e Instituto de La Er\u00cdA . Badezimmer mit Duschwanne und einem kleinen Lagerraum vorhanden. Besichtigen Sie es unverbindlich mit Agencia Asturias.<\/p>\n","protected":false},"excerpt":{"rendered":"<p>Im Bereich von La Er\u00eda und neben der Stra\u00dfe Fuertes Acevedo wird ein etwa 65 m\u00b2 gro\u00dfes Lokal zur Miete angeboten. Derzeit als Friseursalon eingerichtet, kann es jedoch f\u00fcr jeden Zweck genutzt werden. Es ist eine Gegend mit viel Fu\u00dfg\u00e4ngerverkehr, nahe dem Colegio e Instituto de La Er\u00cdA . Badezimmer mit Duschwanne und einem kleinen <\/p>\n","protected":false},"author":1,"featured_media":16799013,"parent":0,"menu_order":0,"template":"","property_type":[771],"property_status":[852],"property_feature":[],"property_label":[],"property_state":[419],"property_city":[470],"property_area":[474],"class_list":["post-16799012","property","type-property","status-publish","has-post-thumbnail","hentry","property_type-gewerbeimmobilie","property_status-vermietung","property_state-asturias","property_city-oviedo","property_area-la-eria"],"property_meta":{"fave_agent":["59317"],"fave_agents":["59317"],"fave_agent_display_option":["agent_info"],"property_agent":["59317"],"custom_permalink":["inmueble\/alquiler\/local-comercial\/asturias\/oviedo\/5814\/"],"_thumbnail_id":["16799013"],"post_id":["Array"],"original_author":["1"],"_edit_lock":["1604137107:1"],"_edit_last":["1"],"fave_property_map_street_view":["show"],"fave_payment_status":["not_paid"],"fave_single_top_area":["global"],"fave_single_content_area":["global"],"houzez_manual_expire":["0"],"fave_property_size_prefix":["m&sup2;"],"fave_property_map":["1"],"fave_additional_features_enable":["disable"],"fave_floor_plans_enable":["disable"],"fave_multiunit_plans_enable":["disable"],"fave_prop_homeslider":["no"],"fave_featured":["0"],"fave_property_address":["Oviedo,Asturias"],"fave_property_zip":[" "],"houzez_geolocation_lat":["43.361897"],"houzez_geolocation_long":["-5.8683143"],"fave_property_location":["43.361897,-5.8683143"],"fave_property_country":["ES"],"fave_property_map_address":["Oviedo,Asturias,Spain"],"fave_comunidadimporte":["0"],"fave_comunidadincluida":["0"],"fave_conservacion":["Buen estado"],"fave_orientacion":[""],"fave_carpinteriainterior":[""],"fave_carpinteriaexterior":[""],"fave_tiposuelo":[""],"fave_vistas":[""],"additional_features":["a:5:{i:0;a:2:{s:29:\"fave_additional_feature_title\";s:12:\"Carpinter\u00eda\";s:29:\"fave_additional_feature_value\";s:0:\"\";}i:1;a:2:{s:29:\"fave_additional_feature_title\";s:21:\"Carpinter\u00eda exterior\";s:29:\"fave_additional_feature_value\";s:0:\"\";}i:2;a:2:{s:29:\"fave_additional_feature_title\";s:6:\"Estado\";s:29:\"fave_additional_feature_value\";s:11:\"Buen estado\";}i:3;a:2:{s:29:\"fave_additional_feature_title\";s:6:\"Vistas\";s:29:\"fave_additional_feature_value\";s:0:\"\";}i:4;a:2:{s:29:\"fave_additional_feature_title\";s:11:\"Orientacion\";s:29:\"fave_additional_feature_value\";s:0:\"\";}}"],"referencia":["5814"],"fave_property_id":["5814"],"fave_property_bedrooms":["0"],"fave_property_bathrooms":["0"],"fave_property_garage":[""],"fave_property_land":["0"],"ave_property_land_postfix":["m&sup2;"],"fave_property_size":["65"],"fave_property_year":["0"],"fave_energy_global_index":["0 kWh\/m&sup2; \/0 Kg CO2\/m&sup2;"],"fave_energy_class":["N"],"estate_attr_energy_class":["Tramitando..."],"REAL_HOMES_property_emisiones":["0"],"REAL_HOMES_property_consumo":["0"],"REAL_HOMES_property_letra":["N"],"estate_video":[""],"fave_virtual_tour":[""],"vendidoInmueble":[""],"fave_property_price":["480"],"fave_property_price_postfix":["mes"],"fave_property_images":["16799013","16799014","16799015","16799016","16799017","16799018","16799019","16799020","16799021","16799022","16799023","16799024","16799025","16799026"],"houzez_total_property_views":["2"],"houzez_views_by_date":["a:1:{s:10:\"04-29-2026\";i:2;}"],"houzez_recently_viewed":["2026-04-29 10:13:46"]},"_links":{"self":[{"href":"https:\/\/agencia-asturias.com\/de\/wp-json\/wp\/v2\/properties\/16799012","targetHints":{"allow":["GET"]}}],"collection":[{"href":"https:\/\/agencia-asturias.com\/de\/wp-json\/wp\/v2\/properties"}],"about":[{"href":"https:\/\/agencia-asturias.com\/de\/wp-json\/wp\/v2\/types\/property"}],"author":[{"embeddable":true,"href":"https:\/\/agencia-asturias.com\/de\/wp-json\/wp\/v2\/users\/1"}],"version-history":[{"count":0,"href":"https:\/\/agencia-asturias.com\/de\/wp-json\/wp\/v2\/properties\/16799012\/revisions"}],"wp:featuredmedia":[{"embeddable":true,"href":"https:\/\/agencia-asturias.com\/de\/wp-json\/wp\/v2\/media\/16799013"}],"wp:attachment":[{"href":"https:\/\/agencia-asturias.com\/de\/wp-json\/wp\/v2\/media?parent=16799012"}],"wp:term":[{"taxonomy":"property_type","embeddable":true,"href":"https:\/\/agencia-asturias.com\/de\/wp-json\/wp\/v2\/property_type?post=16799012"},{"taxonomy":"property_status","embeddable":true,"href":"https:\/\/agencia-asturias.com\/de\/wp-json\/wp\/v2\/property_status?post=16799012"},{"taxonomy":"property_feature","embeddable":true,"href":"https:\/\/agencia-asturias.com\/de\/wp-json\/wp\/v2\/property_feature?post=16799012"},{"taxonomy":"property_label","embeddable":true,"href":"https:\/\/agencia-asturias.com\/de\/wp-json\/wp\/v2\/property_label?post=16799012"},{"taxonomy":"property_state","embeddable":true,"href":"https:\/\/agencia-asturias.com\/de\/wp-json\/wp\/v2\/property_state?post=16799012"},{"taxonomy":"property_city","embeddable":true,"href":"https:\/\/agencia-asturias.com\/de\/wp-json\/wp\/v2\/property_city?post=16799012"},{"taxonomy":"property_area","embeddable":true,"href":"https:\/\/agencia-asturias.com\/de\/wp-json\/wp\/v2\/property_area?post=16799012"}],"curies":[{"name":"wp","href":"https:\/\/api.w.org\/{rel}","templated":true}]}}

65 m² Lokal in La Ería &#8211; 5814

<p>Im Bereich von La Ería und neben der Straße Fuertes Acevedo wird ein etwa 65 m² großes Lokal zur Miete angeboten. Derzeit als Friseursalon eingerichtet, kann es jedoch für jeden Zweck genutzt werden. Es ist eine Gegend mit viel Fußgängerverkehr, nahe dem Colegio e Instituto de La ErÍA . Badezimmer mit Duschwanne und einem kleinen Lagerraum vorhanden. Besichtigen Sie es unverbindlich mit Agencia Asturias.</p>

<p>Im Bereich von La Ería und neben der Straße Fuertes Acevedo wird ein etwa 65 m² großes Lokal zur Miete angeboten. Derzeit als Friseursalon eingerichtet, kann es jedoch für jeden Zweck genutzt werden. Es ist eine Gegend mit viel Fußgängerverkehr, nahe dem Colegio e Instituto de La ErÍA . Badezimmer mit Duschwanne und einem kleinen </p>

a:5:{i:0;a:2:{s:29:"fave_additional_feature_title";s:12:"Carpintería";s:29:"fave_additional_feature_value";s:0:"";}i:1;a:2:{s:29:"fave_additional_feature_title";s:21:"Carpintería exterior";s:29:"fave_additional_feature_value";s:0:"";}i:2;a:2:{s:29:"fave_additional_feature_title";s:6:"Estado";s:29:"fave_additional_feature_value";s:11:"Buen estado";}i:3;a:2:{s:29:"fave_additional_feature_title";s:6:"Vistas";s:29:"fave_additional_feature_value";s:0:"";}i:4;a:2:{s:29:"fave_additional_feature_title";s:11:"Orientacion";s:29:"fave_additional_feature_value";s:0:"";}}
