{"id":16799099,"date":"2023-03-28T18:37:25","date_gmt":"2023-03-28T18:37:25","guid":{"rendered":"https:\/\/agencia-asturias.com\/inmueble\/alquiler\/nave-industrial\/asturias\/llanera\/7163\/"},"modified":"2023-03-28T18:37:25","modified_gmt":"2023-03-28T18:37:25","slug":"halle-in-silvota-7163","status":"publish","type":"property","link":"https:\/\/agencia-asturias.com\/de\/inmueble\/alquiler\/nave-industrial\/asturias\/llanera\/7163\/","title":{"rendered":"Halle in Silvota &#8211; 7163"},"content":{"rendered":"<p>Zu vermieten: 500 m2 Halle plus B\u00fcros. Es handelt sich um eine Eckimmobilie und es gibt B\u00fcros auf zwei Etagen. Im Erdgeschoss gibt es ein 25 m2 B\u00fcro mit einem Badezimmer und Duschen sowie einem kleinen Umkleideraum. Im ersten Stock befinden sich zwei sehr ger\u00e4umige B\u00fcros (eins mit ca. 20 m2 und das andere mit ca. 25 m2) und eine Toilette.<\/p>\n<p>Es gibt einen ausgewiesenen Bereich vor der Halle f\u00fcr Parkpl\u00e4tze.<\/p>\n","protected":false},"excerpt":{"rendered":"<p>Zu vermieten: 500 m2 Halle plus B\u00fcros. Es handelt sich um eine Eckimmobilie und es gibt B\u00fcros auf zwei Etagen. Im Erdgeschoss gibt es ein 25 m2 B\u00fcro mit einem Badezimmer und Duschen sowie einem kleinen Umkleideraum. Im ersten Stock befinden sich zwei sehr ger\u00e4umige B\u00fcros (eins mit ca. 20 m2 und das andere mit ca. 25 m2) und eine <\/p>\n","protected":false},"author":1,"featured_media":16799100,"parent":0,"menu_order":0,"template":"","property_type":[789],"property_status":[852],"property_feature":[],"property_label":[],"property_state":[419],"property_city":[482],"property_area":[499],"class_list":["post-16799099","property","type-property","status-publish","has-post-thumbnail","hentry","property_type-industriehalle","property_status-vermietung","property_state-asturias","property_city-llanera","property_area-llanera"],"property_meta":{"fave_agent":["59317"],"fave_agents":["59317"],"fave_agent_display_option":["agent_info"],"property_agent":["59317"],"custom_permalink":["inmueble\/alquiler\/nave-industrial\/asturias\/llanera\/7163\/"],"_thumbnail_id":["16799100"],"post_id":["Array"],"original_author":["1"],"_edit_lock":["1604137107:1"],"_edit_last":["1"],"fave_property_map_street_view":["show"],"fave_payment_status":["not_paid"],"fave_single_top_area":["global"],"fave_single_content_area":["global"],"houzez_manual_expire":["0"],"fave_property_size_prefix":["m&sup2;"],"fave_property_map":["1"],"fave_additional_features_enable":["disable"],"fave_floor_plans_enable":["disable"],"fave_multiunit_plans_enable":["disable"],"fave_prop_homeslider":["no"],"fave_featured":["0"],"fave_property_address":["Llanera,Asturias"],"fave_property_zip":["33192"],"houzez_geolocation_lat":["41.84275"],"houzez_geolocation_long":["1.4651253"],"fave_property_location":["41.84275,1.4651253"],"fave_property_country":["ES"],"fave_property_map_address":["Llanera,Asturias,Spain"],"fave_comunidadimporte":["196"],"fave_comunidadincluida":["1"],"fave_conservacion":["Buen estado"],"fave_orientacion":[""],"fave_carpinteriainterior":[""],"fave_carpinteriaexterior":[""],"fave_tiposuelo":[""],"fave_vistas":[""],"additional_features":["a:5:{i:0;a:2:{s:29:\"fave_additional_feature_title\";s:12:\"Carpinter\u00eda\";s:29:\"fave_additional_feature_value\";s:0:\"\";}i:1;a:2:{s:29:\"fave_additional_feature_title\";s:21:\"Carpinter\u00eda exterior\";s:29:\"fave_additional_feature_value\";s:0:\"\";}i:2;a:2:{s:29:\"fave_additional_feature_title\";s:6:\"Estado\";s:29:\"fave_additional_feature_value\";s:11:\"Buen estado\";}i:3;a:2:{s:29:\"fave_additional_feature_title\";s:6:\"Vistas\";s:29:\"fave_additional_feature_value\";s:0:\"\";}i:4;a:2:{s:29:\"fave_additional_feature_title\";s:11:\"Orientacion\";s:29:\"fave_additional_feature_value\";s:0:\"\";}}"],"referencia":["7163"],"fave_property_id":["7163"],"fave_property_bedrooms":["0"],"fave_property_bathrooms":["0"],"fave_property_garage":[""],"fave_property_land":["0"],"ave_property_land_postfix":["m&sup2;"],"fave_property_size":["545"],"fave_property_year":["0"],"fave_energy_global_index":["0 kWh\/m&sup2; \/0 Kg CO2\/m&sup2;"],"fave_energy_class":["N"],"estate_attr_energy_class":["Tramitando..."],"REAL_HOMES_property_emisiones":["0"],"REAL_HOMES_property_consumo":["0"],"REAL_HOMES_property_letra":["N"],"estate_video":[""],"fave_virtual_tour":[""],"vendidoInmueble":["Vendido"],"fave_property_price":["1450"],"fave_property_price_postfix":["mes"],"fave_property_images":["16799100","16799101","16799102","16799103"],"houzez_total_property_views":["2"],"houzez_views_by_date":["a:1:{s:10:\"04-29-2026\";i:2;}"],"houzez_recently_viewed":["2026-04-29 13:54:13"]},"_links":{"self":[{"href":"https:\/\/agencia-asturias.com\/de\/wp-json\/wp\/v2\/properties\/16799099","targetHints":{"allow":["GET"]}}],"collection":[{"href":"https:\/\/agencia-asturias.com\/de\/wp-json\/wp\/v2\/properties"}],"about":[{"href":"https:\/\/agencia-asturias.com\/de\/wp-json\/wp\/v2\/types\/property"}],"author":[{"embeddable":true,"href":"https:\/\/agencia-asturias.com\/de\/wp-json\/wp\/v2\/users\/1"}],"version-history":[{"count":0,"href":"https:\/\/agencia-asturias.com\/de\/wp-json\/wp\/v2\/properties\/16799099\/revisions"}],"wp:featuredmedia":[{"embeddable":true,"href":"https:\/\/agencia-asturias.com\/de\/wp-json\/wp\/v2\/media\/16799100"}],"wp:attachment":[{"href":"https:\/\/agencia-asturias.com\/de\/wp-json\/wp\/v2\/media?parent=16799099"}],"wp:term":[{"taxonomy":"property_type","embeddable":true,"href":"https:\/\/agencia-asturias.com\/de\/wp-json\/wp\/v2\/property_type?post=16799099"},{"taxonomy":"property_status","embeddable":true,"href":"https:\/\/agencia-asturias.com\/de\/wp-json\/wp\/v2\/property_status?post=16799099"},{"taxonomy":"property_feature","embeddable":true,"href":"https:\/\/agencia-asturias.com\/de\/wp-json\/wp\/v2\/property_feature?post=16799099"},{"taxonomy":"property_label","embeddable":true,"href":"https:\/\/agencia-asturias.com\/de\/wp-json\/wp\/v2\/property_label?post=16799099"},{"taxonomy":"property_state","embeddable":true,"href":"https:\/\/agencia-asturias.com\/de\/wp-json\/wp\/v2\/property_state?post=16799099"},{"taxonomy":"property_city","embeddable":true,"href":"https:\/\/agencia-asturias.com\/de\/wp-json\/wp\/v2\/property_city?post=16799099"},{"taxonomy":"property_area","embeddable":true,"href":"https:\/\/agencia-asturias.com\/de\/wp-json\/wp\/v2\/property_area?post=16799099"}],"curies":[{"name":"wp","href":"https:\/\/api.w.org\/{rel}","templated":true}]}}

<p>Zu vermieten: 500 m2 Halle plus Büros. Es handelt sich um eine Eckimmobilie und es gibt Büros auf zwei Etagen. Im Erdgeschoss gibt es ein 25 m2 Büro mit einem Badezimmer und Duschen sowie einem kleinen Umkleideraum. Im ersten Stock befinden sich zwei sehr geräumige Büros (eins mit ca. 20 m2 und das andere mit ca. 25 m2) und eine Toilette.</p>
<p>Es gibt einen ausgewiesenen Bereich vor der Halle für Parkplätze.</p>

<p>Zu vermieten: 500 m2 Halle plus Büros. Es handelt sich um eine Eckimmobilie und es gibt Büros auf zwei Etagen. Im Erdgeschoss gibt es ein 25 m2 Büro mit einem Badezimmer und Duschen sowie einem kleinen Umkleideraum. Im ersten Stock befinden sich zwei sehr geräumige Büros (eins mit ca. 20 m2 und das andere mit ca. 25 m2) und eine </p>

a:5:{i:0;a:2:{s:29:"fave_additional_feature_title";s:12:"Carpintería";s:29:"fave_additional_feature_value";s:0:"";}i:1;a:2:{s:29:"fave_additional_feature_title";s:21:"Carpintería exterior";s:29:"fave_additional_feature_value";s:0:"";}i:2;a:2:{s:29:"fave_additional_feature_title";s:6:"Estado";s:29:"fave_additional_feature_value";s:11:"Buen estado";}i:3;a:2:{s:29:"fave_additional_feature_title";s:6:"Vistas";s:29:"fave_additional_feature_value";s:0:"";}i:4;a:2:{s:29:"fave_additional_feature_title";s:11:"Orientacion";s:29:"fave_additional_feature_value";s:0:"";}}
