{"id":16799368,"date":"2017-01-17T19:10:54","date_gmt":"2017-01-17T19:10:54","guid":{"rendered":"https:\/\/agencia-asturias.com\/inmueble\/venta\/nave-industrial\/asturias\/llanera\/00386\/"},"modified":"2017-01-17T19:10:54","modified_gmt":"2017-01-17T19:10:54","slug":"industriepark-von-asipo-00386","status":"publish","type":"property","link":"https:\/\/agencia-asturias.com\/de\/inmueble\/venta\/nave-industrial\/asturias\/llanera\/00386\/","title":{"rendered":"Industriepark von Asipo &#8211; 00386"},"content":{"rendered":"<p>In einem der zentralen Industriegebiete von Asturien steht eine Lagerhalle mit B\u00fcros zum Verkauf bereit. Es verteilt sich im Erdgeschoss auf einen Lagerbereich &#8211; Halle mit einer Fl\u00e4che von 325,39 m\u00b2 und zwei Zugangst\u00fcren zu zwei Stra\u00dfen sowie zwei Lagerr\u00e4ume und ein Badezimmer mit Dusche und Umkleideraum . Es gibt einen oberen Zwischengeschoss-Bereich f\u00fcr B\u00fcros mit einer Gr\u00f6\u00dfe von insgesamt XNUMXm\u00b2 . Im ersten Stock befindet sich ein offener B\u00fcroraum zusammen mit einer Toilette \u00fcber eine Gesamtfl\u00e4che von XXmvX.XY . Zum Verkauf ; \u00dcbertragungssteuer , Notar- &#038; Registrierungsgeb\u00fchren sind nicht im Preis enthalten.<\/p>\n","protected":false},"excerpt":{"rendered":"<p>In einem der zentralen Industriegebiete von Asturien steht eine Lagerhalle mit B\u00fcros zum Verkauf bereit. Es verteilt sich im Erdgeschoss auf einen Lagerbereich &#8211; Halle mit einer Fl\u00e4che von 325,39 m\u00b2 und zwei Zugangst\u00fcren zu zwei Stra\u00dfen sowie zwei Lagerr\u00e4ume und ein Badezimmer mit Dusche und Umkleideraum . Es gibt einen oberen <\/p>\n","protected":false},"author":1,"featured_media":16799369,"parent":0,"menu_order":0,"template":"","property_type":[789],"property_status":[852],"property_feature":[],"property_label":[],"property_state":[419],"property_city":[482],"property_area":[483],"class_list":["post-16799368","property","type-property","status-publish","has-post-thumbnail","hentry","property_type-industriehalle","property_status-vermietung","property_state-asturias","property_city-llanera","property_area-asipo"],"property_meta":{"fave_agent":["59289"],"fave_agents":["59289"],"fave_agent_display_option":["agent_info"],"property_agent":["59289"],"custom_permalink":["inmueble\/venta\/nave-industrial\/asturias\/llanera\/00386\/"],"_thumbnail_id":["16799369"],"post_id":["Array"],"original_author":["1"],"_edit_lock":["1604137107:1"],"_edit_last":["1"],"fave_property_map_street_view":["show"],"fave_payment_status":["not_paid"],"fave_single_top_area":["global"],"fave_single_content_area":["global"],"houzez_manual_expire":["0"],"fave_property_size_prefix":["m&sup2;"],"fave_property_map":["1"],"fave_additional_features_enable":["disable"],"fave_floor_plans_enable":["disable"],"fave_multiunit_plans_enable":["disable"],"fave_prop_homeslider":["no"],"fave_featured":["0"],"fave_property_address":["Llanera,Asturias"],"fave_property_zip":[""],"houzez_geolocation_lat":["43.426806244535584"],"houzez_geolocation_long":["-5.833396911621094"],"fave_property_location":["43.426806244535584,-5.833396911621094"],"fave_property_country":["ES"],"fave_property_map_address":["Llanera,Asturias,Spain"],"fave_comunidadimporte":["0"],"fave_comunidadincluida":["0"],"fave_conservacion":["Ninguno"],"fave_orientacion":[""],"fave_carpinteriainterior":[""],"fave_carpinteriaexterior":[""],"fave_tiposuelo":[""],"fave_vistas":[""],"additional_features":["a:5:{i:0;a:2:{s:29:\"fave_additional_feature_title\";s:12:\"Carpinter\u00eda\";s:29:\"fave_additional_feature_value\";s:0:\"\";}i:1;a:2:{s:29:\"fave_additional_feature_title\";s:21:\"Carpinter\u00eda exterior\";s:29:\"fave_additional_feature_value\";s:0:\"\";}i:2;a:2:{s:29:\"fave_additional_feature_title\";s:6:\"Estado\";s:29:\"fave_additional_feature_value\";s:7:\"Ninguno\";}i:3;a:2:{s:29:\"fave_additional_feature_title\";s:6:\"Vistas\";s:29:\"fave_additional_feature_value\";s:0:\"\";}i:4;a:2:{s:29:\"fave_additional_feature_title\";s:11:\"Orientacion\";s:29:\"fave_additional_feature_value\";s:0:\"\";}}"],"referencia":["00386"],"fave_property_id":["00386"],"fave_property_bedrooms":["0"],"fave_property_bathrooms":["3"],"fave_property_garage":[""],"fave_property_land":["0"],"ave_property_land_postfix":["m&sup2;"],"fave_property_size":["501"],"fave_property_year":["0"],"fave_energy_global_index":["0 kWh\/m&sup2; \/0 Kg CO2\/m&sup2;"],"fave_energy_class":["N"],"estate_attr_energy_class":["Tramitando..."],"REAL_HOMES_property_emisiones":["0"],"REAL_HOMES_property_consumo":["0"],"REAL_HOMES_property_letra":["N"],"estate_video":[""],"fave_virtual_tour":[""],"vendidoInmueble":[""],"fave_property_price":["1250"],"fave_property_price_postfix":["mes"],"fave_property_images":["16799369","16799370","16799371","16799372","16799373","16799374","16799375","16799376","16799377","16799378","16799379","16799380","16799381"],"houzez_total_property_views":["1"],"houzez_views_by_date":["a:1:{s:10:\"04-29-2026\";i:1;}"],"houzez_recently_viewed":["2026-04-29 15:19:32"]},"_links":{"self":[{"href":"https:\/\/agencia-asturias.com\/de\/wp-json\/wp\/v2\/properties\/16799368","targetHints":{"allow":["GET"]}}],"collection":[{"href":"https:\/\/agencia-asturias.com\/de\/wp-json\/wp\/v2\/properties"}],"about":[{"href":"https:\/\/agencia-asturias.com\/de\/wp-json\/wp\/v2\/types\/property"}],"author":[{"embeddable":true,"href":"https:\/\/agencia-asturias.com\/de\/wp-json\/wp\/v2\/users\/1"}],"version-history":[{"count":0,"href":"https:\/\/agencia-asturias.com\/de\/wp-json\/wp\/v2\/properties\/16799368\/revisions"}],"wp:featuredmedia":[{"embeddable":true,"href":"https:\/\/agencia-asturias.com\/de\/wp-json\/wp\/v2\/media\/16799369"}],"wp:attachment":[{"href":"https:\/\/agencia-asturias.com\/de\/wp-json\/wp\/v2\/media?parent=16799368"}],"wp:term":[{"taxonomy":"property_type","embeddable":true,"href":"https:\/\/agencia-asturias.com\/de\/wp-json\/wp\/v2\/property_type?post=16799368"},{"taxonomy":"property_status","embeddable":true,"href":"https:\/\/agencia-asturias.com\/de\/wp-json\/wp\/v2\/property_status?post=16799368"},{"taxonomy":"property_feature","embeddable":true,"href":"https:\/\/agencia-asturias.com\/de\/wp-json\/wp\/v2\/property_feature?post=16799368"},{"taxonomy":"property_label","embeddable":true,"href":"https:\/\/agencia-asturias.com\/de\/wp-json\/wp\/v2\/property_label?post=16799368"},{"taxonomy":"property_state","embeddable":true,"href":"https:\/\/agencia-asturias.com\/de\/wp-json\/wp\/v2\/property_state?post=16799368"},{"taxonomy":"property_city","embeddable":true,"href":"https:\/\/agencia-asturias.com\/de\/wp-json\/wp\/v2\/property_city?post=16799368"},{"taxonomy":"property_area","embeddable":true,"href":"https:\/\/agencia-asturias.com\/de\/wp-json\/wp\/v2\/property_area?post=16799368"}],"curies":[{"name":"wp","href":"https:\/\/api.w.org\/{rel}","templated":true}]}}

<p>In einem der zentralen Industriegebiete von Asturien steht eine Lagerhalle mit Büros zum Verkauf bereit. Es verteilt sich im Erdgeschoss auf einen Lagerbereich &#8211; Halle mit einer Fläche von 325,39 m² und zwei Zugangstüren zu zwei Straßen sowie zwei Lagerräume und ein Badezimmer mit Dusche und Umkleideraum . Es gibt einen oberen Zwischengeschoss-Bereich für Büros mit einer Größe von insgesamt XNUMXm² . Im ersten Stock befindet sich ein offener Büroraum zusammen mit einer Toilette über eine Gesamtfläche von XXmvX.XY . Zum Verkauf ; Übertragungssteuer , Notar- &#038; Registrierungsgebühren sind nicht im Preis enthalten.</p>

<p>In einem der zentralen Industriegebiete von Asturien steht eine Lagerhalle mit Büros zum Verkauf bereit. Es verteilt sich im Erdgeschoss auf einen Lagerbereich &#8211; Halle mit einer Fläche von 325,39 m² und zwei Zugangstüren zu zwei Straßen sowie zwei Lagerräume und ein Badezimmer mit Dusche und Umkleideraum . Es gibt einen oberen </p>

a:5:{i:0;a:2:{s:29:"fave_additional_feature_title";s:12:"Carpintería";s:29:"fave_additional_feature_value";s:0:"";}i:1;a:2:{s:29:"fave_additional_feature_title";s:21:"Carpintería exterior";s:29:"fave_additional_feature_value";s:0:"";}i:2;a:2:{s:29:"fave_additional_feature_title";s:6:"Estado";s:29:"fave_additional_feature_value";s:7:"Ninguno";}i:3;a:2:{s:29:"fave_additional_feature_title";s:6:"Vistas";s:29:"fave_additional_feature_value";s:0:"";}i:4;a:2:{s:29:"fave_additional_feature_title";s:11:"Orientacion";s:29:"fave_additional_feature_value";s:0:"";}}
