{"id":16799398,"date":"2018-08-21T16:25:00","date_gmt":"2018-08-21T16:25:00","guid":{"rendered":"https:\/\/agencia-asturias.com\/inmueble\/alquiler\/local-comercial\/asturias\/gijon\/00552\/"},"modified":"2018-08-21T16:25:00","modified_gmt":"2018-08-21T16:25:00","slug":"sehr-kommerziell-00552","status":"publish","type":"property","link":"https:\/\/agencia-asturias.com\/de\/inmueble\/alquiler\/local-comercial\/asturias\/gijon\/00552\/","title":{"rendered":"Sehr kommerziell &#8211; 00552"},"content":{"rendered":"<p>Gewerbliche R\u00e4ume im Stadtzentrum von Gij\u00f3n mit einer Fl\u00e4che von 8 m\u00b2 und einem Badezimmer; die Immobilie ist in gutem Zustand und nach Osten ausgerichtet. Fliesenboden. Zus\u00e4tzliche Merkmale: Busse , zentrale Lage , Einkaufszentren , medizinische Zentren , Parks , hochfrequentierte Gegend .<\/p>\n<p>Miete : &euro;400 pro Monat inklusive Nebenkosten.<\/p>\n","protected":false},"excerpt":{"rendered":"<p>Gewerbliche R\u00e4ume im Stadtzentrum von Gij\u00f3n mit einer Fl\u00e4che von 8 m\u00b2 und einem Badezimmer; die Immobilie ist in gutem Zustand und nach Osten ausgerichtet. Fliesenboden. Zus\u00e4tzliche Merkmale: Busse , zentrale Lage , Einkaufszentren , medizinische Zentren , Parks , hochfrequentierte Gegend .~~Miete : &euro;400 pro Monat inklusive <\/p>\n","protected":false},"author":1,"featured_media":16799399,"parent":0,"menu_order":0,"template":"","property_type":[771],"property_status":[852],"property_feature":[858],"property_label":[],"property_state":[419],"property_city":[420],"property_area":[421],"class_list":["post-16799398","property","type-property","status-publish","has-post-thumbnail","hentry","property_type-gewerbeimmobilie","property_status-vermietung","property_feature-komplett-auenliegend","property_state-asturias","property_city-gijon","property_area-centro"],"property_meta":{"fave_agent":["59308"],"fave_agents":["59308"],"fave_agent_display_option":["agent_info"],"property_agent":["59308"],"custom_permalink":["inmueble\/alquiler\/local-comercial\/asturias\/gijon\/00552\/"],"_thumbnail_id":["16799399"],"post_id":["Array"],"original_author":["1"],"_edit_lock":["1604137107:1"],"_edit_last":["1"],"fave_property_map_street_view":["show"],"fave_payment_status":["not_paid"],"fave_single_top_area":["global"],"fave_single_content_area":["global"],"houzez_manual_expire":["0"],"fave_property_size_prefix":["m&sup2;"],"fave_property_map":["1"],"fave_additional_features_enable":["disable"],"fave_floor_plans_enable":["disable"],"fave_multiunit_plans_enable":["disable"],"fave_prop_homeslider":["no"],"fave_featured":["0"],"fave_property_address":["Gij\u00f3n,Asturias"],"fave_property_zip":["33206"],"houzez_geolocation_lat":["43.5392792"],"houzez_geolocation_long":["-5.663489400000003"],"fave_property_location":["43.5392792,-5.663489400000003"],"fave_property_country":["ES"],"fave_property_map_address":["Gij\u00f3n,Asturias,Spain"],"fave_comunidadimporte":["0"],"fave_comunidadincluida":["1"],"fave_conservacion":["Buen estado"],"fave_orientacion":["Este"],"fave_carpinteriainterior":[""],"fave_carpinteriaexterior":[""],"fave_tiposuelo":[""],"fave_vistas":[""],"additional_features":["a:5:{i:0;a:2:{s:29:\"fave_additional_feature_title\";s:12:\"Carpinter\u00eda\";s:29:\"fave_additional_feature_value\";s:0:\"\";}i:1;a:2:{s:29:\"fave_additional_feature_title\";s:21:\"Carpinter\u00eda exterior\";s:29:\"fave_additional_feature_value\";s:0:\"\";}i:2;a:2:{s:29:\"fave_additional_feature_title\";s:6:\"Estado\";s:29:\"fave_additional_feature_value\";s:11:\"Buen estado\";}i:3;a:2:{s:29:\"fave_additional_feature_title\";s:6:\"Vistas\";s:29:\"fave_additional_feature_value\";s:0:\"\";}i:4;a:2:{s:29:\"fave_additional_feature_title\";s:11:\"Orientacion\";s:29:\"fave_additional_feature_value\";s:4:\"Este\";}}"],"referencia":["00552"],"fave_property_id":["00552"],"fave_property_bedrooms":["0"],"fave_property_bathrooms":["1"],"fave_property_garage":[""],"fave_property_land":["0"],"ave_property_land_postfix":["m&sup2;"],"fave_property_size":["8"],"fave_property_year":["1980"],"fave_energy_global_index":["0 kWh\/m&sup2; \/0 Kg CO2\/m&sup2;"],"fave_energy_class":["N"],"estate_attr_energy_class":["Tramitando..."],"REAL_HOMES_property_emisiones":["0"],"REAL_HOMES_property_consumo":["0"],"REAL_HOMES_property_letra":["N"],"estate_video":[""],"fave_virtual_tour":[""],"vendidoInmueble":[""],"fave_property_price":["450"],"fave_property_price_postfix":["mes"],"fave_property_images":["16799399","16799400","16799401","16799402"],"houzez_total_property_views":["1"],"houzez_views_by_date":["a:1:{s:10:\"04-29-2026\";i:1;}"],"houzez_recently_viewed":["2026-04-29 13:18:01"]},"_links":{"self":[{"href":"https:\/\/agencia-asturias.com\/de\/wp-json\/wp\/v2\/properties\/16799398","targetHints":{"allow":["GET"]}}],"collection":[{"href":"https:\/\/agencia-asturias.com\/de\/wp-json\/wp\/v2\/properties"}],"about":[{"href":"https:\/\/agencia-asturias.com\/de\/wp-json\/wp\/v2\/types\/property"}],"author":[{"embeddable":true,"href":"https:\/\/agencia-asturias.com\/de\/wp-json\/wp\/v2\/users\/1"}],"version-history":[{"count":0,"href":"https:\/\/agencia-asturias.com\/de\/wp-json\/wp\/v2\/properties\/16799398\/revisions"}],"wp:featuredmedia":[{"embeddable":true,"href":"https:\/\/agencia-asturias.com\/de\/wp-json\/wp\/v2\/media\/16799399"}],"wp:attachment":[{"href":"https:\/\/agencia-asturias.com\/de\/wp-json\/wp\/v2\/media?parent=16799398"}],"wp:term":[{"taxonomy":"property_type","embeddable":true,"href":"https:\/\/agencia-asturias.com\/de\/wp-json\/wp\/v2\/property_type?post=16799398"},{"taxonomy":"property_status","embeddable":true,"href":"https:\/\/agencia-asturias.com\/de\/wp-json\/wp\/v2\/property_status?post=16799398"},{"taxonomy":"property_feature","embeddable":true,"href":"https:\/\/agencia-asturias.com\/de\/wp-json\/wp\/v2\/property_feature?post=16799398"},{"taxonomy":"property_label","embeddable":true,"href":"https:\/\/agencia-asturias.com\/de\/wp-json\/wp\/v2\/property_label?post=16799398"},{"taxonomy":"property_state","embeddable":true,"href":"https:\/\/agencia-asturias.com\/de\/wp-json\/wp\/v2\/property_state?post=16799398"},{"taxonomy":"property_city","embeddable":true,"href":"https:\/\/agencia-asturias.com\/de\/wp-json\/wp\/v2\/property_city?post=16799398"},{"taxonomy":"property_area","embeddable":true,"href":"https:\/\/agencia-asturias.com\/de\/wp-json\/wp\/v2\/property_area?post=16799398"}],"curies":[{"name":"wp","href":"https:\/\/api.w.org\/{rel}","templated":true}]}}

<p>Gewerbliche Räume im Stadtzentrum von Gijón mit einer Fläche von 8 m² und einem Badezimmer; die Immobilie ist in gutem Zustand und nach Osten ausgerichtet. Fliesenboden. Zusätzliche Merkmale: Busse , zentrale Lage , Einkaufszentren , medizinische Zentren , Parks , hochfrequentierte Gegend .</p>
<p>Miete : &euro;400 pro Monat inklusive Nebenkosten.</p>

<p>Gewerbliche Räume im Stadtzentrum von Gijón mit einer Fläche von 8 m² und einem Badezimmer; die Immobilie ist in gutem Zustand und nach Osten ausgerichtet. Fliesenboden. Zusätzliche Merkmale: Busse , zentrale Lage , Einkaufszentren , medizinische Zentren , Parks , hochfrequentierte Gegend .~~Miete : &euro;400 pro Monat inklusive </p>

Gijón,Asturias

Gijón,Asturias,Spain

a:5:{i:0;a:2:{s:29:"fave_additional_feature_title";s:12:"Carpintería";s:29:"fave_additional_feature_value";s:0:"";}i:1;a:2:{s:29:"fave_additional_feature_title";s:21:"Carpintería exterior";s:29:"fave_additional_feature_value";s:0:"";}i:2;a:2:{s:29:"fave_additional_feature_title";s:6:"Estado";s:29:"fave_additional_feature_value";s:11:"Buen estado";}i:3;a:2:{s:29:"fave_additional_feature_title";s:6:"Vistas";s:29:"fave_additional_feature_value";s:0:"";}i:4;a:2:{s:29:"fave_additional_feature_title";s:11:"Orientacion";s:29:"fave_additional_feature_value";s:4:"Este";}}
