{"id":16799695,"date":"2019-03-06T18:11:58","date_gmt":"2019-03-06T18:11:58","guid":{"rendered":"https:\/\/agencia-asturias.com\/inmueble\/venta\/local-comercial\/asturias\/gijon\/02059\/"},"modified":"2019-03-06T18:11:58","modified_gmt":"2019-03-06T18:11:58","slug":"lokale-gastronomie-in-el-llano-02059","status":"publish","type":"property","link":"https:\/\/agencia-asturias.com\/de\/inmueble\/venta\/local-comercial\/asturias\/gijon\/02059\/","title":{"rendered":"Lokale Gastronomie in El Llano &#8211; 02059"},"content":{"rendered":"<p>In der Calle C\u00e9an Bermudez neben der Calle San Jos\u00e9 befindet sich ein Lokal als Bar eingerichtet. Bruttorentabilit\u00e4t \u00fcber 7 %. K\u00fcchenbereich und zwei WCs vorhanden. Theke und etwas Mobiliar inklusiv.Haustechnische Installation neu.Der Erwerb des angrenzenden Lokals mit insgesamt mehr als120 Quadratmetern f\u00fcr119000&euro; m\u00f6glich.Stempelsteuerund Notar- sowie Registrierungsgeb\u00fchren sind im Preis nicht enthalten.<\/p>\n","protected":false},"excerpt":{"rendered":"<p>In der Calle C\u00e9an Bermudez neben der Calle San Jos\u00e9 befindet sich ein Lokal als Bar eingerichtet. Bruttorentabilit\u00e4t \u00fcber 7 %. K\u00fcchenbereich und zwei WCs vorhanden. Theke und etwas Mobiliar inklusiv.Haustechnische Installation neu.Der Erwerb des angrenzenden Lokals mit insgesamt mehr als120 Quadratmetern f\u00fcr119000&euro; m\u00f6glich.<\/p>\n","protected":false},"author":1,"featured_media":16799696,"parent":0,"menu_order":0,"template":"","property_type":[771],"property_status":[720],"property_feature":[855,858],"property_label":[],"property_state":[419],"property_city":[420],"property_area":[435],"class_list":["post-16799695","property","type-property","status-publish","has-post-thumbnail","hentry","property_type-gewerbeimmobilie","property_status-verkauf","property_feature-elektrogerte","property_feature-komplett-auenliegend","property_state-asturias","property_city-gijon","property_area-el-llano"],"property_meta":{"fave_agent":["156"],"fave_agents":["156"],"fave_agent_display_option":["agent_info"],"property_agent":["156"],"custom_permalink":["inmueble\/venta\/local-comercial\/asturias\/gijon\/02059\/"],"_thumbnail_id":["16799696"],"post_id":["Array"],"original_author":["1"],"_edit_lock":["1604137107:1"],"_edit_last":["1"],"fave_property_map_street_view":["show"],"fave_payment_status":["not_paid"],"fave_single_top_area":["global"],"fave_single_content_area":["global"],"houzez_manual_expire":["0"],"fave_property_size_prefix":["m&sup2;"],"fave_property_map":["1"],"fave_additional_features_enable":["disable"],"fave_floor_plans_enable":["disable"],"fave_multiunit_plans_enable":["disable"],"fave_prop_homeslider":["no"],"fave_featured":["0"],"fave_property_address":["Gij\u00f3n,Asturias"],"fave_property_zip":["33209"],"houzez_geolocation_lat":["43.5340596601209"],"houzez_geolocation_long":["-5.66214511583297"],"fave_property_location":["43.5340596601209,-5.66214511583297"],"fave_property_country":["ES"],"fave_property_map_address":["Gij\u00f3n,Asturias,Spain"],"fave_comunidadimporte":["0"],"fave_comunidadincluida":["0"],"fave_conservacion":["Buen estado"],"fave_orientacion":["Sur"],"fave_carpinteriainterior":[""],"fave_carpinteriaexterior":[""],"fave_tiposuelo":[""],"fave_vistas":[""],"additional_features":["a:5:{i:0;a:2:{s:29:\"fave_additional_feature_title\";s:12:\"Carpinter\u00eda\";s:29:\"fave_additional_feature_value\";s:0:\"\";}i:1;a:2:{s:29:\"fave_additional_feature_title\";s:21:\"Carpinter\u00eda exterior\";s:29:\"fave_additional_feature_value\";s:0:\"\";}i:2;a:2:{s:29:\"fave_additional_feature_title\";s:6:\"Estado\";s:29:\"fave_additional_feature_value\";s:11:\"Buen estado\";}i:3;a:2:{s:29:\"fave_additional_feature_title\";s:6:\"Vistas\";s:29:\"fave_additional_feature_value\";s:0:\"\";}i:4;a:2:{s:29:\"fave_additional_feature_title\";s:11:\"Orientacion\";s:29:\"fave_additional_feature_value\";s:3:\"Sur\";}}"],"referencia":["02059"],"fave_property_id":["02059"],"fave_property_bedrooms":["0"],"fave_property_bathrooms":["0"],"fave_property_garage":[""],"fave_property_land":["0"],"ave_property_land_postfix":["m&sup2;"],"fave_property_size":["83"],"fave_property_year":["1969"],"fave_energy_global_index":["0 kWh\/m&sup2; \/0 Kg CO2\/m&sup2;"],"fave_energy_class":["N"],"estate_attr_energy_class":["Tramitando..."],"REAL_HOMES_property_emisiones":["0"],"REAL_HOMES_property_consumo":["0"],"REAL_HOMES_property_letra":["N"],"estate_video":[""],"fave_virtual_tour":[""],"vendidoInmueble":[""],"fave_property_price":["66000"],"fave_property_price_postfix":[""],"fave_property_images":["16799696","16799697","16799698","16799699","16799700","16799701","16799702","16799703","16799704","16799705","16799706"],"houzez_total_property_views":["2"],"houzez_views_by_date":["a:1:{s:10:\"04-29-2026\";i:2;}"],"houzez_recently_viewed":["2026-04-29 13:44:29"]},"_links":{"self":[{"href":"https:\/\/agencia-asturias.com\/de\/wp-json\/wp\/v2\/properties\/16799695","targetHints":{"allow":["GET"]}}],"collection":[{"href":"https:\/\/agencia-asturias.com\/de\/wp-json\/wp\/v2\/properties"}],"about":[{"href":"https:\/\/agencia-asturias.com\/de\/wp-json\/wp\/v2\/types\/property"}],"author":[{"embeddable":true,"href":"https:\/\/agencia-asturias.com\/de\/wp-json\/wp\/v2\/users\/1"}],"version-history":[{"count":0,"href":"https:\/\/agencia-asturias.com\/de\/wp-json\/wp\/v2\/properties\/16799695\/revisions"}],"wp:featuredmedia":[{"embeddable":true,"href":"https:\/\/agencia-asturias.com\/de\/wp-json\/wp\/v2\/media\/16799696"}],"wp:attachment":[{"href":"https:\/\/agencia-asturias.com\/de\/wp-json\/wp\/v2\/media?parent=16799695"}],"wp:term":[{"taxonomy":"property_type","embeddable":true,"href":"https:\/\/agencia-asturias.com\/de\/wp-json\/wp\/v2\/property_type?post=16799695"},{"taxonomy":"property_status","embeddable":true,"href":"https:\/\/agencia-asturias.com\/de\/wp-json\/wp\/v2\/property_status?post=16799695"},{"taxonomy":"property_feature","embeddable":true,"href":"https:\/\/agencia-asturias.com\/de\/wp-json\/wp\/v2\/property_feature?post=16799695"},{"taxonomy":"property_label","embeddable":true,"href":"https:\/\/agencia-asturias.com\/de\/wp-json\/wp\/v2\/property_label?post=16799695"},{"taxonomy":"property_state","embeddable":true,"href":"https:\/\/agencia-asturias.com\/de\/wp-json\/wp\/v2\/property_state?post=16799695"},{"taxonomy":"property_city","embeddable":true,"href":"https:\/\/agencia-asturias.com\/de\/wp-json\/wp\/v2\/property_city?post=16799695"},{"taxonomy":"property_area","embeddable":true,"href":"https:\/\/agencia-asturias.com\/de\/wp-json\/wp\/v2\/property_area?post=16799695"}],"curies":[{"name":"wp","href":"https:\/\/api.w.org\/{rel}","templated":true}]}}

<p>In der Calle Céan Bermudez neben der Calle San José befindet sich ein Lokal als Bar eingerichtet. Bruttorentabilität über 7 %. Küchenbereich und zwei WCs vorhanden. Theke und etwas Mobiliar inklusiv.Haustechnische Installation neu.Der Erwerb des angrenzenden Lokals mit insgesamt mehr als120 Quadratmetern für119000&euro; möglich.Stempelsteuerund Notar- sowie Registrierungsgebühren sind im Preis nicht enthalten.</p>

<p>In der Calle Céan Bermudez neben der Calle San José befindet sich ein Lokal als Bar eingerichtet. Bruttorentabilität über 7 %. Küchenbereich und zwei WCs vorhanden. Theke und etwas Mobiliar inklusiv.Haustechnische Installation neu.Der Erwerb des angrenzenden Lokals mit insgesamt mehr als120 Quadratmetern für119000&euro; möglich.</p>

Gijón,Asturias

Gijón,Asturias,Spain

a:5:{i:0;a:2:{s:29:"fave_additional_feature_title";s:12:"Carpintería";s:29:"fave_additional_feature_value";s:0:"";}i:1;a:2:{s:29:"fave_additional_feature_title";s:21:"Carpintería exterior";s:29:"fave_additional_feature_value";s:0:"";}i:2;a:2:{s:29:"fave_additional_feature_title";s:6:"Estado";s:29:"fave_additional_feature_value";s:11:"Buen estado";}i:3;a:2:{s:29:"fave_additional_feature_title";s:6:"Vistas";s:29:"fave_additional_feature_value";s:0:"";}i:4;a:2:{s:29:"fave_additional_feature_title";s:11:"Orientacion";s:29:"fave_additional_feature_value";s:3:"Sur";}}
