{"id":16799738,"date":"2025-05-08T10:55:00","date_gmt":"2025-05-08T10:55:00","guid":{"rendered":"https:\/\/agencia-asturias.com\/inmueble\/venta\/piso\/asturias\/oviedo\/02119\/"},"modified":"2025-05-08T10:55:00","modified_gmt":"2025-05-08T10:55:00","slug":"wiesenbereich-02119","status":"publish","type":"property","link":"https:\/\/agencia-asturias.com\/de\/inmueble\/venta\/piso\/asturias\/oviedo\/02119\/","title":{"rendered":"Wiesenbereich &#8211; 02119"},"content":{"rendered":"<p>GUTE INVESTITIONSM\u00d6GLICHKEIT. Wohnung zum Verkauf im Bereich des neuen Krankenhauses. Alles au\u00dfen?<br \/>Ger\u00e4umiges Wohn-Esszimmer, m\u00f6blierte und ausgestattete K\u00fcche mit W\u00e4schetrockner-Bereich? Eingebaute Schr\u00e4nke verteilt? Parkettb\u00f6den und Keramikfliesen in der K\u00fcche und den B\u00e4dern?<br \/>gestartet ? hat gemeinschaftliche Kinderbereiche , Garagenplatz und Abstellraum .<br \/>eigene st\u00e4dtische Gasanlagen f\u00fcr Wasserheizung? Heizanlage ?Derzeit vermietet an sehr gute Mieter . bereit zu ziehen ein <br \/>betriebssteuer Geb\u00fchren sowie Notarkosten sind nicht im Preis enthalten.<\/p>\n","protected":false},"excerpt":{"rendered":"<p>GUTE INVESTITIONSM\u00d6GLICHKEIT. Wohnung zum Verkauf im Bereich des neuen Krankenhauses. Alles au\u00dfen?~Ger\u00e4umiges Wohn-Esszimmer, m\u00f6blierte und ausgestattete K\u00fcche mit W\u00e4schetrockner-Bereich? Eingebaute Schr\u00e4nke verteilt? Parkettb\u00f6den und Keramikfliesen in der K\u00fcche und den B\u00e4dern?~gestartet ? hat gemeinschaftliche Kinderbereiche , <\/p>\n","protected":false},"author":1,"featured_media":16799739,"parent":0,"menu_order":0,"template":"","property_type":[779],"property_status":[720],"property_feature":[722,726,855,724,858,860,856],"property_label":[],"property_state":[419],"property_city":[470],"property_area":[480],"class_list":["post-16799738","property","type-property","status-publish","has-post-thumbnail","hentry","property_type-wohnung","property_status-verkauf","property_feature-abstellraum","property_feature-elektrogerte","property_feature-heizung","property_feature-komplett-auenliegend","property_feature-mbel","property_feature-stadtgas","property_state-asturias","property_city-oviedo","property_area-los-prados"],"property_meta":{"fave_agent":["59289"],"fave_agents":["59289"],"fave_agent_display_option":["agent_info"],"property_agent":["59289"],"custom_permalink":["inmueble\/venta\/piso\/asturias\/oviedo\/02119\/"],"_thumbnail_id":["16799739"],"post_id":["Array"],"original_author":["1"],"_edit_lock":["1604137107:1"],"_edit_last":["1"],"fave_property_map_street_view":["show"],"fave_payment_status":["not_paid"],"fave_single_top_area":["global"],"fave_single_content_area":["global"],"houzez_manual_expire":["0"],"fave_property_size_prefix":["m&sup2;"],"fave_property_map":["1"],"fave_additional_features_enable":["disable"],"fave_floor_plans_enable":["disable"],"fave_multiunit_plans_enable":["disable"],"fave_prop_homeslider":["no"],"fave_featured":["0"],"fave_property_address":["Oviedo,Asturias"],"fave_property_zip":["33011"],"houzez_geolocation_lat":["43.37415793895484"],"houzez_geolocation_long":["-5.832714976701204"],"fave_property_location":["43.37415793895484,-5.832714976701204"],"fave_property_country":["ES"],"fave_property_map_address":["Oviedo,Asturias,Spain"],"fave_comunidadimporte":["1"],"fave_comunidadincluida":["0"],"fave_conservacion":["Buen estado"],"fave_orientacion":["Norte"],"fave_carpinteriainterior":["Madera"],"fave_carpinteriaexterior":[""],"fave_tiposuelo":[""],"fave_vistas":[""],"additional_features":["a:5:{i:0;a:2:{s:29:\"fave_additional_feature_title\";s:12:\"Carpinter\u00eda\";s:29:\"fave_additional_feature_value\";s:6:\"Madera\";}i:1;a:2:{s:29:\"fave_additional_feature_title\";s:21:\"Carpinter\u00eda exterior\";s:29:\"fave_additional_feature_value\";s:0:\"\";}i:2;a:2:{s:29:\"fave_additional_feature_title\";s:6:\"Estado\";s:29:\"fave_additional_feature_value\";s:11:\"Buen estado\";}i:3;a:2:{s:29:\"fave_additional_feature_title\";s:6:\"Vistas\";s:29:\"fave_additional_feature_value\";s:0:\"\";}i:4;a:2:{s:29:\"fave_additional_feature_title\";s:11:\"Orientacion\";s:29:\"fave_additional_feature_value\";s:5:\"Norte\";}}"],"referencia":["02119"],"fave_property_id":["02119"],"fave_property_bedrooms":["3"],"fave_property_bathrooms":["2"],"fave_property_garage":["2"],"fave_property_land":["0"],"ave_property_land_postfix":["m&sup2;"],"fave_property_size":["96"],"fave_property_year":["2005"],"fave_energy_global_index":["153.2 kWh\/m&sup2; \/32.4 Kg CO2\/m&sup2;"],"fave_energy_class":["E"],"estate_attr_energy_class":["E"],"REAL_HOMES_property_emisiones":["32.4"],"REAL_HOMES_property_consumo":["153.2"],"REAL_HOMES_property_letra":["E"],"estate_video":[""],"fave_virtual_tour":[""],"vendidoInmueble":[""],"fave_property_price":["221000"],"fave_property_price_postfix":[""],"fave_property_images":["16799739","16799740","16799741","16799742","16799743","16799744","16799745","16799746","16799747","16799748","16799749","16799750","16799751","16799752","16799753","16799754","16799755","16799756","16799757","16799758","16799759","16799760","16799761","16799762","16799763","16799764","16799765","16799766","16799767"],"houzez_total_property_views":["2"],"houzez_views_by_date":["a:1:{s:10:\"04-29-2026\";i:2;}"],"houzez_recently_viewed":["2026-04-29 12:11:19"]},"_links":{"self":[{"href":"https:\/\/agencia-asturias.com\/de\/wp-json\/wp\/v2\/properties\/16799738","targetHints":{"allow":["GET"]}}],"collection":[{"href":"https:\/\/agencia-asturias.com\/de\/wp-json\/wp\/v2\/properties"}],"about":[{"href":"https:\/\/agencia-asturias.com\/de\/wp-json\/wp\/v2\/types\/property"}],"author":[{"embeddable":true,"href":"https:\/\/agencia-asturias.com\/de\/wp-json\/wp\/v2\/users\/1"}],"version-history":[{"count":0,"href":"https:\/\/agencia-asturias.com\/de\/wp-json\/wp\/v2\/properties\/16799738\/revisions"}],"wp:featuredmedia":[{"embeddable":true,"href":"https:\/\/agencia-asturias.com\/de\/wp-json\/wp\/v2\/media\/16799739"}],"wp:attachment":[{"href":"https:\/\/agencia-asturias.com\/de\/wp-json\/wp\/v2\/media?parent=16799738"}],"wp:term":[{"taxonomy":"property_type","embeddable":true,"href":"https:\/\/agencia-asturias.com\/de\/wp-json\/wp\/v2\/property_type?post=16799738"},{"taxonomy":"property_status","embeddable":true,"href":"https:\/\/agencia-asturias.com\/de\/wp-json\/wp\/v2\/property_status?post=16799738"},{"taxonomy":"property_feature","embeddable":true,"href":"https:\/\/agencia-asturias.com\/de\/wp-json\/wp\/v2\/property_feature?post=16799738"},{"taxonomy":"property_label","embeddable":true,"href":"https:\/\/agencia-asturias.com\/de\/wp-json\/wp\/v2\/property_label?post=16799738"},{"taxonomy":"property_state","embeddable":true,"href":"https:\/\/agencia-asturias.com\/de\/wp-json\/wp\/v2\/property_state?post=16799738"},{"taxonomy":"property_city","embeddable":true,"href":"https:\/\/agencia-asturias.com\/de\/wp-json\/wp\/v2\/property_city?post=16799738"},{"taxonomy":"property_area","embeddable":true,"href":"https:\/\/agencia-asturias.com\/de\/wp-json\/wp\/v2\/property_area?post=16799738"}],"curies":[{"name":"wp","href":"https:\/\/api.w.org\/{rel}","templated":true}]}}

<p>GUTE INVESTITIONSMÖGLICHKEIT. Wohnung zum Verkauf im Bereich des neuen Krankenhauses. Alles außen?<br />Geräumiges Wohn-Esszimmer, möblierte und ausgestattete Küche mit Wäschetrockner-Bereich? Eingebaute Schränke verteilt? Parkettböden und Keramikfliesen in der Küche und den Bädern?<br />gestartet ? hat gemeinschaftliche Kinderbereiche , Garagenplatz und Abstellraum .<br />eigene städtische Gasanlagen für Wasserheizung? Heizanlage ?Derzeit vermietet an sehr gute Mieter . bereit zu ziehen ein <br />betriebssteuer Gebühren sowie Notarkosten sind nicht im Preis enthalten.</p>

<p>GUTE INVESTITIONSMÖGLICHKEIT. Wohnung zum Verkauf im Bereich des neuen Krankenhauses. Alles außen?~Geräumiges Wohn-Esszimmer, möblierte und ausgestattete Küche mit Wäschetrockner-Bereich? Eingebaute Schränke verteilt? Parkettböden und Keramikfliesen in der Küche und den Bädern?~gestartet ? hat gemeinschaftliche Kinderbereiche , </p>

a:5:{i:0;a:2:{s:29:"fave_additional_feature_title";s:12:"Carpintería";s:29:"fave_additional_feature_value";s:6:"Madera";}i:1;a:2:{s:29:"fave_additional_feature_title";s:21:"Carpintería exterior";s:29:"fave_additional_feature_value";s:0:"";}i:2;a:2:{s:29:"fave_additional_feature_title";s:6:"Estado";s:29:"fave_additional_feature_value";s:11:"Buen estado";}i:3;a:2:{s:29:"fave_additional_feature_title";s:6:"Vistas";s:29:"fave_additional_feature_value";s:0:"";}i:4;a:2:{s:29:"fave_additional_feature_title";s:11:"Orientacion";s:29:"fave_additional_feature_value";s:5:"Norte";}}
