{"id":16799829,"date":"2019-09-05T10:55:00","date_gmt":"2019-09-05T10:55:00","guid":{"rendered":"https:\/\/agencia-asturias.com\/inmueble\/venta\/local-comercial\/asturias\/gijon\/02482\/"},"modified":"2019-09-05T10:55:00","modified_gmt":"2019-09-05T10:55:00","slug":"gut-ausgestattetes-lokal-ideal-fur-kurzwaren-02482","status":"publish","type":"property","link":"https:\/\/agencia-asturias.com\/de\/inmueble\/venta\/local-comercial\/asturias\/gijon\/02482\/","title":{"rendered":"Gut Ausgestattetes Lokal, Ideal f\u00fcr Kurzwaren &#8211; 02482"},"content":{"rendered":"<p>In der Stra\u00dfe Enrique Mart\u00ednez haben Sie ein sehr gut ausgestattetes Lokal f\u00fcr Kurzwaren oder \u00e4hnliche Gesch\u00e4fte zur Verf\u00fcgung, das auch f\u00fcr jede andere Branche genutzt werden kann. Es kann zudem mit einem anderen Lokal von 60 m\u00b2 kombiniert werden. Die \u00dcbertragungssteuer und die Geb\u00fchren des Notars sowie der Registrierung sind nicht im Preis enthalten.<\/p>\n","protected":false},"excerpt":{"rendered":"<p>In der Stra\u00dfe Enrique Mart\u00ednez haben Sie ein sehr gut ausgestattetes Lokal f\u00fcr Kurzwaren oder \u00e4hnliche Gesch\u00e4fte zur Verf\u00fcgung, das auch f\u00fcr jede andere Branche genutzt werden kann. Es kann zudem mit einem anderen Lokal von 60 m\u00b2 kombiniert werden. Die \u00dcbertragungssteuer und die Geb\u00fchren des Notars sowie der Registrierung sind <\/p>\n","protected":false},"author":1,"featured_media":16799830,"parent":0,"menu_order":0,"template":"","property_type":[771],"property_status":[852],"property_feature":[],"property_label":[],"property_state":[419],"property_city":[420],"property_area":[421],"class_list":["post-16799829","property","type-property","status-publish","has-post-thumbnail","hentry","property_type-gewerbeimmobilie","property_status-vermietung","property_state-asturias","property_city-gijon","property_area-centro"],"property_meta":{"fave_agent":["59304"],"fave_agents":["59304"],"fave_agent_display_option":["agent_info"],"property_agent":["59304"],"custom_permalink":["inmueble\/venta\/local-comercial\/asturias\/gijon\/02482\/"],"_thumbnail_id":["16799830"],"post_id":["Array"],"original_author":["1"],"_edit_lock":["1604137107:1"],"_edit_last":["1"],"fave_property_map_street_view":["show"],"fave_payment_status":["not_paid"],"fave_single_top_area":["global"],"fave_single_content_area":["global"],"houzez_manual_expire":["0"],"fave_property_size_prefix":["m&sup2;"],"fave_property_map":["1"],"fave_additional_features_enable":["disable"],"fave_floor_plans_enable":["disable"],"fave_multiunit_plans_enable":["disable"],"fave_prop_homeslider":["no"],"fave_featured":["0"],"fave_property_address":["Gij\u00f3n,Asturias"],"fave_property_zip":["33204"],"houzez_geolocation_lat":["43.5365557682471"],"houzez_geolocation_long":["-5.652798550059433"],"fave_property_location":["43.5365557682471,-5.652798550059433"],"fave_property_country":["ES"],"fave_property_map_address":["Gij\u00f3n,Asturias,Spain"],"fave_comunidadimporte":["0"],"fave_comunidadincluida":["0"],"fave_conservacion":["Buen estado"],"fave_orientacion":[""],"fave_carpinteriainterior":[""],"fave_carpinteriaexterior":[""],"fave_tiposuelo":[""],"fave_vistas":[""],"additional_features":["a:5:{i:0;a:2:{s:29:\"fave_additional_feature_title\";s:12:\"Carpinter\u00eda\";s:29:\"fave_additional_feature_value\";s:0:\"\";}i:1;a:2:{s:29:\"fave_additional_feature_title\";s:21:\"Carpinter\u00eda exterior\";s:29:\"fave_additional_feature_value\";s:0:\"\";}i:2;a:2:{s:29:\"fave_additional_feature_title\";s:6:\"Estado\";s:29:\"fave_additional_feature_value\";s:11:\"Buen estado\";}i:3;a:2:{s:29:\"fave_additional_feature_title\";s:6:\"Vistas\";s:29:\"fave_additional_feature_value\";s:0:\"\";}i:4;a:2:{s:29:\"fave_additional_feature_title\";s:11:\"Orientacion\";s:29:\"fave_additional_feature_value\";s:0:\"\";}}"],"referencia":["02482"],"fave_property_id":["02482"],"fave_property_bedrooms":["0"],"fave_property_bathrooms":["0"],"fave_property_garage":[""],"fave_property_land":["0"],"ave_property_land_postfix":["m&sup2;"],"fave_property_size":["40"],"fave_property_year":["1982"],"fave_energy_global_index":["206 kWh\/m&sup2; \/41 Kg CO2\/m&sup2;"],"fave_energy_class":["D"],"estate_attr_energy_class":["D"],"REAL_HOMES_property_emisiones":["41"],"REAL_HOMES_property_consumo":["206"],"REAL_HOMES_property_letra":["D"],"estate_video":[""],"fave_virtual_tour":[""],"vendidoInmueble":[""],"fave_property_price":["350"],"fave_property_price_postfix":["mes"],"fave_property_images":["16799830","16799831","16799832","16799833","16799834","16799835","16799836","16799837","16799838","16799839"],"houzez_total_property_views":["3"],"houzez_views_by_date":["a:1:{s:10:\"04-29-2026\";i:3;}"],"houzez_recently_viewed":["2026-04-29 15:43:19"]},"_links":{"self":[{"href":"https:\/\/agencia-asturias.com\/de\/wp-json\/wp\/v2\/properties\/16799829","targetHints":{"allow":["GET"]}}],"collection":[{"href":"https:\/\/agencia-asturias.com\/de\/wp-json\/wp\/v2\/properties"}],"about":[{"href":"https:\/\/agencia-asturias.com\/de\/wp-json\/wp\/v2\/types\/property"}],"author":[{"embeddable":true,"href":"https:\/\/agencia-asturias.com\/de\/wp-json\/wp\/v2\/users\/1"}],"version-history":[{"count":0,"href":"https:\/\/agencia-asturias.com\/de\/wp-json\/wp\/v2\/properties\/16799829\/revisions"}],"wp:featuredmedia":[{"embeddable":true,"href":"https:\/\/agencia-asturias.com\/de\/wp-json\/wp\/v2\/media\/16799830"}],"wp:attachment":[{"href":"https:\/\/agencia-asturias.com\/de\/wp-json\/wp\/v2\/media?parent=16799829"}],"wp:term":[{"taxonomy":"property_type","embeddable":true,"href":"https:\/\/agencia-asturias.com\/de\/wp-json\/wp\/v2\/property_type?post=16799829"},{"taxonomy":"property_status","embeddable":true,"href":"https:\/\/agencia-asturias.com\/de\/wp-json\/wp\/v2\/property_status?post=16799829"},{"taxonomy":"property_feature","embeddable":true,"href":"https:\/\/agencia-asturias.com\/de\/wp-json\/wp\/v2\/property_feature?post=16799829"},{"taxonomy":"property_label","embeddable":true,"href":"https:\/\/agencia-asturias.com\/de\/wp-json\/wp\/v2\/property_label?post=16799829"},{"taxonomy":"property_state","embeddable":true,"href":"https:\/\/agencia-asturias.com\/de\/wp-json\/wp\/v2\/property_state?post=16799829"},{"taxonomy":"property_city","embeddable":true,"href":"https:\/\/agencia-asturias.com\/de\/wp-json\/wp\/v2\/property_city?post=16799829"},{"taxonomy":"property_area","embeddable":true,"href":"https:\/\/agencia-asturias.com\/de\/wp-json\/wp\/v2\/property_area?post=16799829"}],"curies":[{"name":"wp","href":"https:\/\/api.w.org\/{rel}","templated":true}]}}

Gut Ausgestattetes Lokal, Ideal für Kurzwaren &#8211; 02482

<p>In der Straße Enrique Martínez haben Sie ein sehr gut ausgestattetes Lokal für Kurzwaren oder ähnliche Geschäfte zur Verfügung, das auch für jede andere Branche genutzt werden kann. Es kann zudem mit einem anderen Lokal von 60 m² kombiniert werden. Die Übertragungssteuer und die Gebühren des Notars sowie der Registrierung sind nicht im Preis enthalten.</p>

<p>In der Straße Enrique Martínez haben Sie ein sehr gut ausgestattetes Lokal für Kurzwaren oder ähnliche Geschäfte zur Verfügung, das auch für jede andere Branche genutzt werden kann. Es kann zudem mit einem anderen Lokal von 60 m² kombiniert werden. Die Übertragungssteuer und die Gebühren des Notars sowie der Registrierung sind </p>

Gijón,Asturias

Gijón,Asturias,Spain

a:5:{i:0;a:2:{s:29:"fave_additional_feature_title";s:12:"Carpintería";s:29:"fave_additional_feature_value";s:0:"";}i:1;a:2:{s:29:"fave_additional_feature_title";s:21:"Carpintería exterior";s:29:"fave_additional_feature_value";s:0:"";}i:2;a:2:{s:29:"fave_additional_feature_title";s:6:"Estado";s:29:"fave_additional_feature_value";s:11:"Buen estado";}i:3;a:2:{s:29:"fave_additional_feature_title";s:6:"Vistas";s:29:"fave_additional_feature_value";s:0:"";}i:4;a:2:{s:29:"fave_additional_feature_title";s:11:"Orientacion";s:29:"fave_additional_feature_value";s:0:"";}}
