{"id":16800088,"date":"2020-06-25T19:14:41","date_gmt":"2020-06-25T19:14:41","guid":{"rendered":"https:\/\/agencia-asturias.com\/inmueble\/venta\/terreno-edificable\/asturias\/villaviciosa\/02971\/"},"modified":"2020-06-25T19:14:41","modified_gmt":"2020-06-25T19:14:41","slug":"bebaubares-grundstuck-zum-verkauf-in-las-ranas-02971","status":"publish","type":"property","link":"https:\/\/agencia-asturias.com\/de\/inmueble\/venta\/terreno-edificable\/asturias\/villaviciosa\/02971\/","title":{"rendered":"Bebaubares Grundst\u00fcck zum Verkauf in Las Ranas &#8211; 02971"},"content":{"rendered":"<p>Zum Verkauf in Las Ranas, nur 300 Meter von der Haltestelle der Linie Gij\u00f3n-Villaviciosa entfernt sowie von Apotheke und Gesch\u00e4ft? Praktisch eben und gut ausgerichtet mit Wasser- und Stromanschl\u00fcssen am Fu\u00dfweg. F\u00fcr Parzellen von etwas mehr als 2000 Quadratmetern mit einer Bebauungsm\u00f6glichkeit bis zu insgesamt350 Quadratmetern auf zwei Etagen \u00e0 je150Quadratmeter . Rundum freie Sicht f\u00fcr360Grad . Kontaktieren Sie uns.<br \/>Die Grunderwerbsteuer sowie Notar- und Grundbuchgeb\u00fchren sind im Preis nicht enthalten.<\/p>\n","protected":false},"excerpt":{"rendered":"<p>Zum Verkauf in Las Ranas, nur 300 Meter von der Haltestelle der Linie Gij\u00f3n-Villaviciosa entfernt sowie von Apotheke und Gesch\u00e4ft? Praktisch eben und gut ausgerichtet mit Wasser- und Stromanschl\u00fcssen am Fu\u00dfweg. F\u00fcr Parzellen von etwas mehr als 2000 Quadratmetern mit einer Bebauungsm\u00f6glichkeit bis zu insgesamt350 Quadratmetern auf zwei <\/p>\n","protected":false},"author":1,"featured_media":16800089,"parent":0,"menu_order":0,"template":"","property_type":[791],"property_status":[720],"property_feature":[],"property_label":[],"property_state":[419],"property_city":[438],"property_area":[527],"class_list":["post-16800088","property","type-property","status-publish","has-post-thumbnail","hentry","property_type-bebaubares-grundstuck","property_status-verkauf","property_state-asturias","property_city-villaviciosa","property_area-venta-las-ranas"],"property_meta":{"fave_agent":["156"],"fave_agents":["156"],"fave_agent_display_option":["agent_info"],"property_agent":["156"],"custom_permalink":["inmueble\/venta\/terreno-edificable\/asturias\/villaviciosa\/02971\/"],"_thumbnail_id":["16800089"],"post_id":["Array"],"original_author":["1"],"_edit_lock":["1604137107:1"],"_edit_last":["1"],"fave_property_map_street_view":["show"],"fave_payment_status":["not_paid"],"fave_single_top_area":["global"],"fave_single_content_area":["global"],"houzez_manual_expire":["0"],"fave_property_size_prefix":["m&sup2;"],"fave_property_map":["1"],"fave_additional_features_enable":["disable"],"fave_floor_plans_enable":["disable"],"fave_multiunit_plans_enable":["disable"],"fave_prop_homeslider":["no"],"fave_featured":["0"],"fave_property_address":["Villaviciosa,Asturias"],"fave_property_zip":["33314"],"houzez_geolocation_lat":["43.5116745945669"],"houzez_geolocation_long":["-5.50591331261428"],"fave_property_location":["43.5116745945669,-5.50591331261428"],"fave_property_country":["ES"],"fave_property_map_address":["Villaviciosa,Asturias,Spain"],"fave_comunidadimporte":["0"],"fave_comunidadincluida":["0"],"fave_conservacion":["Ninguno"],"fave_orientacion":["Norte Sur"],"fave_carpinteriainterior":[""],"fave_carpinteriaexterior":[""],"fave_tiposuelo":[""],"fave_vistas":[""],"additional_features":["a:5:{i:0;a:2:{s:29:\"fave_additional_feature_title\";s:12:\"Carpinter\u00eda\";s:29:\"fave_additional_feature_value\";s:0:\"\";}i:1;a:2:{s:29:\"fave_additional_feature_title\";s:21:\"Carpinter\u00eda exterior\";s:29:\"fave_additional_feature_value\";s:0:\"\";}i:2;a:2:{s:29:\"fave_additional_feature_title\";s:6:\"Estado\";s:29:\"fave_additional_feature_value\";s:7:\"Ninguno\";}i:3;a:2:{s:29:\"fave_additional_feature_title\";s:6:\"Vistas\";s:29:\"fave_additional_feature_value\";s:0:\"\";}i:4;a:2:{s:29:\"fave_additional_feature_title\";s:11:\"Orientacion\";s:29:\"fave_additional_feature_value\";s:9:\"Norte Sur\";}}"],"referencia":["02971"],"fave_property_id":["02971"],"fave_property_bedrooms":["0"],"fave_property_bathrooms":["0"],"fave_property_garage":[""],"fave_property_land":["6200"],"ave_property_land_postfix":["m&sup2;"],"fave_property_size":["0"],"fave_property_year":["0"],"fave_energy_global_index":["0 kWh\/m&sup2; \/0 Kg CO2\/m&sup2;"],"fave_energy_class":["N"],"estate_attr_energy_class":["Tramitando..."],"REAL_HOMES_property_emisiones":["0"],"REAL_HOMES_property_consumo":["0"],"REAL_HOMES_property_letra":["N"],"estate_video":[""],"fave_virtual_tour":[""],"vendidoInmueble":[""],"fave_property_price":["180000"],"fave_property_price_postfix":[""],"fave_property_images":["16800089","16800090","16800091","16800092","16800093","16800094","16800095","16800096"],"houzez_total_property_views":["2"],"houzez_views_by_date":["a:1:{s:10:\"04-29-2026\";i:2;}"],"houzez_recently_viewed":["2026-04-29 17:04:53"]},"_links":{"self":[{"href":"https:\/\/agencia-asturias.com\/de\/wp-json\/wp\/v2\/properties\/16800088","targetHints":{"allow":["GET"]}}],"collection":[{"href":"https:\/\/agencia-asturias.com\/de\/wp-json\/wp\/v2\/properties"}],"about":[{"href":"https:\/\/agencia-asturias.com\/de\/wp-json\/wp\/v2\/types\/property"}],"author":[{"embeddable":true,"href":"https:\/\/agencia-asturias.com\/de\/wp-json\/wp\/v2\/users\/1"}],"version-history":[{"count":0,"href":"https:\/\/agencia-asturias.com\/de\/wp-json\/wp\/v2\/properties\/16800088\/revisions"}],"wp:featuredmedia":[{"embeddable":true,"href":"https:\/\/agencia-asturias.com\/de\/wp-json\/wp\/v2\/media\/16800089"}],"wp:attachment":[{"href":"https:\/\/agencia-asturias.com\/de\/wp-json\/wp\/v2\/media?parent=16800088"}],"wp:term":[{"taxonomy":"property_type","embeddable":true,"href":"https:\/\/agencia-asturias.com\/de\/wp-json\/wp\/v2\/property_type?post=16800088"},{"taxonomy":"property_status","embeddable":true,"href":"https:\/\/agencia-asturias.com\/de\/wp-json\/wp\/v2\/property_status?post=16800088"},{"taxonomy":"property_feature","embeddable":true,"href":"https:\/\/agencia-asturias.com\/de\/wp-json\/wp\/v2\/property_feature?post=16800088"},{"taxonomy":"property_label","embeddable":true,"href":"https:\/\/agencia-asturias.com\/de\/wp-json\/wp\/v2\/property_label?post=16800088"},{"taxonomy":"property_state","embeddable":true,"href":"https:\/\/agencia-asturias.com\/de\/wp-json\/wp\/v2\/property_state?post=16800088"},{"taxonomy":"property_city","embeddable":true,"href":"https:\/\/agencia-asturias.com\/de\/wp-json\/wp\/v2\/property_city?post=16800088"},{"taxonomy":"property_area","embeddable":true,"href":"https:\/\/agencia-asturias.com\/de\/wp-json\/wp\/v2\/property_area?post=16800088"}],"curies":[{"name":"wp","href":"https:\/\/api.w.org\/{rel}","templated":true}]}}

Bebaubares Grundstück zum Verkauf in Las Ranas &#8211; 02971

<p>Zum Verkauf in Las Ranas, nur 300 Meter von der Haltestelle der Linie Gijón-Villaviciosa entfernt sowie von Apotheke und Geschäft? Praktisch eben und gut ausgerichtet mit Wasser- und Stromanschlüssen am Fußweg. Für Parzellen von etwas mehr als 2000 Quadratmetern mit einer Bebauungsmöglichkeit bis zu insgesamt350 Quadratmetern auf zwei Etagen à je150Quadratmeter . Rundum freie Sicht für360Grad . Kontaktieren Sie uns.<br />Die Grunderwerbsteuer sowie Notar- und Grundbuchgebühren sind im Preis nicht enthalten.</p>

<p>Zum Verkauf in Las Ranas, nur 300 Meter von der Haltestelle der Linie Gijón-Villaviciosa entfernt sowie von Apotheke und Geschäft? Praktisch eben und gut ausgerichtet mit Wasser- und Stromanschlüssen am Fußweg. Für Parzellen von etwas mehr als 2000 Quadratmetern mit einer Bebauungsmöglichkeit bis zu insgesamt350 Quadratmetern auf zwei </p>

a:5:{i:0;a:2:{s:29:"fave_additional_feature_title";s:12:"Carpintería";s:29:"fave_additional_feature_value";s:0:"";}i:1;a:2:{s:29:"fave_additional_feature_title";s:21:"Carpintería exterior";s:29:"fave_additional_feature_value";s:0:"";}i:2;a:2:{s:29:"fave_additional_feature_title";s:6:"Estado";s:29:"fave_additional_feature_value";s:7:"Ninguno";}i:3;a:2:{s:29:"fave_additional_feature_title";s:6:"Vistas";s:29:"fave_additional_feature_value";s:0:"";}i:4;a:2:{s:29:"fave_additional_feature_title";s:11:"Orientacion";s:29:"fave_additional_feature_value";s:9:"Norte Sur";}}
