{"id":16800557,"date":"2021-05-07T13:48:22","date_gmt":"2021-05-07T13:48:22","guid":{"rendered":"https:\/\/agencia-asturias.com\/inmueble\/venta\/terreno-edificable\/asturias\/carreno\/03302\/"},"modified":"2021-05-07T13:48:22","modified_gmt":"2021-05-07T13:48:22","slug":"haus-zur-renovierung-und-teilbares-grundstuck-in-candas-03302","status":"publish","type":"property","link":"https:\/\/agencia-asturias.com\/de\/inmueble\/venta\/terreno-edificable\/asturias\/carreno\/03302\/","title":{"rendered":"Haus zur Renovierung und teilbares Grundst\u00fcck in Cand\u00e1s &#8211; 03302"},"content":{"rendered":"<p>In Piedeloro, neben der Stra\u00dfe von Tabaza nach Cand\u00e1s, nur 3 Kilometer vom Ort und dem Strand entfernt. Eine Immobilie zur vollst\u00e4ndigen Sanierung mit fast einem Hektar Land davor, geeignet f\u00fcr die Teilung in maximal 6 Parzellen zum Bau weiterer Einfamilienh\u00e4user. Versorgungsleistungen am Fu\u00df des Anwesens.<br \/>Grunderwerbsteuer sowie Notargeb\u00fchren sind nicht im Preis enthalten.<\/p>\n","protected":false},"excerpt":{"rendered":"<p>In Piedeloro, neben der Stra\u00dfe von Tabaza nach Cand\u00e1s, nur 3 Kilometer vom Ort und dem Strand entfernt. Eine Immobilie zur vollst\u00e4ndigen Sanierung mit fast einem Hektar Land davor, geeignet f\u00fcr die Teilung in maximal 6 Parzellen zum Bau weiterer Einfamilienh\u00e4user. Versorgungsleistungen am Fu\u00df des Anwesens.~Grunderwerbsteuer sowie <\/p>\n","protected":false},"author":1,"featured_media":16800558,"parent":0,"menu_order":0,"template":"","property_type":[791],"property_status":[720],"property_feature":[],"property_label":[],"property_state":[419],"property_city":[425],"property_area":[568],"class_list":["post-16800557","property","type-property","status-publish","has-post-thumbnail","hentry","property_type-bebaubares-grundstuck","property_status-verkauf","property_state-asturias","property_city-carreno","property_area-piedeloro"],"property_meta":{"fave_agent":["156"],"fave_agents":["156"],"fave_agent_display_option":["agent_info"],"property_agent":["156"],"custom_permalink":["inmueble\/venta\/terreno-edificable\/asturias\/carreno\/03302\/"],"_thumbnail_id":["16800558"],"post_id":["Array"],"original_author":["1"],"_edit_lock":["1604137107:1"],"_edit_last":["1"],"fave_property_map_street_view":["show"],"fave_payment_status":["not_paid"],"fave_single_top_area":["global"],"fave_single_content_area":["global"],"houzez_manual_expire":["0"],"fave_property_size_prefix":["m&sup2;"],"fave_property_map":["1"],"fave_additional_features_enable":["disable"],"fave_floor_plans_enable":["disable"],"fave_multiunit_plans_enable":["disable"],"fave_prop_homeslider":["no"],"fave_featured":["0"],"fave_property_address":["Carre\u00f1o,Asturias"],"fave_property_zip":["33439"],"houzez_geolocation_lat":["43.5718449892956"],"houzez_geolocation_long":["-5.79852149310985"],"fave_property_location":["43.5718449892956,-5.79852149310985"],"fave_property_country":["ES"],"fave_property_map_address":["Carre\u00f1o,Asturias,Spain"],"fave_comunidadimporte":["0"],"fave_comunidadincluida":["0"],"fave_conservacion":["Ninguno"],"fave_orientacion":["Sureste"],"fave_carpinteriainterior":[""],"fave_carpinteriaexterior":[""],"fave_tiposuelo":[""],"fave_vistas":[""],"additional_features":["a:5:{i:0;a:2:{s:29:\"fave_additional_feature_title\";s:12:\"Carpinter\u00eda\";s:29:\"fave_additional_feature_value\";s:0:\"\";}i:1;a:2:{s:29:\"fave_additional_feature_title\";s:21:\"Carpinter\u00eda exterior\";s:29:\"fave_additional_feature_value\";s:0:\"\";}i:2;a:2:{s:29:\"fave_additional_feature_title\";s:6:\"Estado\";s:29:\"fave_additional_feature_value\";s:7:\"Ninguno\";}i:3;a:2:{s:29:\"fave_additional_feature_title\";s:6:\"Vistas\";s:29:\"fave_additional_feature_value\";s:0:\"\";}i:4;a:2:{s:29:\"fave_additional_feature_title\";s:11:\"Orientacion\";s:29:\"fave_additional_feature_value\";s:7:\"Sureste\";}}"],"referencia":["03302"],"fave_property_id":["03302"],"fave_property_bedrooms":["0"],"fave_property_bathrooms":["0"],"fave_property_garage":[""],"fave_property_land":["9736"],"ave_property_land_postfix":["m&sup2;"],"fave_property_size":["0"],"fave_property_year":["0"],"fave_energy_global_index":["0 kWh\/m&sup2; \/0 Kg CO2\/m&sup2;"],"fave_energy_class":["N"],"estate_attr_energy_class":["Tramitando..."],"REAL_HOMES_property_emisiones":["0"],"REAL_HOMES_property_consumo":["0"],"REAL_HOMES_property_letra":["N"],"estate_video":[""],"fave_virtual_tour":[""],"vendidoInmueble":[""],"fave_property_price":["85000"],"fave_property_price_postfix":[""],"fave_property_images":["16800558","16800559","16800560","16800561","16800562","16800563","16800564","16800565","16800566","16800567","16800568","16800569"],"houzez_total_property_views":["2"],"houzez_views_by_date":["a:1:{s:10:\"04-29-2026\";i:2;}"],"houzez_recently_viewed":["2026-04-29 16:46:18"]},"_links":{"self":[{"href":"https:\/\/agencia-asturias.com\/de\/wp-json\/wp\/v2\/properties\/16800557","targetHints":{"allow":["GET"]}}],"collection":[{"href":"https:\/\/agencia-asturias.com\/de\/wp-json\/wp\/v2\/properties"}],"about":[{"href":"https:\/\/agencia-asturias.com\/de\/wp-json\/wp\/v2\/types\/property"}],"author":[{"embeddable":true,"href":"https:\/\/agencia-asturias.com\/de\/wp-json\/wp\/v2\/users\/1"}],"version-history":[{"count":0,"href":"https:\/\/agencia-asturias.com\/de\/wp-json\/wp\/v2\/properties\/16800557\/revisions"}],"wp:featuredmedia":[{"embeddable":true,"href":"https:\/\/agencia-asturias.com\/de\/wp-json\/wp\/v2\/media\/16800558"}],"wp:attachment":[{"href":"https:\/\/agencia-asturias.com\/de\/wp-json\/wp\/v2\/media?parent=16800557"}],"wp:term":[{"taxonomy":"property_type","embeddable":true,"href":"https:\/\/agencia-asturias.com\/de\/wp-json\/wp\/v2\/property_type?post=16800557"},{"taxonomy":"property_status","embeddable":true,"href":"https:\/\/agencia-asturias.com\/de\/wp-json\/wp\/v2\/property_status?post=16800557"},{"taxonomy":"property_feature","embeddable":true,"href":"https:\/\/agencia-asturias.com\/de\/wp-json\/wp\/v2\/property_feature?post=16800557"},{"taxonomy":"property_label","embeddable":true,"href":"https:\/\/agencia-asturias.com\/de\/wp-json\/wp\/v2\/property_label?post=16800557"},{"taxonomy":"property_state","embeddable":true,"href":"https:\/\/agencia-asturias.com\/de\/wp-json\/wp\/v2\/property_state?post=16800557"},{"taxonomy":"property_city","embeddable":true,"href":"https:\/\/agencia-asturias.com\/de\/wp-json\/wp\/v2\/property_city?post=16800557"},{"taxonomy":"property_area","embeddable":true,"href":"https:\/\/agencia-asturias.com\/de\/wp-json\/wp\/v2\/property_area?post=16800557"}],"curies":[{"name":"wp","href":"https:\/\/api.w.org\/{rel}","templated":true}]}}

Haus zur Renovierung und teilbares Grundstück in Candás &#8211; 03302

<p>In Piedeloro, neben der Straße von Tabaza nach Candás, nur 3 Kilometer vom Ort und dem Strand entfernt. Eine Immobilie zur vollständigen Sanierung mit fast einem Hektar Land davor, geeignet für die Teilung in maximal 6 Parzellen zum Bau weiterer Einfamilienhäuser. Versorgungsleistungen am Fuß des Anwesens.<br />Grunderwerbsteuer sowie Notargebühren sind nicht im Preis enthalten.</p>

<p>In Piedeloro, neben der Straße von Tabaza nach Candás, nur 3 Kilometer vom Ort und dem Strand entfernt. Eine Immobilie zur vollständigen Sanierung mit fast einem Hektar Land davor, geeignet für die Teilung in maximal 6 Parzellen zum Bau weiterer Einfamilienhäuser. Versorgungsleistungen am Fuß des Anwesens.~Grunderwerbsteuer sowie </p>

Carreño,Asturias

Carreño,Asturias,Spain

a:5:{i:0;a:2:{s:29:"fave_additional_feature_title";s:12:"Carpintería";s:29:"fave_additional_feature_value";s:0:"";}i:1;a:2:{s:29:"fave_additional_feature_title";s:21:"Carpintería exterior";s:29:"fave_additional_feature_value";s:0:"";}i:2;a:2:{s:29:"fave_additional_feature_title";s:6:"Estado";s:29:"fave_additional_feature_value";s:7:"Ninguno";}i:3;a:2:{s:29:"fave_additional_feature_title";s:6:"Vistas";s:29:"fave_additional_feature_value";s:0:"";}i:4;a:2:{s:29:"fave_additional_feature_title";s:11:"Orientacion";s:29:"fave_additional_feature_value";s:7:"Sureste";}}
