{"id":16801171,"date":"2022-09-26T18:18:27","date_gmt":"2022-09-26T18:18:27","guid":{"rendered":"https:\/\/agencia-asturias.com\/inmueble\/venta\/casa\/asturias\/teverga\/03939\/"},"modified":"2022-09-26T18:18:27","modified_gmt":"2022-09-26T18:18:27","slug":"unabhangiges-haus-in-teverga-03939","status":"publish","type":"property","link":"https:\/\/agencia-asturias.com\/de\/inmueble\/venta\/casa\/asturias\/teverga\/03939\/","title":{"rendered":"Unabh\u00e4ngiges Haus in Teverga &#8211; 03939"},"content":{"rendered":"<p>Unabh\u00e4ngiges Haus gelegen in Las Vegas, einen halben Kilometer von San Mart\u00edn entfernt im Kreis von Teverga mit einem Grundst\u00fcck von etwa 600 Quadratmetern das eingez\u00e4unt und nach Osten ausgerichtet ist. Das Haus besteht aus drei Etagen mit folgender Aufteilung: ein Erdgeschoss mit Wohnzimmer und Kamin K\u00fcche sowie Essbereich zwei Schlafzimmer davon eines klein eine Speisekammer und Lagerraum die erste Etage hat ein gro\u00dfes Wohnzimmer eine K\u00fcche ein Bad und zwei gro\u00dfe Schlafzimmer die herrliche Ausblicke bieten; Und auf der zweiten Etage befindet sich ein gro\u00dfz\u00fcgiger Aufenthaltsbereich sowie drei kleine Zimmer Diese Immobilie liegt im ehemaligen BergbaugemeindeTevegarna welches heute f\u00fcr sein aufstrebendes Tourismusangebot bekannt ist wie den Wanderweg Senda el Oso dem pr\u00e4historischen Park des Gebiets unter anderem vielen anderen M\u00f6glichkeiten wo Sie Landschaften genie\u00dfen k\u00f6nnen lokale Gastronomie Rufen Sie uns an um Ihren Besuch \u00fcber Agentur Asturien zu vereinbaren.<\/p>\n","protected":false},"excerpt":{"rendered":"<p>Unabh\u00e4ngiges Haus gelegen in Las Vegas, einen halben Kilometer von San Mart\u00edn entfernt im Kreis von Teverga mit einem Grundst\u00fcck von etwa 600 Quadratmetern das eingez\u00e4unt und nach Osten ausgerichtet ist. Das Haus besteht aus drei Etagen mit folgender Aufteilung: ein Erdgeschoss mit Wohnzimmer und Kamin K\u00fcche sowie Essbereich zwei <\/p>\n","protected":false},"author":1,"featured_media":16801172,"parent":0,"menu_order":0,"template":"","property_type":[785],"property_status":[720],"property_feature":[855,854,858],"property_label":[],"property_state":[419],"property_city":[616],"property_area":[617],"class_list":["post-16801171","property","type-property","status-publish","has-post-thumbnail","hentry","property_type-haus","property_status-verkauf","property_feature-elektrogerte","property_feature-kamin","property_feature-komplett-auenliegend","property_state-asturias","property_city-teverga","property_area-teverga"],"property_meta":{"fave_agent":["59315"],"fave_agents":["59315"],"fave_agent_display_option":["agent_info"],"property_agent":["59315"],"custom_permalink":["inmueble\/venta\/casa\/asturias\/teverga\/03939\/"],"_thumbnail_id":["16801172"],"post_id":["Array"],"original_author":["1"],"_edit_lock":["1604137107:1"],"_edit_last":["1"],"fave_property_map_street_view":["show"],"fave_payment_status":["not_paid"],"fave_single_top_area":["global"],"fave_single_content_area":["global"],"houzez_manual_expire":["0"],"fave_property_size_prefix":["m&sup2;"],"fave_property_map":["1"],"fave_additional_features_enable":["disable"],"fave_floor_plans_enable":["disable"],"fave_multiunit_plans_enable":["disable"],"fave_prop_homeslider":["no"],"fave_featured":["0"],"fave_property_address":["Teverga,Asturias"],"fave_property_zip":["33111"],"houzez_geolocation_lat":["43.1551538484852"],"houzez_geolocation_long":["-6.09641681542187"],"fave_property_location":["43.1551538484852,-6.09641681542187"],"fave_property_country":["ES"],"fave_property_map_address":["Teverga,Asturias,Spain"],"fave_comunidadimporte":["0"],"fave_comunidadincluida":["0"],"fave_conservacion":["Buen estado"],"fave_orientacion":["Este"],"fave_carpinteriainterior":[""],"fave_carpinteriaexterior":["Madera"],"fave_tiposuelo":[""],"fave_vistas":[""],"additional_features":["a:5:{i:0;a:2:{s:29:\"fave_additional_feature_title\";s:12:\"Carpinter\u00eda\";s:29:\"fave_additional_feature_value\";s:0:\"\";}i:1;a:2:{s:29:\"fave_additional_feature_title\";s:21:\"Carpinter\u00eda exterior\";s:29:\"fave_additional_feature_value\";s:6:\"Madera\";}i:2;a:2:{s:29:\"fave_additional_feature_title\";s:6:\"Estado\";s:29:\"fave_additional_feature_value\";s:11:\"Buen estado\";}i:3;a:2:{s:29:\"fave_additional_feature_title\";s:6:\"Vistas\";s:29:\"fave_additional_feature_value\";s:0:\"\";}i:4;a:2:{s:29:\"fave_additional_feature_title\";s:11:\"Orientacion\";s:29:\"fave_additional_feature_value\";s:4:\"Este\";}}"],"referencia":["03939"],"fave_property_id":["03939"],"fave_property_bedrooms":["6"],"fave_property_bathrooms":["1"],"fave_property_garage":[""],"fave_property_land":["600"],"ave_property_land_postfix":["m&sup2;"],"fave_property_size":["234"],"fave_property_year":["1936"],"fave_energy_global_index":["0 kWh\/m&sup2; \/0 Kg CO2\/m&sup2;"],"fave_energy_class":["N"],"estate_attr_energy_class":["Tramitando..."],"REAL_HOMES_property_emisiones":["0"],"REAL_HOMES_property_consumo":["0"],"REAL_HOMES_property_letra":["N"],"estate_video":[""],"fave_virtual_tour":[""],"vendidoInmueble":[""],"fave_property_price":["147000"],"fave_property_price_postfix":[""],"fave_property_images":["16801172","16801173","16801174","16801175","16801176","16801177","16801178","16801179","16801180","16801181","16801182","16801183","16801184","16801185","16801186","16801187","16801188","16801189","16801190","16801191","16801192","16801193","16801194","16801195","16801196","16801197","16801198","16801199","16801200","16801201","16801202","16801203","16801204","16801205","16801206","16801207","16801208","16801209","16801210","16801211","16801212","16801213","16801214","16801215","16801216","16801217","16801218","16801219","16801220","16801221","16801222","16801223","16801224","16801225","16801226","16801227","16801228","16801229","16801230","16801231","16801232","16801233","16801234","16801235"],"houzez_total_property_views":["3"],"houzez_views_by_date":["a:1:{s:10:\"04-29-2026\";i:3;}"],"houzez_recently_viewed":["2026-04-29 13:44:31"]},"_links":{"self":[{"href":"https:\/\/agencia-asturias.com\/de\/wp-json\/wp\/v2\/properties\/16801171","targetHints":{"allow":["GET"]}}],"collection":[{"href":"https:\/\/agencia-asturias.com\/de\/wp-json\/wp\/v2\/properties"}],"about":[{"href":"https:\/\/agencia-asturias.com\/de\/wp-json\/wp\/v2\/types\/property"}],"author":[{"embeddable":true,"href":"https:\/\/agencia-asturias.com\/de\/wp-json\/wp\/v2\/users\/1"}],"version-history":[{"count":0,"href":"https:\/\/agencia-asturias.com\/de\/wp-json\/wp\/v2\/properties\/16801171\/revisions"}],"wp:featuredmedia":[{"embeddable":true,"href":"https:\/\/agencia-asturias.com\/de\/wp-json\/wp\/v2\/media\/16801172"}],"wp:attachment":[{"href":"https:\/\/agencia-asturias.com\/de\/wp-json\/wp\/v2\/media?parent=16801171"}],"wp:term":[{"taxonomy":"property_type","embeddable":true,"href":"https:\/\/agencia-asturias.com\/de\/wp-json\/wp\/v2\/property_type?post=16801171"},{"taxonomy":"property_status","embeddable":true,"href":"https:\/\/agencia-asturias.com\/de\/wp-json\/wp\/v2\/property_status?post=16801171"},{"taxonomy":"property_feature","embeddable":true,"href":"https:\/\/agencia-asturias.com\/de\/wp-json\/wp\/v2\/property_feature?post=16801171"},{"taxonomy":"property_label","embeddable":true,"href":"https:\/\/agencia-asturias.com\/de\/wp-json\/wp\/v2\/property_label?post=16801171"},{"taxonomy":"property_state","embeddable":true,"href":"https:\/\/agencia-asturias.com\/de\/wp-json\/wp\/v2\/property_state?post=16801171"},{"taxonomy":"property_city","embeddable":true,"href":"https:\/\/agencia-asturias.com\/de\/wp-json\/wp\/v2\/property_city?post=16801171"},{"taxonomy":"property_area","embeddable":true,"href":"https:\/\/agencia-asturias.com\/de\/wp-json\/wp\/v2\/property_area?post=16801171"}],"curies":[{"name":"wp","href":"https:\/\/api.w.org\/{rel}","templated":true}]}}

Unabhängiges Haus in Teverga &#8211; 03939

<p>Unabhängiges Haus gelegen in Las Vegas, einen halben Kilometer von San Martín entfernt im Kreis von Teverga mit einem Grundstück von etwa 600 Quadratmetern das eingezäunt und nach Osten ausgerichtet ist. Das Haus besteht aus drei Etagen mit folgender Aufteilung: ein Erdgeschoss mit Wohnzimmer und Kamin Küche sowie Essbereich zwei Schlafzimmer davon eines klein eine Speisekammer und Lagerraum die erste Etage hat ein großes Wohnzimmer eine Küche ein Bad und zwei große Schlafzimmer die herrliche Ausblicke bieten; Und auf der zweiten Etage befindet sich ein großzügiger Aufenthaltsbereich sowie drei kleine Zimmer Diese Immobilie liegt im ehemaligen BergbaugemeindeTevegarna welches heute für sein aufstrebendes Tourismusangebot bekannt ist wie den Wanderweg Senda el Oso dem prähistorischen Park des Gebiets unter anderem vielen anderen Möglichkeiten wo Sie Landschaften genießen können lokale Gastronomie Rufen Sie uns an um Ihren Besuch über Agentur Asturien zu vereinbaren.</p>

<p>Unabhängiges Haus gelegen in Las Vegas, einen halben Kilometer von San Martín entfernt im Kreis von Teverga mit einem Grundstück von etwa 600 Quadratmetern das eingezäunt und nach Osten ausgerichtet ist. Das Haus besteht aus drei Etagen mit folgender Aufteilung: ein Erdgeschoss mit Wohnzimmer und Kamin Küche sowie Essbereich zwei </p>

a:5:{i:0;a:2:{s:29:"fave_additional_feature_title";s:12:"Carpintería";s:29:"fave_additional_feature_value";s:0:"";}i:1;a:2:{s:29:"fave_additional_feature_title";s:21:"Carpintería exterior";s:29:"fave_additional_feature_value";s:6:"Madera";}i:2;a:2:{s:29:"fave_additional_feature_title";s:6:"Estado";s:29:"fave_additional_feature_value";s:11:"Buen estado";}i:3;a:2:{s:29:"fave_additional_feature_title";s:6:"Vistas";s:29:"fave_additional_feature_value";s:0:"";}i:4;a:2:{s:29:"fave_additional_feature_title";s:11:"Orientacion";s:29:"fave_additional_feature_value";s:4:"Este";}}
