{"id":16801238,"date":"2022-11-05T12:49:28","date_gmt":"2022-11-05T12:49:28","guid":{"rendered":"https:\/\/agencia-asturias.com\/inmueble\/alquiler\/local-comercial\/asturias\/oviedo\/03989\/"},"modified":"2022-11-05T12:49:28","modified_gmt":"2022-11-05T12:49:28","slug":"laden-zu-vermieten-und-zu-verkaufen-im-cristo-03989","status":"publish","type":"property","link":"https:\/\/agencia-asturias.com\/de\/inmueble\/alquiler\/local-comercial\/asturias\/oviedo\/03989\/","title":{"rendered":"Laden zu vermieten und zu verkaufen im Cristo &#8211; 03989"},"content":{"rendered":"<p>Ladenfl\u00e4che im Bereich von Cristo mit \u00fcber siebzig Quadratmetern Fl\u00e4che und einem Zwischengeschoss von 24 m\u00b2. Voll ausgestattete K\u00fcche und Bad vorhanden. M\u00f6glichkeit zur Miete mit Kaufoption f\u00fcr 88.000 Euro.Wohnlich hell.Der Parkplatz ist leicht erreichbar.Niedrige Gemeinschaftskosten (15 Euro monatlich).Rufen Sie uns an, um einen Besichtigungstermin bei der Agentur Asturias zu vereinbaren.<\/p>\n","protected":false},"excerpt":{"rendered":"<p>Ladenfl\u00e4che im Bereich von Cristo mit \u00fcber siebzig Quadratmetern Fl\u00e4che und einem Zwischengeschoss von 24 m\u00b2. Voll ausgestattete K\u00fcche und Bad vorhanden. M\u00f6glichkeit zur Miete mit Kaufoption f\u00fcr 88.000 Euro.Wohnlich hell.Der Parkplatz ist leicht erreichbar.Niedrige Gemeinschaftskosten (15 Euro monatlich).Rufen Sie uns an, um einen <\/p>\n","protected":false},"author":1,"featured_media":16801239,"parent":0,"menu_order":0,"template":"","property_type":[771],"property_status":[852],"property_feature":[855,858,861],"property_label":[],"property_state":[419],"property_city":[470],"property_area":[505],"class_list":["post-16801238","property","type-property","status-publish","has-post-thumbnail","hentry","property_type-gewerbeimmobilie","property_status-vermietung","property_feature-elektrogerte","property_feature-komplett-auenliegend","property_feature-offen","property_state-asturias","property_city-oviedo","property_area-el-cristo"],"property_meta":{"fave_agent":["59315"],"fave_agents":["59315"],"fave_agent_display_option":["agent_info"],"property_agent":["59315"],"custom_permalink":["inmueble\/alquiler\/local-comercial\/asturias\/oviedo\/03989\/"],"_thumbnail_id":["16801239"],"post_id":["Array"],"original_author":["1"],"_edit_lock":["1604137107:1"],"_edit_last":["1"],"fave_property_map_street_view":["show"],"fave_payment_status":["not_paid"],"fave_single_top_area":["global"],"fave_single_content_area":["global"],"houzez_manual_expire":["0"],"fave_property_size_prefix":["m&sup2;"],"fave_property_map":["1"],"fave_additional_features_enable":["disable"],"fave_floor_plans_enable":["disable"],"fave_multiunit_plans_enable":["disable"],"fave_prop_homeslider":["no"],"fave_featured":["0"],"fave_property_address":["Oviedo,Asturias"],"fave_property_zip":["33013"],"houzez_geolocation_lat":["43.35768771"],"houzez_geolocation_long":["-5.8730955"],"fave_property_location":["43.35768771,-5.8730955"],"fave_property_country":["ES"],"fave_property_map_address":["Oviedo,Asturias,Spain"],"fave_comunidadimporte":["15"],"fave_comunidadincluida":["1"],"fave_conservacion":["Buen estado"],"fave_orientacion":["Noroeste"],"fave_carpinteriainterior":[""],"fave_carpinteriaexterior":[""],"fave_tiposuelo":[""],"fave_vistas":[""],"additional_features":["a:5:{i:0;a:2:{s:29:\"fave_additional_feature_title\";s:12:\"Carpinter\u00eda\";s:29:\"fave_additional_feature_value\";s:0:\"\";}i:1;a:2:{s:29:\"fave_additional_feature_title\";s:21:\"Carpinter\u00eda exterior\";s:29:\"fave_additional_feature_value\";s:0:\"\";}i:2;a:2:{s:29:\"fave_additional_feature_title\";s:6:\"Estado\";s:29:\"fave_additional_feature_value\";s:11:\"Buen estado\";}i:3;a:2:{s:29:\"fave_additional_feature_title\";s:6:\"Vistas\";s:29:\"fave_additional_feature_value\";s:0:\"\";}i:4;a:2:{s:29:\"fave_additional_feature_title\";s:11:\"Orientacion\";s:29:\"fave_additional_feature_value\";s:8:\"Noroeste\";}}"],"referencia":["03989"],"fave_property_id":["03989"],"fave_property_bedrooms":["0"],"fave_property_bathrooms":["1"],"fave_property_garage":[""],"fave_property_land":["0"],"ave_property_land_postfix":["m&sup2;"],"fave_property_size":["77"],"fave_property_year":["0"],"fave_energy_global_index":["0 kWh\/m&sup2; \/0 Kg CO2\/m&sup2;"],"fave_energy_class":["N"],"estate_attr_energy_class":["Tramitando..."],"REAL_HOMES_property_emisiones":["0"],"REAL_HOMES_property_consumo":["0"],"REAL_HOMES_property_letra":["N"],"estate_video":[""],"fave_virtual_tour":[""],"vendidoInmueble":[""],"fave_property_price":["500"],"fave_property_price_postfix":["mes"],"fave_property_images":["16801239","16801240","16801241","16801242","16801243","16801244","16801245","16801246","16801247","16801248","16801249","16801250","16801251","16801252","16801253","16801254"],"houzez_total_property_views":["2"],"houzez_views_by_date":["a:1:{s:10:\"04-29-2026\";i:2;}"],"houzez_recently_viewed":["2026-04-29 11:45:03"]},"_links":{"self":[{"href":"https:\/\/agencia-asturias.com\/de\/wp-json\/wp\/v2\/properties\/16801238","targetHints":{"allow":["GET"]}}],"collection":[{"href":"https:\/\/agencia-asturias.com\/de\/wp-json\/wp\/v2\/properties"}],"about":[{"href":"https:\/\/agencia-asturias.com\/de\/wp-json\/wp\/v2\/types\/property"}],"author":[{"embeddable":true,"href":"https:\/\/agencia-asturias.com\/de\/wp-json\/wp\/v2\/users\/1"}],"version-history":[{"count":0,"href":"https:\/\/agencia-asturias.com\/de\/wp-json\/wp\/v2\/properties\/16801238\/revisions"}],"wp:featuredmedia":[{"embeddable":true,"href":"https:\/\/agencia-asturias.com\/de\/wp-json\/wp\/v2\/media\/16801239"}],"wp:attachment":[{"href":"https:\/\/agencia-asturias.com\/de\/wp-json\/wp\/v2\/media?parent=16801238"}],"wp:term":[{"taxonomy":"property_type","embeddable":true,"href":"https:\/\/agencia-asturias.com\/de\/wp-json\/wp\/v2\/property_type?post=16801238"},{"taxonomy":"property_status","embeddable":true,"href":"https:\/\/agencia-asturias.com\/de\/wp-json\/wp\/v2\/property_status?post=16801238"},{"taxonomy":"property_feature","embeddable":true,"href":"https:\/\/agencia-asturias.com\/de\/wp-json\/wp\/v2\/property_feature?post=16801238"},{"taxonomy":"property_label","embeddable":true,"href":"https:\/\/agencia-asturias.com\/de\/wp-json\/wp\/v2\/property_label?post=16801238"},{"taxonomy":"property_state","embeddable":true,"href":"https:\/\/agencia-asturias.com\/de\/wp-json\/wp\/v2\/property_state?post=16801238"},{"taxonomy":"property_city","embeddable":true,"href":"https:\/\/agencia-asturias.com\/de\/wp-json\/wp\/v2\/property_city?post=16801238"},{"taxonomy":"property_area","embeddable":true,"href":"https:\/\/agencia-asturias.com\/de\/wp-json\/wp\/v2\/property_area?post=16801238"}],"curies":[{"name":"wp","href":"https:\/\/api.w.org\/{rel}","templated":true}]}}

<p>Ladenfläche im Bereich von Cristo mit über siebzig Quadratmetern Fläche und einem Zwischengeschoss von 24 m². Voll ausgestattete Küche und Bad vorhanden. Möglichkeit zur Miete mit Kaufoption für 88.000 Euro.Wohnlich hell.Der Parkplatz ist leicht erreichbar.Niedrige Gemeinschaftskosten (15 Euro monatlich).Rufen Sie uns an, um einen Besichtigungstermin bei der Agentur Asturias zu vereinbaren.</p>

<p>Ladenfläche im Bereich von Cristo mit über siebzig Quadratmetern Fläche und einem Zwischengeschoss von 24 m². Voll ausgestattete Küche und Bad vorhanden. Möglichkeit zur Miete mit Kaufoption für 88.000 Euro.Wohnlich hell.Der Parkplatz ist leicht erreichbar.Niedrige Gemeinschaftskosten (15 Euro monatlich).Rufen Sie uns an, um einen </p>

a:5:{i:0;a:2:{s:29:"fave_additional_feature_title";s:12:"Carpintería";s:29:"fave_additional_feature_value";s:0:"";}i:1;a:2:{s:29:"fave_additional_feature_title";s:21:"Carpintería exterior";s:29:"fave_additional_feature_value";s:0:"";}i:2;a:2:{s:29:"fave_additional_feature_title";s:6:"Estado";s:29:"fave_additional_feature_value";s:11:"Buen estado";}i:3;a:2:{s:29:"fave_additional_feature_title";s:6:"Vistas";s:29:"fave_additional_feature_value";s:0:"";}i:4;a:2:{s:29:"fave_additional_feature_title";s:11:"Orientacion";s:29:"fave_additional_feature_value";s:8:"Noroeste";}}
