{"id":16801522,"date":"2023-03-20T19:58:44","date_gmt":"2023-03-20T19:58:44","guid":{"rendered":"https:\/\/agencia-asturias.com\/inmueble\/venta\/terreno-edificable\/asturias\/gijon\/04133\/"},"modified":"2023-03-20T19:58:44","modified_gmt":"2023-03-20T19:58:44","slug":"die-pedrera-04133","status":"publish","type":"property","link":"https:\/\/agencia-asturias.com\/de\/inmueble\/venta\/terreno-edificable\/asturias\/gijon\/04133\/","title":{"rendered":"Die Pedrera &#8211; 04133"},"content":{"rendered":"<p>In der Die Pedrera steht dieses sch\u00f6ne Grundst\u00fcck mit mehr als 4.000 Quadratmetern zum Verkauf, das eine Bebaubarkeit von jeweils bis zu 300 Quadratmetern f\u00fcr die beiden resultierenden Parzellen bietet und eine maximale Belegung erlaubt es Ihnen , Wohnungen auf einer einzigen Etage zu entwickeln . Nur etwa dreihundert Meter von der Kirche in La Pedrera entfernt und weniger als f\u00fcnf Minuten mit dem Auto von den Stra\u00dfen AS-I und AS-II sowie sechs Kilometer vom Stadtzentrum entfernt gibt es direkt vor dem Geb\u00e4ude einen Haltestelle des st\u00e4dtischen Busses.Wasser- und Stromanschl\u00fcsse befinden sich neben dem Anwesen.<br \/>Grunderwerbssteuer sowie Notar- oder Registergeb\u00fchren sind im Preis nicht enthalten.<\/p>\n","protected":false},"excerpt":{"rendered":"<p>In der Die Pedrera steht dieses sch\u00f6ne Grundst\u00fcck mit mehr als 4.000 Quadratmetern zum Verkauf, das eine Bebaubarkeit von jeweils bis zu 300 Quadratmetern f\u00fcr die beiden resultierenden Parzellen bietet und eine maximale Belegung erlaubt es Ihnen , Wohnungen auf einer einzigen Etage zu entwickeln . Nur etwa dreihundert Meter von der <\/p>\n","protected":false},"author":1,"featured_media":16801523,"parent":0,"menu_order":0,"template":"","property_type":[791],"property_status":[720],"property_feature":[],"property_label":[],"property_state":[419],"property_city":[420],"property_area":[433],"class_list":["post-16801522","property","type-property","status-publish","has-post-thumbnail","hentry","property_type-bebaubares-grundstuck","property_status-verkauf","property_state-asturias","property_city-gijon","property_area-la-pedrera"],"property_meta":{"fave_agent":["156"],"fave_agents":["156"],"fave_agent_display_option":["agent_info"],"property_agent":["156"],"custom_permalink":["inmueble\/venta\/terreno-edificable\/asturias\/gijon\/04133\/"],"_thumbnail_id":["16801523"],"post_id":["Array"],"original_author":["1"],"_edit_lock":["1604137107:1"],"_edit_last":["1"],"fave_property_map_street_view":["show"],"fave_payment_status":["not_paid"],"fave_single_top_area":["global"],"fave_single_content_area":["global"],"houzez_manual_expire":["0"],"fave_property_size_prefix":["m&sup2;"],"fave_property_map":["1"],"fave_additional_features_enable":["disable"],"fave_floor_plans_enable":["disable"],"fave_multiunit_plans_enable":["disable"],"fave_prop_homeslider":["no"],"fave_featured":["0"],"fave_property_address":["Gij\u00f3n,Asturias"],"fave_property_zip":["33390"],"houzez_geolocation_lat":["43.487821515232"],"houzez_geolocation_long":["-5.69873560657677"],"fave_property_location":["43.487821515232,-5.69873560657677"],"fave_property_country":["ES"],"fave_property_map_address":["Gij\u00f3n,Asturias,Spain"],"fave_comunidadimporte":["0"],"fave_comunidadincluida":["0"],"fave_conservacion":["Ninguno"],"fave_orientacion":["Suroeste"],"fave_carpinteriainterior":[""],"fave_carpinteriaexterior":[""],"fave_tiposuelo":[""],"fave_vistas":[""],"additional_features":["a:5:{i:0;a:2:{s:29:\"fave_additional_feature_title\";s:12:\"Carpinter\u00eda\";s:29:\"fave_additional_feature_value\";s:0:\"\";}i:1;a:2:{s:29:\"fave_additional_feature_title\";s:21:\"Carpinter\u00eda exterior\";s:29:\"fave_additional_feature_value\";s:0:\"\";}i:2;a:2:{s:29:\"fave_additional_feature_title\";s:6:\"Estado\";s:29:\"fave_additional_feature_value\";s:7:\"Ninguno\";}i:3;a:2:{s:29:\"fave_additional_feature_title\";s:6:\"Vistas\";s:29:\"fave_additional_feature_value\";s:0:\"\";}i:4;a:2:{s:29:\"fave_additional_feature_title\";s:11:\"Orientacion\";s:29:\"fave_additional_feature_value\";s:8:\"Suroeste\";}}"],"referencia":["04133"],"fave_property_id":["04133"],"fave_property_bedrooms":["0"],"fave_property_bathrooms":["0"],"fave_property_garage":[""],"fave_property_land":["4090"],"ave_property_land_postfix":["m&sup2;"],"fave_property_size":["0"],"fave_property_year":["0"],"fave_energy_global_index":["0 kWh\/m&sup2; \/0 Kg CO2\/m&sup2;"],"fave_energy_class":["N"],"estate_attr_energy_class":["Tramitando..."],"REAL_HOMES_property_emisiones":["0"],"REAL_HOMES_property_consumo":["0"],"REAL_HOMES_property_letra":["N"],"estate_video":[""],"fave_virtual_tour":[""],"vendidoInmueble":[""],"fave_property_price":["200000"],"fave_property_price_postfix":[""],"fave_property_images":["16801523","16801524","16801525","16801526","16801527","16801528","16801529","16801530","16801531","16801532","16801533","16801534","16801535","16801536","16801537","16801538","16801539","16801540"],"houzez_total_property_views":["2"],"houzez_views_by_date":["a:1:{s:10:\"04-29-2026\";i:2;}"],"houzez_recently_viewed":["2026-04-29 15:36:31"]},"_links":{"self":[{"href":"https:\/\/agencia-asturias.com\/de\/wp-json\/wp\/v2\/properties\/16801522","targetHints":{"allow":["GET"]}}],"collection":[{"href":"https:\/\/agencia-asturias.com\/de\/wp-json\/wp\/v2\/properties"}],"about":[{"href":"https:\/\/agencia-asturias.com\/de\/wp-json\/wp\/v2\/types\/property"}],"author":[{"embeddable":true,"href":"https:\/\/agencia-asturias.com\/de\/wp-json\/wp\/v2\/users\/1"}],"version-history":[{"count":0,"href":"https:\/\/agencia-asturias.com\/de\/wp-json\/wp\/v2\/properties\/16801522\/revisions"}],"wp:featuredmedia":[{"embeddable":true,"href":"https:\/\/agencia-asturias.com\/de\/wp-json\/wp\/v2\/media\/16801523"}],"wp:attachment":[{"href":"https:\/\/agencia-asturias.com\/de\/wp-json\/wp\/v2\/media?parent=16801522"}],"wp:term":[{"taxonomy":"property_type","embeddable":true,"href":"https:\/\/agencia-asturias.com\/de\/wp-json\/wp\/v2\/property_type?post=16801522"},{"taxonomy":"property_status","embeddable":true,"href":"https:\/\/agencia-asturias.com\/de\/wp-json\/wp\/v2\/property_status?post=16801522"},{"taxonomy":"property_feature","embeddable":true,"href":"https:\/\/agencia-asturias.com\/de\/wp-json\/wp\/v2\/property_feature?post=16801522"},{"taxonomy":"property_label","embeddable":true,"href":"https:\/\/agencia-asturias.com\/de\/wp-json\/wp\/v2\/property_label?post=16801522"},{"taxonomy":"property_state","embeddable":true,"href":"https:\/\/agencia-asturias.com\/de\/wp-json\/wp\/v2\/property_state?post=16801522"},{"taxonomy":"property_city","embeddable":true,"href":"https:\/\/agencia-asturias.com\/de\/wp-json\/wp\/v2\/property_city?post=16801522"},{"taxonomy":"property_area","embeddable":true,"href":"https:\/\/agencia-asturias.com\/de\/wp-json\/wp\/v2\/property_area?post=16801522"}],"curies":[{"name":"wp","href":"https:\/\/api.w.org\/{rel}","templated":true}]}}

<p>In der Die Pedrera steht dieses schöne Grundstück mit mehr als 4.000 Quadratmetern zum Verkauf, das eine Bebaubarkeit von jeweils bis zu 300 Quadratmetern für die beiden resultierenden Parzellen bietet und eine maximale Belegung erlaubt es Ihnen , Wohnungen auf einer einzigen Etage zu entwickeln . Nur etwa dreihundert Meter von der Kirche in La Pedrera entfernt und weniger als fünf Minuten mit dem Auto von den Straßen AS-I und AS-II sowie sechs Kilometer vom Stadtzentrum entfernt gibt es direkt vor dem Gebäude einen Haltestelle des städtischen Busses.Wasser- und Stromanschlüsse befinden sich neben dem Anwesen.<br />Grunderwerbssteuer sowie Notar- oder Registergebühren sind im Preis nicht enthalten.</p>

<p>In der Die Pedrera steht dieses schöne Grundstück mit mehr als 4.000 Quadratmetern zum Verkauf, das eine Bebaubarkeit von jeweils bis zu 300 Quadratmetern für die beiden resultierenden Parzellen bietet und eine maximale Belegung erlaubt es Ihnen , Wohnungen auf einer einzigen Etage zu entwickeln . Nur etwa dreihundert Meter von der </p>

Gijón,Asturias

Gijón,Asturias,Spain

a:5:{i:0;a:2:{s:29:"fave_additional_feature_title";s:12:"Carpintería";s:29:"fave_additional_feature_value";s:0:"";}i:1;a:2:{s:29:"fave_additional_feature_title";s:21:"Carpintería exterior";s:29:"fave_additional_feature_value";s:0:"";}i:2;a:2:{s:29:"fave_additional_feature_title";s:6:"Estado";s:29:"fave_additional_feature_value";s:7:"Ninguno";}i:3;a:2:{s:29:"fave_additional_feature_title";s:6:"Vistas";s:29:"fave_additional_feature_value";s:0:"";}i:4;a:2:{s:29:"fave_additional_feature_title";s:11:"Orientacion";s:29:"fave_additional_feature_value";s:8:"Suroeste";}}
