{"id":16801543,"date":"2023-03-23T19:38:06","date_gmt":"2023-03-23T19:38:06","guid":{"rendered":"https:\/\/agencia-asturias.com\/inmueble\/venta\/casa\/asturias\/gijon\/04137\/"},"modified":"2023-03-23T19:38:06","modified_gmt":"2023-03-23T19:38:06","slug":"wohnung-und-stalle-im-stadtteil-picun-04137","status":"publish","type":"property","link":"https:\/\/agencia-asturias.com\/de\/inmueble\/venta\/casa\/asturias\/gijon\/04137\/","title":{"rendered":"Wohnung und St\u00e4lle im Stadtteil Pic\u00fan &#8211; 04137"},"content":{"rendered":"<p>Eine Gruppe von Geb\u00e4uden im Stadtteil Pic\u00fan mit einer Wohnung sowie zwei St\u00e4llen , einem geschlossenen Schuppen und einer Scheune . Alle diese bilden ein einziges Grundst\u00fcck mit dem umgebenden Gel\u00e4nde , das eine Fl\u00e4che von drei Hektar umfasst . Davon sind fast zwei als Wiese genutzt und der Rest ist Eukalyptuswald . Von der Gesamtfl\u00e4che befinden sich etwas mehr als f\u00fcnftausend Quadratmeter innerhalb eines l\u00e4ndlichen Kerns ( n\u00facleo rural ) , was die Abtrennung bis zu zweier Parzellen f\u00fcr weitere Einfamilienh\u00e4user erm\u00f6glichen w\u00fcrde .<br \/>Das Haus muss renoviert werden ; es hat einen Grundriss mit insgesamt neunundneunzig Quadratmetern auf nur einer Etage jedoch besteht die M\u00f6glichkeit zur Erweiterung entweder durch den Umbau des Dachbodens &#8211; derzeit nicht ausgebaut- oder zum angrenzenden Stall hin\u00fcber <br \/>Ideale Lage f\u00fcr Entwicklungsgesch\u00e4fte im Agrarsektor oder Viehzuchtgesch\u00e4ft<br \/>Sch\u00f6ne nat\u00fcrliche Umgebung nahe der Grenze zwischen Gij\u00f3n und Llanera gut angebunden sowohl nachGij\u00f3ndas auchnachOviedodasonst etwa f\u00fcnf Minuten Fahrtzeit vomAS-II entfernt liegt<br \/>Die Geb\u00fchren f \u00fc r \u00dcbertragungssteuer \u00fcbertragen sowie Notarkosten sind nicht enthalten.<\/p>\n","protected":false},"excerpt":{"rendered":"<p>Eine Gruppe von Geb\u00e4uden im Stadtteil Pic\u00fan mit einer Wohnung sowie zwei St\u00e4llen , einem geschlossenen Schuppen und einer Scheune . Alle diese bilden ein einziges Grundst\u00fcck mit dem umgebenden Gel\u00e4nde , das eine Fl\u00e4che von drei Hektar umfasst . Davon sind fast zwei als Wiese genutzt und der Rest ist Eukalyptuswald . Von der <\/p>\n","protected":false},"author":1,"featured_media":16801544,"parent":0,"menu_order":0,"template":"","property_type":[785],"property_status":[720],"property_feature":[855,858],"property_label":[],"property_state":[419],"property_city":[420],"property_area":[436],"class_list":["post-16801543","property","type-property","status-publish","has-post-thumbnail","hentry","property_type-haus","property_status-verkauf","property_feature-elektrogerte","property_feature-komplett-auenliegend","property_state-asturias","property_city-gijon","property_area-cenero"],"property_meta":{"fave_agent":["156"],"fave_agents":["156"],"fave_agent_display_option":["agent_info"],"property_agent":["156"],"custom_permalink":["inmueble\/venta\/casa\/asturias\/gijon\/04137\/"],"_thumbnail_id":["16801544"],"post_id":["Array"],"original_author":["1"],"_edit_lock":["1604137107:1"],"_edit_last":["1"],"fave_property_map_street_view":["show"],"fave_payment_status":["not_paid"],"fave_single_top_area":["global"],"fave_single_content_area":["global"],"houzez_manual_expire":["0"],"fave_property_size_prefix":["m&sup2;"],"fave_property_map":["1"],"fave_additional_features_enable":["disable"],"fave_floor_plans_enable":["disable"],"fave_multiunit_plans_enable":["disable"],"fave_prop_homeslider":["no"],"fave_featured":["0"],"fave_property_address":["Gij\u00f3n,Asturias"],"fave_property_zip":["33393"],"houzez_geolocation_lat":["43.4695715956703"],"houzez_geolocation_long":["-5.77708187586953"],"fave_property_location":["43.4695715956703,-5.77708187586953"],"fave_property_country":["ES"],"fave_property_map_address":["Gij\u00f3n,Asturias,Spain"],"fave_comunidadimporte":["0"],"fave_comunidadincluida":["0"],"fave_conservacion":["Para reformar"],"fave_orientacion":["Oeste"],"fave_carpinteriainterior":["Madera"],"fave_carpinteriaexterior":["Madera"],"fave_tiposuelo":[""],"fave_vistas":[""],"additional_features":["a:5:{i:0;a:2:{s:29:\"fave_additional_feature_title\";s:12:\"Carpinter\u00eda\";s:29:\"fave_additional_feature_value\";s:6:\"Madera\";}i:1;a:2:{s:29:\"fave_additional_feature_title\";s:21:\"Carpinter\u00eda exterior\";s:29:\"fave_additional_feature_value\";s:6:\"Madera\";}i:2;a:2:{s:29:\"fave_additional_feature_title\";s:6:\"Estado\";s:29:\"fave_additional_feature_value\";s:13:\"Para reformar\";}i:3;a:2:{s:29:\"fave_additional_feature_title\";s:6:\"Vistas\";s:29:\"fave_additional_feature_value\";s:0:\"\";}i:4;a:2:{s:29:\"fave_additional_feature_title\";s:11:\"Orientacion\";s:29:\"fave_additional_feature_value\";s:5:\"Oeste\";}}"],"referencia":["04137"],"fave_property_id":["04137"],"fave_property_bedrooms":["3"],"fave_property_bathrooms":["1"],"fave_property_garage":[""],"fave_property_land":["29243"],"ave_property_land_postfix":["m&sup2;"],"fave_property_size":["509"],"fave_property_year":["1900"],"fave_energy_global_index":["0 kWh\/m&sup2; \/0 Kg CO2\/m&sup2;"],"fave_energy_class":["N"],"estate_attr_energy_class":["Tramitando..."],"REAL_HOMES_property_emisiones":["0"],"REAL_HOMES_property_consumo":["0"],"REAL_HOMES_property_letra":["N"],"estate_video":[""],"fave_virtual_tour":[""],"vendidoInmueble":[""],"fave_property_price":["210000"],"fave_property_price_postfix":[""],"fave_property_images":["16801544","16801545","16801546","16801547","16801548","16801549","16801550","16801551","16801552","16801553","16801554","16801555","16801556","16801557","16801558","16801559","16801560","16801561","16801562","16801563","16801564","16801565","16801566","16801567","16801568","16801569","16801570","16801571","16801572","16801573","16801574","16801575","16801576","16801577","16801578"],"houzez_total_property_views":["1"],"houzez_views_by_date":["a:1:{s:10:\"04-29-2026\";i:1;}"],"houzez_recently_viewed":["2026-04-29 13:51:20"]},"_links":{"self":[{"href":"https:\/\/agencia-asturias.com\/de\/wp-json\/wp\/v2\/properties\/16801543","targetHints":{"allow":["GET"]}}],"collection":[{"href":"https:\/\/agencia-asturias.com\/de\/wp-json\/wp\/v2\/properties"}],"about":[{"href":"https:\/\/agencia-asturias.com\/de\/wp-json\/wp\/v2\/types\/property"}],"author":[{"embeddable":true,"href":"https:\/\/agencia-asturias.com\/de\/wp-json\/wp\/v2\/users\/1"}],"version-history":[{"count":0,"href":"https:\/\/agencia-asturias.com\/de\/wp-json\/wp\/v2\/properties\/16801543\/revisions"}],"wp:featuredmedia":[{"embeddable":true,"href":"https:\/\/agencia-asturias.com\/de\/wp-json\/wp\/v2\/media\/16801544"}],"wp:attachment":[{"href":"https:\/\/agencia-asturias.com\/de\/wp-json\/wp\/v2\/media?parent=16801543"}],"wp:term":[{"taxonomy":"property_type","embeddable":true,"href":"https:\/\/agencia-asturias.com\/de\/wp-json\/wp\/v2\/property_type?post=16801543"},{"taxonomy":"property_status","embeddable":true,"href":"https:\/\/agencia-asturias.com\/de\/wp-json\/wp\/v2\/property_status?post=16801543"},{"taxonomy":"property_feature","embeddable":true,"href":"https:\/\/agencia-asturias.com\/de\/wp-json\/wp\/v2\/property_feature?post=16801543"},{"taxonomy":"property_label","embeddable":true,"href":"https:\/\/agencia-asturias.com\/de\/wp-json\/wp\/v2\/property_label?post=16801543"},{"taxonomy":"property_state","embeddable":true,"href":"https:\/\/agencia-asturias.com\/de\/wp-json\/wp\/v2\/property_state?post=16801543"},{"taxonomy":"property_city","embeddable":true,"href":"https:\/\/agencia-asturias.com\/de\/wp-json\/wp\/v2\/property_city?post=16801543"},{"taxonomy":"property_area","embeddable":true,"href":"https:\/\/agencia-asturias.com\/de\/wp-json\/wp\/v2\/property_area?post=16801543"}],"curies":[{"name":"wp","href":"https:\/\/api.w.org\/{rel}","templated":true}]}}

Wohnung und Ställe im Stadtteil Picún &#8211; 04137

<p>Eine Gruppe von Gebäuden im Stadtteil Picún mit einer Wohnung sowie zwei Ställen , einem geschlossenen Schuppen und einer Scheune . Alle diese bilden ein einziges Grundstück mit dem umgebenden Gelände , das eine Fläche von drei Hektar umfasst . Davon sind fast zwei als Wiese genutzt und der Rest ist Eukalyptuswald . Von der Gesamtfläche befinden sich etwas mehr als fünftausend Quadratmeter innerhalb eines ländlichen Kerns ( núcleo rural ) , was die Abtrennung bis zu zweier Parzellen für weitere Einfamilienhäuser ermöglichen würde .<br />Das Haus muss renoviert werden ; es hat einen Grundriss mit insgesamt neunundneunzig Quadratmetern auf nur einer Etage jedoch besteht die Möglichkeit zur Erweiterung entweder durch den Umbau des Dachbodens &#8211; derzeit nicht ausgebaut- oder zum angrenzenden Stall hinüber <br />Ideale Lage für Entwicklungsgeschäfte im Agrarsektor oder Viehzuchtgeschäft<br />Schöne natürliche Umgebung nahe der Grenze zwischen Gijón und Llanera gut angebunden sowohl nachGijóndas auchnachOviedodasonst etwa fünf Minuten Fahrtzeit vomAS-II entfernt liegt<br />Die Gebühren f ü r Übertragungssteuer übertragen sowie Notarkosten sind nicht enthalten.</p>

<p>Eine Gruppe von Gebäuden im Stadtteil Picún mit einer Wohnung sowie zwei Ställen , einem geschlossenen Schuppen und einer Scheune . Alle diese bilden ein einziges Grundstück mit dem umgebenden Gelände , das eine Fläche von drei Hektar umfasst . Davon sind fast zwei als Wiese genutzt und der Rest ist Eukalyptuswald . Von der </p>

Gijón,Asturias

Gijón,Asturias,Spain

a:5:{i:0;a:2:{s:29:"fave_additional_feature_title";s:12:"Carpintería";s:29:"fave_additional_feature_value";s:6:"Madera";}i:1;a:2:{s:29:"fave_additional_feature_title";s:21:"Carpintería exterior";s:29:"fave_additional_feature_value";s:6:"Madera";}i:2;a:2:{s:29:"fave_additional_feature_title";s:6:"Estado";s:29:"fave_additional_feature_value";s:13:"Para reformar";}i:3;a:2:{s:29:"fave_additional_feature_title";s:6:"Vistas";s:29:"fave_additional_feature_value";s:0:"";}i:4;a:2:{s:29:"fave_additional_feature_title";s:11:"Orientacion";s:29:"fave_additional_feature_value";s:5:"Oeste";}}
