{"id":16801628,"date":"2024-06-24T19:46:20","date_gmt":"2024-06-24T19:46:20","guid":{"rendered":"https:\/\/agencia-asturias.com\/inmueble\/alquiler\/apartamento\/asturias\/gijon\/04180\/"},"modified":"2024-06-24T19:46:20","modified_gmt":"2024-06-24T19:46:20","slug":"weniger-als-eine-minute-vom-strand-entfernt-04180","status":"publish","type":"property","link":"https:\/\/agencia-asturias.com\/de\/inmueble\/alquiler\/apartamento\/asturias\/gijon\/04180\/","title":{"rendered":"Weniger als eine Minute vom Strand entfernt &#8211; 04180"},"content":{"rendered":"<p>Die Agentur Asturias bietet Ihnen dieses Apartment im Stadtteil La Arena, in der Stra\u00dfe Marqu\u00e9s de Urquijo, nur eine Minute vom Strand San Lorenzo entfernt. Es wurde k\u00fcrzlich renoviert, hat eine gute Aufteilung und besteht aus einem Badezimmer mit Duschwanne, einem Schlafzimmer mit Kleiderschrank und einer K\u00fcche, die \u00fcber ein Fenster mit dem Wohnzimmer verbunden ist. Die K\u00fcche ist ausgestattet mit einem Cerankochfeld, einem kleinen K\u00fchlschrank und einer Dunstabzugshaube. Wenn Sie eine Wohnung im Stadtteil La Arena mit diesen Eigenschaften suchen, ist dies Ihre Gelegenheit!!!!<\/p>\n<p>WICHTIG: MONATLICHE EINKOMMENSGARANTIEN F\u00dcR DIE MIETZAHLUNG.<\/p>\n","protected":false},"excerpt":{"rendered":"<p>Die Agentur Asturias bietet Ihnen dieses Apartment im Stadtteil La Arena, in der Stra\u00dfe Marqu\u00e9s de Urquijo, nur eine Minute vom Strand San Lorenzo entfernt. Es wurde k\u00fcrzlich renoviert, hat eine gute Aufteilung und besteht aus einem Badezimmer mit Duschwanne, einem Schlafzimmer mit Kleiderschrank und einer K\u00fcche, die \u00fcber ein Fenster <\/p>\n","protected":false},"author":1,"featured_media":16801629,"parent":0,"menu_order":0,"template":"","property_type":[779],"property_status":[852],"property_feature":[722,855,724,858,856],"property_label":[],"property_state":[419],"property_city":[420],"property_area":[424],"class_list":["post-16801628","property","type-property","status-publish","has-post-thumbnail","hentry","property_type-wohnung","property_status-vermietung","property_feature-elektrogerte","property_feature-heizung","property_feature-komplett-auenliegend","property_feature-stadtgas","property_state-asturias","property_city-gijon","property_area-la-arena"],"property_meta":{"fave_agent":["59308"],"fave_agents":["59308"],"fave_agent_display_option":["agent_info"],"property_agent":["59308"],"custom_permalink":["inmueble\/alquiler\/apartamento\/asturias\/gijon\/04180\/"],"_thumbnail_id":["16801629"],"post_id":["Array"],"original_author":["1"],"_edit_lock":["1604137107:1"],"_edit_last":["1"],"fave_property_map_street_view":["show"],"fave_payment_status":["not_paid"],"fave_single_top_area":["global"],"fave_single_content_area":["global"],"houzez_manual_expire":["0"],"fave_property_size_prefix":["m&sup2;"],"fave_property_map":["1"],"fave_additional_features_enable":["disable"],"fave_floor_plans_enable":["disable"],"fave_multiunit_plans_enable":["disable"],"fave_prop_homeslider":["no"],"fave_featured":["0"],"fave_property_address":["Gij\u00f3n,Asturias"],"fave_property_zip":["33203"],"houzez_geolocation_lat":["43.5395877699845"],"houzez_geolocation_long":["-5.64598812858723"],"fave_property_location":["43.5395877699845,-5.64598812858723"],"fave_property_country":["ES"],"fave_property_map_address":["Gij\u00f3n,Asturias,Spain"],"fave_comunidadimporte":["0"],"fave_comunidadincluida":["1"],"fave_conservacion":["Reformado"],"fave_orientacion":["Este"],"fave_carpinteriainterior":["Madera"],"fave_carpinteriaexterior":["PVC"],"fave_tiposuelo":["Climalit"],"fave_vistas":[""],"additional_features":["a:5:{i:0;a:2:{s:29:\"fave_additional_feature_title\";s:12:\"Carpinter\u00eda\";s:29:\"fave_additional_feature_value\";s:6:\"Madera\";}i:1;a:2:{s:29:\"fave_additional_feature_title\";s:21:\"Carpinter\u00eda exterior\";s:29:\"fave_additional_feature_value\";s:3:\"PVC\";}i:2;a:2:{s:29:\"fave_additional_feature_title\";s:6:\"Estado\";s:29:\"fave_additional_feature_value\";s:9:\"Reformado\";}i:3;a:2:{s:29:\"fave_additional_feature_title\";s:6:\"Vistas\";s:29:\"fave_additional_feature_value\";s:0:\"\";}i:4;a:2:{s:29:\"fave_additional_feature_title\";s:11:\"Orientacion\";s:29:\"fave_additional_feature_value\";s:4:\"Este\";}}"],"referencia":["04180"],"fave_property_id":["04180"],"fave_property_bedrooms":["1"],"fave_property_bathrooms":["1"],"fave_property_garage":[""],"fave_property_land":["0"],"ave_property_land_postfix":["m&sup2;"],"fave_property_size":["47"],"fave_property_year":["1986"],"fave_energy_global_index":["82.09 kWh\/m&sup2; \/16.58 Kg CO2\/m&sup2;"],"fave_energy_class":["D"],"estate_attr_energy_class":["D"],"REAL_HOMES_property_emisiones":["16.58"],"REAL_HOMES_property_consumo":["82.09"],"REAL_HOMES_property_letra":["D"],"estate_video":[""],"fave_virtual_tour":[""],"vendidoInmueble":[""],"fave_property_price":["750"],"fave_property_price_postfix":["mes"],"fave_property_images":["16801629","16801630","16801631","16801632","16801633","16801634","16801635","16801636","16801637","16801638","16801639","16801640","16801641","16801642","16801643","16801644","16801645","16801646","16801647","16801648","16801649","16801650","16801651","16801652","16801653","16801654"],"houzez_total_property_views":["2"],"houzez_views_by_date":["a:1:{s:10:\"04-29-2026\";i:2;}"],"houzez_recently_viewed":["2026-04-29 12:11:19"]},"_links":{"self":[{"href":"https:\/\/agencia-asturias.com\/de\/wp-json\/wp\/v2\/properties\/16801628","targetHints":{"allow":["GET"]}}],"collection":[{"href":"https:\/\/agencia-asturias.com\/de\/wp-json\/wp\/v2\/properties"}],"about":[{"href":"https:\/\/agencia-asturias.com\/de\/wp-json\/wp\/v2\/types\/property"}],"author":[{"embeddable":true,"href":"https:\/\/agencia-asturias.com\/de\/wp-json\/wp\/v2\/users\/1"}],"version-history":[{"count":0,"href":"https:\/\/agencia-asturias.com\/de\/wp-json\/wp\/v2\/properties\/16801628\/revisions"}],"wp:featuredmedia":[{"embeddable":true,"href":"https:\/\/agencia-asturias.com\/de\/wp-json\/wp\/v2\/media\/16801629"}],"wp:attachment":[{"href":"https:\/\/agencia-asturias.com\/de\/wp-json\/wp\/v2\/media?parent=16801628"}],"wp:term":[{"taxonomy":"property_type","embeddable":true,"href":"https:\/\/agencia-asturias.com\/de\/wp-json\/wp\/v2\/property_type?post=16801628"},{"taxonomy":"property_status","embeddable":true,"href":"https:\/\/agencia-asturias.com\/de\/wp-json\/wp\/v2\/property_status?post=16801628"},{"taxonomy":"property_feature","embeddable":true,"href":"https:\/\/agencia-asturias.com\/de\/wp-json\/wp\/v2\/property_feature?post=16801628"},{"taxonomy":"property_label","embeddable":true,"href":"https:\/\/agencia-asturias.com\/de\/wp-json\/wp\/v2\/property_label?post=16801628"},{"taxonomy":"property_state","embeddable":true,"href":"https:\/\/agencia-asturias.com\/de\/wp-json\/wp\/v2\/property_state?post=16801628"},{"taxonomy":"property_city","embeddable":true,"href":"https:\/\/agencia-asturias.com\/de\/wp-json\/wp\/v2\/property_city?post=16801628"},{"taxonomy":"property_area","embeddable":true,"href":"https:\/\/agencia-asturias.com\/de\/wp-json\/wp\/v2\/property_area?post=16801628"}],"curies":[{"name":"wp","href":"https:\/\/api.w.org\/{rel}","templated":true}]}}

<p>Die Agentur Asturias bietet Ihnen dieses Apartment im Stadtteil La Arena, in der Straße Marqués de Urquijo, nur eine Minute vom Strand San Lorenzo entfernt. Es wurde kürzlich renoviert, hat eine gute Aufteilung und besteht aus einem Badezimmer mit Duschwanne, einem Schlafzimmer mit Kleiderschrank und einer Küche, die über ein Fenster mit dem Wohnzimmer verbunden ist. Die Küche ist ausgestattet mit einem Cerankochfeld, einem kleinen Kühlschrank und einer Dunstabzugshaube. Wenn Sie eine Wohnung im Stadtteil La Arena mit diesen Eigenschaften suchen, ist dies Ihre Gelegenheit!!!!</p>
<p>WICHTIG: MONATLICHE EINKOMMENSGARANTIEN FÜR DIE MIETZAHLUNG.</p>

<p>Die Agentur Asturias bietet Ihnen dieses Apartment im Stadtteil La Arena, in der Straße Marqués de Urquijo, nur eine Minute vom Strand San Lorenzo entfernt. Es wurde kürzlich renoviert, hat eine gute Aufteilung und besteht aus einem Badezimmer mit Duschwanne, einem Schlafzimmer mit Kleiderschrank und einer Küche, die über ein Fenster </p>

Gijón,Asturias

Gijón,Asturias,Spain

a:5:{i:0;a:2:{s:29:"fave_additional_feature_title";s:12:"Carpintería";s:29:"fave_additional_feature_value";s:6:"Madera";}i:1;a:2:{s:29:"fave_additional_feature_title";s:21:"Carpintería exterior";s:29:"fave_additional_feature_value";s:3:"PVC";}i:2;a:2:{s:29:"fave_additional_feature_title";s:6:"Estado";s:29:"fave_additional_feature_value";s:9:"Reformado";}i:3;a:2:{s:29:"fave_additional_feature_title";s:6:"Vistas";s:29:"fave_additional_feature_value";s:0:"";}i:4;a:2:{s:29:"fave_additional_feature_title";s:11:"Orientacion";s:29:"fave_additional_feature_value";s:4:"Este";}}
