{"id":16801682,"date":"2023-09-13T19:45:08","date_gmt":"2023-09-13T19:45:08","guid":{"rendered":"https:\/\/agencia-asturias.com\/inmueble\/venta\/casa\/asturias\/gijon\/04263\/"},"modified":"2023-09-13T19:45:08","modified_gmt":"2023-09-13T19:45:08","slug":"haus-in-deva-04263","status":"publish","type":"property","link":"https:\/\/agencia-asturias.com\/de\/inmueble\/venta\/casa\/asturias\/gijon\/04263\/","title":{"rendered":"Haus in Deva &#8211; 04263"},"content":{"rendered":"<p>Haus mit parzellierbarem Grundst\u00fcck und Teilungslizenz , gelegen im ruhigen und l\u00e4ndlichen Gebiet von Deva . Das Eigentum k\u00f6nnte aufgeteilt werden in ein Grundst\u00fcck f\u00fcr das aktuelle Haus und die Scheune sowie zwei weitere bebaubare Parzellen .<\/p>\n<p>Das Haus hat eine Gesamtbaufl\u00e4che von fast 370 m\u00b2 , verteilt auf sieben Zimmer und vier komplette B\u00e4der . Seine s\u00fcdliche Ausrichtung erm\u00f6glicht es Ihnen , das nat\u00fcrliche Licht optimal zu nutzen , w\u00e4hrend Sie sich neben den ungehinderten Blicken auf das Kantabrische Meer entspannen .<\/p>\n<p>Guter Erhaltungszustand , vollst\u00e4ndig renovierte Innenverkleidung ,. ausgestattete K\u00fcche,. Wohnzimmer mit Kamin ; sch\u00f6ner Au\u00dfenbereich mit Grill &#8230; Es verf\u00fcgt \u00fcber Warmwasser aus Solarplattenund programmierbare elektrische Heizung per WLANmit unabh\u00e4ngigen Thermostaten zus\u00e4tzlich finden Sie Platz zum Parken Ihrer Fahrzeuge dank der Doppelgarage im Keller ; wo auch genug Stauraumf\u00fcr zus\u00e4tzlichen Speicherplatz oder einen Weinkeller zur Verf\u00fcgung steht.<\/p>\n","protected":false},"excerpt":{"rendered":"<p>Haus mit parzellierbarem Grundst\u00fcck und Teilungslizenz , gelegen im ruhigen und l\u00e4ndlichen Gebiet von Deva . Das Eigentum k\u00f6nnte aufgeteilt werden in ein Grundst\u00fcck f\u00fcr das aktuelle Haus und die Scheune sowie zwei weitere bebaubare Parzellen .~ ~Das Haus hat eine Gesamtbaufl\u00e4che von fast 370 m\u00b2 , verteilt auf sieben Zimmer und vier <\/p>\n","protected":false},"author":1,"featured_media":16801683,"parent":0,"menu_order":0,"template":"","property_type":[785],"property_status":[720],"property_feature":[722,855,724,854,858,860,740],"property_label":[],"property_state":[419],"property_city":[420],"property_area":[566],"class_list":["post-16801682","property","type-property","status-publish","has-post-thumbnail","hentry","property_type-haus","property_status-verkauf","property_feature-elektrogerte","property_feature-heizung","property_feature-kamin","property_feature-komplett-auenliegend","property_feature-mbel","property_feature-terrasse","property_state-asturias","property_city-gijon","property_area-deva"],"property_meta":{"fave_agent":["156"],"fave_agents":["156"],"fave_agent_display_option":["agent_info"],"property_agent":["156"],"custom_permalink":["inmueble\/venta\/casa\/asturias\/gijon\/04263\/"],"_thumbnail_id":["16801683"],"post_id":["Array"],"original_author":["1"],"_edit_lock":["1604137107:1"],"_edit_last":["1"],"fave_property_map_street_view":["show"],"fave_payment_status":["not_paid"],"fave_single_top_area":["global"],"fave_single_content_area":["global"],"houzez_manual_expire":["0"],"fave_property_size_prefix":["m&sup2;"],"fave_property_map":["1"],"fave_additional_features_enable":["disable"],"fave_floor_plans_enable":["disable"],"fave_multiunit_plans_enable":["disable"],"fave_prop_homeslider":["no"],"fave_featured":["0"],"fave_property_address":["Gij\u00f3n,Asturias"],"fave_property_zip":["33394"],"houzez_geolocation_lat":["43.50499057516145"],"houzez_geolocation_long":["-5.608214972217033"],"fave_property_location":["43.50499057516145,-5.608214972217033"],"fave_property_country":["ES"],"fave_property_map_address":["Gij\u00f3n,Asturias,Spain"],"fave_comunidadimporte":["0"],"fave_comunidadincluida":["0"],"fave_conservacion":["Buen estado"],"fave_orientacion":["Sur"],"fave_carpinteriainterior":["Madera"],"fave_carpinteriaexterior":["Madera"],"fave_tiposuelo":["Climalit"],"fave_vistas":[""],"additional_features":["a:5:{i:0;a:2:{s:29:\"fave_additional_feature_title\";s:12:\"Carpinter\u00eda\";s:29:\"fave_additional_feature_value\";s:6:\"Madera\";}i:1;a:2:{s:29:\"fave_additional_feature_title\";s:21:\"Carpinter\u00eda exterior\";s:29:\"fave_additional_feature_value\";s:6:\"Madera\";}i:2;a:2:{s:29:\"fave_additional_feature_title\";s:6:\"Estado\";s:29:\"fave_additional_feature_value\";s:11:\"Buen estado\";}i:3;a:2:{s:29:\"fave_additional_feature_title\";s:6:\"Vistas\";s:29:\"fave_additional_feature_value\";s:0:\"\";}i:4;a:2:{s:29:\"fave_additional_feature_title\";s:11:\"Orientacion\";s:29:\"fave_additional_feature_value\";s:3:\"Sur\";}}"],"referencia":["04263"],"fave_property_id":["04263"],"fave_property_bedrooms":["7"],"fave_property_bathrooms":["4"],"fave_property_garage":["2"],"fave_property_land":["5314"],"ave_property_land_postfix":["m&sup2;"],"fave_property_size":["369"],"fave_property_year":["1992"],"fave_energy_global_index":["307 kWh\/m&sup2; \/52 Kg CO2\/m&sup2;"],"fave_energy_class":["G"],"estate_attr_energy_class":["G"],"REAL_HOMES_property_emisiones":["52"],"REAL_HOMES_property_consumo":["307"],"REAL_HOMES_property_letra":["G"],"estate_video":[""],"fave_virtual_tour":[""],"vendidoInmueble":[""],"fave_property_price":["925000"],"fave_property_price_postfix":[""],"fave_property_images":["16801683","16801684","16801685","16801686","16801687","16801688","16801689","16801690","16801691","16801692","16801693","16801694","16801695","16801696","16801697","16801698","16801699","16801700","16801701","16801702","16801703","16801704","16801705","16801706","16801707","16801708","16801709","16801710","16801711","16801712","16801713","16801714","16801715","16801716","16801717","16801718","16801719","16801720","16801721","16801722","16801723","16801724","16801725","16801726","16801727","16801728","16801729","16801730","16801731","16801732","16801733","16801734","16801735","16801736","16801737","16801738","16801739","16801740","16801741","16801742","16801743","16801744","16801745","16801746","16801747","16801748","16801749","16801750","16801751","16801752","16801753","16801754","16801755","16801756","16801757","16801758","16801759","16801760"],"houzez_total_property_views":["4"],"houzez_views_by_date":["a:1:{s:10:\"04-29-2026\";i:4;}"],"houzez_recently_viewed":["2026-04-29 13:44:57"]},"_links":{"self":[{"href":"https:\/\/agencia-asturias.com\/de\/wp-json\/wp\/v2\/properties\/16801682","targetHints":{"allow":["GET"]}}],"collection":[{"href":"https:\/\/agencia-asturias.com\/de\/wp-json\/wp\/v2\/properties"}],"about":[{"href":"https:\/\/agencia-asturias.com\/de\/wp-json\/wp\/v2\/types\/property"}],"author":[{"embeddable":true,"href":"https:\/\/agencia-asturias.com\/de\/wp-json\/wp\/v2\/users\/1"}],"version-history":[{"count":0,"href":"https:\/\/agencia-asturias.com\/de\/wp-json\/wp\/v2\/properties\/16801682\/revisions"}],"wp:featuredmedia":[{"embeddable":true,"href":"https:\/\/agencia-asturias.com\/de\/wp-json\/wp\/v2\/media\/16801683"}],"wp:attachment":[{"href":"https:\/\/agencia-asturias.com\/de\/wp-json\/wp\/v2\/media?parent=16801682"}],"wp:term":[{"taxonomy":"property_type","embeddable":true,"href":"https:\/\/agencia-asturias.com\/de\/wp-json\/wp\/v2\/property_type?post=16801682"},{"taxonomy":"property_status","embeddable":true,"href":"https:\/\/agencia-asturias.com\/de\/wp-json\/wp\/v2\/property_status?post=16801682"},{"taxonomy":"property_feature","embeddable":true,"href":"https:\/\/agencia-asturias.com\/de\/wp-json\/wp\/v2\/property_feature?post=16801682"},{"taxonomy":"property_label","embeddable":true,"href":"https:\/\/agencia-asturias.com\/de\/wp-json\/wp\/v2\/property_label?post=16801682"},{"taxonomy":"property_state","embeddable":true,"href":"https:\/\/agencia-asturias.com\/de\/wp-json\/wp\/v2\/property_state?post=16801682"},{"taxonomy":"property_city","embeddable":true,"href":"https:\/\/agencia-asturias.com\/de\/wp-json\/wp\/v2\/property_city?post=16801682"},{"taxonomy":"property_area","embeddable":true,"href":"https:\/\/agencia-asturias.com\/de\/wp-json\/wp\/v2\/property_area?post=16801682"}],"curies":[{"name":"wp","href":"https:\/\/api.w.org\/{rel}","templated":true}]}}

<p>Haus mit parzellierbarem Grundstück und Teilungslizenz , gelegen im ruhigen und ländlichen Gebiet von Deva . Das Eigentum könnte aufgeteilt werden in ein Grundstück für das aktuelle Haus und die Scheune sowie zwei weitere bebaubare Parzellen .</p>
<p>Das Haus hat eine Gesamtbaufläche von fast 370 m² , verteilt auf sieben Zimmer und vier komplette Bäder . Seine südliche Ausrichtung ermöglicht es Ihnen , das natürliche Licht optimal zu nutzen , während Sie sich neben den ungehinderten Blicken auf das Kantabrische Meer entspannen .</p>
<p>Guter Erhaltungszustand , vollständig renovierte Innenverkleidung ,. ausgestattete Küche,. Wohnzimmer mit Kamin ; schöner Außenbereich mit Grill &#8230; Es verfügt über Warmwasser aus Solarplattenund programmierbare elektrische Heizung per WLANmit unabhängigen Thermostaten zusätzlich finden Sie Platz zum Parken Ihrer Fahrzeuge dank der Doppelgarage im Keller ; wo auch genug Stauraumfür zusätzlichen Speicherplatz oder einen Weinkeller zur Verfügung steht.</p>

<p>Haus mit parzellierbarem Grundstück und Teilungslizenz , gelegen im ruhigen und ländlichen Gebiet von Deva . Das Eigentum könnte aufgeteilt werden in ein Grundstück für das aktuelle Haus und die Scheune sowie zwei weitere bebaubare Parzellen .~ ~Das Haus hat eine Gesamtbaufläche von fast 370 m² , verteilt auf sieben Zimmer und vier </p>

Gijón,Asturias

Gijón,Asturias,Spain

a:5:{i:0;a:2:{s:29:"fave_additional_feature_title";s:12:"Carpintería";s:29:"fave_additional_feature_value";s:6:"Madera";}i:1;a:2:{s:29:"fave_additional_feature_title";s:21:"Carpintería exterior";s:29:"fave_additional_feature_value";s:6:"Madera";}i:2;a:2:{s:29:"fave_additional_feature_title";s:6:"Estado";s:29:"fave_additional_feature_value";s:11:"Buen estado";}i:3;a:2:{s:29:"fave_additional_feature_title";s:6:"Vistas";s:29:"fave_additional_feature_value";s:0:"";}i:4;a:2:{s:29:"fave_additional_feature_title";s:11:"Orientacion";s:29:"fave_additional_feature_value";s:3:"Sur";}}
