{"id":16802623,"date":"2024-10-10T18:02:24","date_gmt":"2024-10-10T18:02:24","guid":{"rendered":"https:\/\/agencia-asturias.com\/inmueble\/venta\/terreno-edificable\/asturias\/candamo\/04674\/"},"modified":"2024-10-10T18:02:24","modified_gmt":"2024-10-10T18:02:24","slug":"baubares-grundstuck-04674","status":"publish","type":"property","link":"https:\/\/agencia-asturias.com\/de\/inmueble\/venta\/terreno-edificable\/asturias\/candamo\/04674\/","title":{"rendered":"BAUBARES GRUNDST\u00dcCK &#8211; 04674"},"content":{"rendered":"<p>Im Landkreis Candamo, in Prah\u00faa werden bebauungsf\u00e4hige Grundst\u00fccke verschiedener Gr\u00f6\u00dfen ab &euro;15\/m\u00b2 verkauft. Der Preis kann je nach Lage des Grundst\u00fccks und dessen Eigenschaften sowie der M\u00f6glichkeit zur Teilung verhandelt werden. Sehr offene und sonnige Gegend. Die Entfernung von Grado betr\u00e4gt nur 15 Minuten, nach Oviedo sind es 35 Minuten und nach Pravia.<br \/>Die Grundsteuer\u00fcbertragungen sowie Notarkosten sind nicht im Preis enthalten.<\/p>\n","protected":false},"excerpt":{"rendered":"<p>Im Landkreis Candamo, in Prah\u00faa werden bebauungsf\u00e4hige Grundst\u00fccke verschiedener Gr\u00f6\u00dfen ab &euro;15\/m\u00b2 verkauft. Der Preis kann je nach Lage des Grundst\u00fccks und dessen Eigenschaften sowie der M\u00f6glichkeit zur Teilung verhandelt werden. Sehr offene und sonnige Gegend. Die Entfernung von Grado betr\u00e4gt nur 15 Minuten, nach Oviedo sind <\/p>\n","protected":false},"author":1,"featured_media":16802624,"parent":0,"menu_order":0,"template":"","property_type":[791],"property_status":[720],"property_feature":[],"property_label":[],"property_state":[419],"property_city":[684],"property_area":[685],"class_list":["post-16802623","property","type-property","status-publish","has-post-thumbnail","hentry","property_type-bebaubares-grundstuck","property_status-verkauf","property_state-asturias","property_city-candamo","property_area-candamo"],"property_meta":{"fave_agent":["59289"],"fave_agents":["59289"],"fave_agent_display_option":["agent_info"],"property_agent":["59289"],"custom_permalink":["inmueble\/venta\/terreno-edificable\/asturias\/candamo\/04674\/"],"_thumbnail_id":["16802624"],"post_id":["Array"],"original_author":["1"],"_edit_lock":["1604137107:1"],"_edit_last":["1"],"fave_property_map_street_view":["show"],"fave_payment_status":["not_paid"],"fave_single_top_area":["global"],"fave_single_content_area":["global"],"houzez_manual_expire":["0"],"fave_property_size_prefix":["m&sup2;"],"fave_property_map":["1"],"fave_additional_features_enable":["disable"],"fave_floor_plans_enable":["disable"],"fave_multiunit_plans_enable":["disable"],"fave_prop_homeslider":["no"],"fave_featured":["0"],"fave_property_address":["Candamo,Asturias"],"fave_property_zip":["33828"],"houzez_geolocation_lat":["43.420327472942034"],"houzez_geolocation_long":["-6.085575095049421"],"fave_property_location":["43.420327472942034,-6.085575095049421"],"fave_property_country":["ES"],"fave_property_map_address":["Candamo,Asturias,Spain"],"fave_comunidadimporte":["0"],"fave_comunidadincluida":["0"],"fave_conservacion":["Ninguno"],"fave_orientacion":["Sur"],"fave_carpinteriainterior":[""],"fave_carpinteriaexterior":[""],"fave_tiposuelo":[""],"fave_vistas":[""],"additional_features":["a:5:{i:0;a:2:{s:29:\"fave_additional_feature_title\";s:12:\"Carpinter\u00eda\";s:29:\"fave_additional_feature_value\";s:0:\"\";}i:1;a:2:{s:29:\"fave_additional_feature_title\";s:21:\"Carpinter\u00eda exterior\";s:29:\"fave_additional_feature_value\";s:0:\"\";}i:2;a:2:{s:29:\"fave_additional_feature_title\";s:6:\"Estado\";s:29:\"fave_additional_feature_value\";s:7:\"Ninguno\";}i:3;a:2:{s:29:\"fave_additional_feature_title\";s:6:\"Vistas\";s:29:\"fave_additional_feature_value\";s:0:\"\";}i:4;a:2:{s:29:\"fave_additional_feature_title\";s:11:\"Orientacion\";s:29:\"fave_additional_feature_value\";s:3:\"Sur\";}}"],"referencia":["04674"],"fave_property_id":["04674"],"fave_property_bedrooms":["0"],"fave_property_bathrooms":["0"],"fave_property_garage":[""],"fave_property_land":["8485"],"ave_property_land_postfix":["m&sup2;"],"fave_property_size":["0"],"fave_property_year":["0"],"fave_energy_global_index":["0 kWh\/m&sup2; \/0 Kg CO2\/m&sup2;"],"fave_energy_class":["N"],"estate_attr_energy_class":["Tramitando..."],"REAL_HOMES_property_emisiones":["0"],"REAL_HOMES_property_consumo":["0"],"REAL_HOMES_property_letra":["N"],"estate_video":[""],"fave_virtual_tour":[""],"vendidoInmueble":[""],"fave_property_price":["130000"],"fave_property_price_postfix":[""],"fave_property_images":["16802624","16802625","16802626","16802627","16802628","16802629"],"houzez_total_property_views":["1"],"houzez_views_by_date":["a:1:{s:10:\"04-29-2026\";i:1;}"],"houzez_recently_viewed":["2026-04-29 14:15:20"]},"_links":{"self":[{"href":"https:\/\/agencia-asturias.com\/de\/wp-json\/wp\/v2\/properties\/16802623","targetHints":{"allow":["GET"]}}],"collection":[{"href":"https:\/\/agencia-asturias.com\/de\/wp-json\/wp\/v2\/properties"}],"about":[{"href":"https:\/\/agencia-asturias.com\/de\/wp-json\/wp\/v2\/types\/property"}],"author":[{"embeddable":true,"href":"https:\/\/agencia-asturias.com\/de\/wp-json\/wp\/v2\/users\/1"}],"version-history":[{"count":0,"href":"https:\/\/agencia-asturias.com\/de\/wp-json\/wp\/v2\/properties\/16802623\/revisions"}],"wp:featuredmedia":[{"embeddable":true,"href":"https:\/\/agencia-asturias.com\/de\/wp-json\/wp\/v2\/media\/16802624"}],"wp:attachment":[{"href":"https:\/\/agencia-asturias.com\/de\/wp-json\/wp\/v2\/media?parent=16802623"}],"wp:term":[{"taxonomy":"property_type","embeddable":true,"href":"https:\/\/agencia-asturias.com\/de\/wp-json\/wp\/v2\/property_type?post=16802623"},{"taxonomy":"property_status","embeddable":true,"href":"https:\/\/agencia-asturias.com\/de\/wp-json\/wp\/v2\/property_status?post=16802623"},{"taxonomy":"property_feature","embeddable":true,"href":"https:\/\/agencia-asturias.com\/de\/wp-json\/wp\/v2\/property_feature?post=16802623"},{"taxonomy":"property_label","embeddable":true,"href":"https:\/\/agencia-asturias.com\/de\/wp-json\/wp\/v2\/property_label?post=16802623"},{"taxonomy":"property_state","embeddable":true,"href":"https:\/\/agencia-asturias.com\/de\/wp-json\/wp\/v2\/property_state?post=16802623"},{"taxonomy":"property_city","embeddable":true,"href":"https:\/\/agencia-asturias.com\/de\/wp-json\/wp\/v2\/property_city?post=16802623"},{"taxonomy":"property_area","embeddable":true,"href":"https:\/\/agencia-asturias.com\/de\/wp-json\/wp\/v2\/property_area?post=16802623"}],"curies":[{"name":"wp","href":"https:\/\/api.w.org\/{rel}","templated":true}]}}

BAUBARES GRUNDSTÜCK &#8211; 04674

<p>Im Landkreis Candamo, in Prahúa werden bebauungsfähige Grundstücke verschiedener Größen ab &euro;15/m² verkauft. Der Preis kann je nach Lage des Grundstücks und dessen Eigenschaften sowie der Möglichkeit zur Teilung verhandelt werden. Sehr offene und sonnige Gegend. Die Entfernung von Grado beträgt nur 15 Minuten, nach Oviedo sind es 35 Minuten und nach Pravia.<br />Die Grundsteuerübertragungen sowie Notarkosten sind nicht im Preis enthalten.</p>

<p>Im Landkreis Candamo, in Prahúa werden bebauungsfähige Grundstücke verschiedener Größen ab &euro;15/m² verkauft. Der Preis kann je nach Lage des Grundstücks und dessen Eigenschaften sowie der Möglichkeit zur Teilung verhandelt werden. Sehr offene und sonnige Gegend. Die Entfernung von Grado beträgt nur 15 Minuten, nach Oviedo sind </p>

a:5:{i:0;a:2:{s:29:"fave_additional_feature_title";s:12:"Carpintería";s:29:"fave_additional_feature_value";s:0:"";}i:1;a:2:{s:29:"fave_additional_feature_title";s:21:"Carpintería exterior";s:29:"fave_additional_feature_value";s:0:"";}i:2;a:2:{s:29:"fave_additional_feature_title";s:6:"Estado";s:29:"fave_additional_feature_value";s:7:"Ninguno";}i:3;a:2:{s:29:"fave_additional_feature_title";s:6:"Vistas";s:29:"fave_additional_feature_value";s:0:"";}i:4;a:2:{s:29:"fave_additional_feature_title";s:11:"Orientacion";s:29:"fave_additional_feature_value";s:3:"Sur";}}
