{"id":16802680,"date":"2024-11-15T11:24:19","date_gmt":"2024-11-15T11:24:19","guid":{"rendered":"https:\/\/agencia-asturias.com\/inmueble\/venta\/local-comercial\/asturias\/gijon\/04707\/"},"modified":"2024-11-15T11:24:19","modified_gmt":"2024-11-15T11:24:19","slug":"tolle-lage-um-dein-geschaft-einzurichten-04707","status":"publish","type":"property","link":"https:\/\/agencia-asturias.com\/de\/inmueble\/venta\/local-comercial\/asturias\/gijon\/04707\/","title":{"rendered":"Tolle Lage, um dein Gesch\u00e4ft einzurichten. &#8211; 04707"},"content":{"rendered":"<p>In der Stra\u00dfe Pedro Pablo an der Ecke zur Stra\u00dfe R\u00edo de Oro bietet die Agentur Asturias einen sch\u00f6nen Laden zum Verkauf an, der sich f\u00fcr jede Art von Gesch\u00e4ft eignet, da er \u00fcber einen Rauchabzug verf\u00fcgt. Es handelt sich um eine Ecke, die die M\u00f6glichkeit gro\u00dfer Schaufenster bietet, was deiner Firma viel Sichtbarkeit verleihen wird. Au\u00dferdem befindet sich der Laden gegen\u00fcber der Schule und ganz in der N\u00e4he des Gesundheitszentrums und der Schwimmb\u00e4der des Llano.<br \/>Die Grunderwerbssteuer sowie Notar- und Registrierungsgeb\u00fchren sind im Preis nicht enthalten.<\/p>\n","protected":false},"excerpt":{"rendered":"<p>In der Stra\u00dfe Pedro Pablo an der Ecke zur Stra\u00dfe R\u00edo de Oro bietet die Agentur Asturias einen sch\u00f6nen Laden zum Verkauf an, der sich f\u00fcr jede Art von Gesch\u00e4ft eignet, da er \u00fcber einen Rauchabzug verf\u00fcgt. Es handelt sich um eine Ecke, die die M\u00f6glichkeit gro\u00dfer Schaufenster bietet, was deiner Firma viel Sichtbarkeit verleihen wird. <\/p>\n","protected":false},"author":1,"featured_media":16802681,"parent":0,"menu_order":0,"template":"","property_type":[771],"property_status":[720],"property_feature":[],"property_label":[],"property_state":[419],"property_city":[420],"property_area":[435],"class_list":["post-16802680","property","type-property","status-publish","has-post-thumbnail","hentry","property_type-gewerbeimmobilie","property_status-verkauf","property_state-asturias","property_city-gijon","property_area-el-llano"],"property_meta":{"fave_agent":["59304"],"fave_agents":["59304"],"fave_agent_display_option":["agent_info"],"property_agent":["59304"],"custom_permalink":["inmueble\/venta\/local-comercial\/asturias\/gijon\/04707\/"],"_thumbnail_id":["16802681"],"post_id":["Array"],"original_author":["1"],"_edit_lock":["1604137107:1"],"_edit_last":["1"],"fave_property_map_street_view":["show"],"fave_payment_status":["not_paid"],"fave_single_top_area":["global"],"fave_single_content_area":["global"],"houzez_manual_expire":["0"],"fave_property_size_prefix":["m&sup2;"],"fave_property_map":["1"],"fave_additional_features_enable":["disable"],"fave_floor_plans_enable":["disable"],"fave_multiunit_plans_enable":["disable"],"fave_prop_homeslider":["no"],"fave_featured":["0"],"fave_property_address":["Gij\u00f3n,Asturias"],"fave_property_zip":["33209"],"houzez_geolocation_lat":["43.526811498"],"houzez_geolocation_long":["-5.664425839"],"fave_property_location":["43.526811498,-5.664425839"],"fave_property_country":["ES"],"fave_property_map_address":["Gij\u00f3n,Asturias,Spain"],"fave_comunidadimporte":["0"],"fave_comunidadincluida":["0"],"fave_conservacion":["De origen"],"fave_orientacion":[""],"fave_carpinteriainterior":[""],"fave_carpinteriaexterior":[""],"fave_tiposuelo":[""],"fave_vistas":[""],"additional_features":["a:5:{i:0;a:2:{s:29:\"fave_additional_feature_title\";s:12:\"Carpinter\u00eda\";s:29:\"fave_additional_feature_value\";s:0:\"\";}i:1;a:2:{s:29:\"fave_additional_feature_title\";s:21:\"Carpinter\u00eda exterior\";s:29:\"fave_additional_feature_value\";s:0:\"\";}i:2;a:2:{s:29:\"fave_additional_feature_title\";s:6:\"Estado\";s:29:\"fave_additional_feature_value\";s:9:\"De origen\";}i:3;a:2:{s:29:\"fave_additional_feature_title\";s:6:\"Vistas\";s:29:\"fave_additional_feature_value\";s:0:\"\";}i:4;a:2:{s:29:\"fave_additional_feature_title\";s:11:\"Orientacion\";s:29:\"fave_additional_feature_value\";s:0:\"\";}}"],"referencia":["04707"],"fave_property_id":["04707"],"fave_property_bedrooms":["0"],"fave_property_bathrooms":["0"],"fave_property_garage":[""],"fave_property_land":["0"],"ave_property_land_postfix":["m&sup2;"],"fave_property_size":["179"],"fave_property_year":["0"],"fave_energy_global_index":["0 kWh\/m&sup2; \/0 Kg CO2\/m&sup2;"],"fave_energy_class":["N"],"estate_attr_energy_class":["Tramitando..."],"REAL_HOMES_property_emisiones":["0"],"REAL_HOMES_property_consumo":["0"],"REAL_HOMES_property_letra":["N"],"estate_video":[""],"fave_virtual_tour":[""],"vendidoInmueble":[""],"fave_property_price":["240000"],"fave_property_price_postfix":[""],"fave_property_images":["16802681","16802682","16802683","16802684","16802685","16802686","16802687","16802688","16802689","16802690","16802691","16802692","16802693","16802694","16802695","16802696","16802697","16802698","16802699","16802700"],"houzez_total_property_views":["2"],"houzez_views_by_date":["a:1:{s:10:\"04-29-2026\";i:2;}"],"houzez_recently_viewed":["2026-04-29 10:14:29"]},"_links":{"self":[{"href":"https:\/\/agencia-asturias.com\/de\/wp-json\/wp\/v2\/properties\/16802680","targetHints":{"allow":["GET"]}}],"collection":[{"href":"https:\/\/agencia-asturias.com\/de\/wp-json\/wp\/v2\/properties"}],"about":[{"href":"https:\/\/agencia-asturias.com\/de\/wp-json\/wp\/v2\/types\/property"}],"author":[{"embeddable":true,"href":"https:\/\/agencia-asturias.com\/de\/wp-json\/wp\/v2\/users\/1"}],"version-history":[{"count":0,"href":"https:\/\/agencia-asturias.com\/de\/wp-json\/wp\/v2\/properties\/16802680\/revisions"}],"wp:featuredmedia":[{"embeddable":true,"href":"https:\/\/agencia-asturias.com\/de\/wp-json\/wp\/v2\/media\/16802681"}],"wp:attachment":[{"href":"https:\/\/agencia-asturias.com\/de\/wp-json\/wp\/v2\/media?parent=16802680"}],"wp:term":[{"taxonomy":"property_type","embeddable":true,"href":"https:\/\/agencia-asturias.com\/de\/wp-json\/wp\/v2\/property_type?post=16802680"},{"taxonomy":"property_status","embeddable":true,"href":"https:\/\/agencia-asturias.com\/de\/wp-json\/wp\/v2\/property_status?post=16802680"},{"taxonomy":"property_feature","embeddable":true,"href":"https:\/\/agencia-asturias.com\/de\/wp-json\/wp\/v2\/property_feature?post=16802680"},{"taxonomy":"property_label","embeddable":true,"href":"https:\/\/agencia-asturias.com\/de\/wp-json\/wp\/v2\/property_label?post=16802680"},{"taxonomy":"property_state","embeddable":true,"href":"https:\/\/agencia-asturias.com\/de\/wp-json\/wp\/v2\/property_state?post=16802680"},{"taxonomy":"property_city","embeddable":true,"href":"https:\/\/agencia-asturias.com\/de\/wp-json\/wp\/v2\/property_city?post=16802680"},{"taxonomy":"property_area","embeddable":true,"href":"https:\/\/agencia-asturias.com\/de\/wp-json\/wp\/v2\/property_area?post=16802680"}],"curies":[{"name":"wp","href":"https:\/\/api.w.org\/{rel}","templated":true}]}}

Tolle Lage, um dein Geschäft einzurichten. &#8211; 04707

<p>In der Straße Pedro Pablo an der Ecke zur Straße Río de Oro bietet die Agentur Asturias einen schönen Laden zum Verkauf an, der sich für jede Art von Geschäft eignet, da er über einen Rauchabzug verfügt. Es handelt sich um eine Ecke, die die Möglichkeit großer Schaufenster bietet, was deiner Firma viel Sichtbarkeit verleihen wird. Außerdem befindet sich der Laden gegenüber der Schule und ganz in der Nähe des Gesundheitszentrums und der Schwimmbäder des Llano.<br />Die Grunderwerbssteuer sowie Notar- und Registrierungsgebühren sind im Preis nicht enthalten.</p>

<p>In der Straße Pedro Pablo an der Ecke zur Straße Río de Oro bietet die Agentur Asturias einen schönen Laden zum Verkauf an, der sich für jede Art von Geschäft eignet, da er über einen Rauchabzug verfügt. Es handelt sich um eine Ecke, die die Möglichkeit großer Schaufenster bietet, was deiner Firma viel Sichtbarkeit verleihen wird. </p>

Gijón,Asturias

Gijón,Asturias,Spain

a:5:{i:0;a:2:{s:29:"fave_additional_feature_title";s:12:"Carpintería";s:29:"fave_additional_feature_value";s:0:"";}i:1;a:2:{s:29:"fave_additional_feature_title";s:21:"Carpintería exterior";s:29:"fave_additional_feature_value";s:0:"";}i:2;a:2:{s:29:"fave_additional_feature_title";s:6:"Estado";s:29:"fave_additional_feature_value";s:9:"De origen";}i:3;a:2:{s:29:"fave_additional_feature_title";s:6:"Vistas";s:29:"fave_additional_feature_value";s:0:"";}i:4;a:2:{s:29:"fave_additional_feature_title";s:11:"Orientacion";s:29:"fave_additional_feature_value";s:0:"";}}
