{"id":16802796,"date":"2025-01-17T18:04:07","date_gmt":"2025-01-17T18:04:07","guid":{"rendered":"https:\/\/agencia-asturias.com\/inmueble\/alquiler-temporada\/piso\/asturias\/gijon\/04745\/"},"modified":"2025-01-17T18:04:07","modified_gmt":"2025-01-17T18:04:07","slug":"von-september-bis-juli-einschlieslich-mit-garage-04745","status":"publish","type":"property","link":"https:\/\/agencia-asturias.com\/de\/inmueble\/alquiler-temporada\/piso\/asturias\/gijon\/04745\/","title":{"rendered":"Von September bis Juli einschlie\u00dflich mit Garage &#8211; 04745"},"content":{"rendered":"<p>VON SEPTEMBER BIS JULI EINSCHLIE\u00dfLICH. Nur den Monat August freilassen. Wohnung in Gijon, Bereich La Calzada, 84,00 m. Fl\u00e4che, 2 Doppelzimmer, 1 Badezimmer, Eigentum in gutem Zustand, ausgestattete K\u00fcche, Holzinnentischlerarbeiten, Gres- und Parkettb\u00f6den, PVC \/ Climalit Au\u00dfentischlerarbeiten.<br \/>Extras: Aufzug, M\u00f6bel, Busse, Einkaufszentren, medizinische Zentren, Schulen, Superm\u00e4rkte, Garage inklusive, Parkplatz inklusive.<\/p>\n","protected":false},"excerpt":{"rendered":"<p>VON SEPTEMBER BIS JULI EINSCHLIE\u00dfLICH. Nur den Monat August freilassen. Wohnung in Gijon, Bereich La Calzada, 84,00 m. Fl\u00e4che, 2 Doppelzimmer, 1 Badezimmer, Eigentum in gutem Zustand, ausgestattete K\u00fcche, Holzinnentischlerarbeiten, Gres- und Parkettb\u00f6den, PVC \/ Climalit Au\u00dfentischlerarbeiten.~Extras: Aufzug, M\u00f6bel, Busse, <\/p>\n","protected":false},"author":1,"featured_media":16802797,"parent":0,"menu_order":0,"template":"","property_type":[779],"property_status":[852],"property_feature":[722,855,724,858,860],"property_label":[],"property_state":[419],"property_city":[420],"property_area":[423],"class_list":["post-16802796","property","type-property","status-publish","has-post-thumbnail","hentry","property_type-wohnung","property_status-vermietung","property_feature-elektrogerte","property_feature-heizung","property_feature-komplett-auenliegend","property_feature-mbel","property_state-asturias","property_city-gijon","property_area-la-calzada"],"property_meta":{"fave_agent":["59308"],"fave_agents":["59308"],"fave_agent_display_option":["agent_info"],"property_agent":["59308"],"custom_permalink":["inmueble\/alquiler-temporada\/piso\/asturias\/gijon\/04745\/"],"_thumbnail_id":["16802797"],"post_id":["Array"],"original_author":["1"],"_edit_lock":["1604137107:1"],"_edit_last":["1"],"fave_property_map_street_view":["show"],"fave_payment_status":["not_paid"],"fave_single_top_area":["global"],"fave_single_content_area":["global"],"houzez_manual_expire":["0"],"fave_property_size_prefix":["m&sup2;"],"fave_property_map":["1"],"fave_additional_features_enable":["disable"],"fave_floor_plans_enable":["disable"],"fave_multiunit_plans_enable":["disable"],"fave_prop_homeslider":["no"],"fave_featured":["0"],"fave_property_address":["Gij\u00f3n,Asturias"],"fave_property_zip":["33213"],"houzez_geolocation_lat":["43.5374633714204"],"houzez_geolocation_long":["-5.69495290369312"],"fave_property_location":["43.5374633714204,-5.69495290369312"],"fave_property_country":["ES"],"fave_property_map_address":["Gij\u00f3n,Asturias,Spain"],"fave_comunidadimporte":["0"],"fave_comunidadincluida":["0"],"fave_conservacion":["Buen estado"],"fave_orientacion":[""],"fave_carpinteriainterior":["Madera"],"fave_carpinteriaexterior":["PVC"],"fave_tiposuelo":["Climalit"],"fave_vistas":[""],"additional_features":["a:5:{i:0;a:2:{s:29:\"fave_additional_feature_title\";s:12:\"Carpinter\u00eda\";s:29:\"fave_additional_feature_value\";s:6:\"Madera\";}i:1;a:2:{s:29:\"fave_additional_feature_title\";s:21:\"Carpinter\u00eda exterior\";s:29:\"fave_additional_feature_value\";s:3:\"PVC\";}i:2;a:2:{s:29:\"fave_additional_feature_title\";s:6:\"Estado\";s:29:\"fave_additional_feature_value\";s:11:\"Buen estado\";}i:3;a:2:{s:29:\"fave_additional_feature_title\";s:6:\"Vistas\";s:29:\"fave_additional_feature_value\";s:0:\"\";}i:4;a:2:{s:29:\"fave_additional_feature_title\";s:11:\"Orientacion\";s:29:\"fave_additional_feature_value\";s:0:\"\";}}"],"referencia":["04745"],"fave_property_id":["04745"],"fave_property_bedrooms":["2"],"fave_property_bathrooms":["2"],"fave_property_garage":["2"],"fave_property_land":["0"],"ave_property_land_postfix":["m&sup2;"],"fave_property_size":["84"],"fave_property_year":["1994"],"fave_energy_global_index":["0 kWh\/m&sup2; \/0 Kg CO2\/m&sup2;"],"fave_energy_class":["N"],"estate_attr_energy_class":["Tramitando..."],"REAL_HOMES_property_emisiones":["0"],"REAL_HOMES_property_consumo":["0"],"REAL_HOMES_property_letra":["N"],"estate_video":[""],"fave_virtual_tour":[""],"vendidoInmueble":[""],"fave_property_price":["700"],"fave_property_price_postfix":["mes"],"fave_property_images":["16802797","16802798","16802799","16802800","16802801","16802802","16802803","16802804","16802805","16802806","16802807","16802808","16802809","16802810","16802811","16802812","16802813","16802814","16802815","16802816","16802817","16802818","16802819","16802820","16802821","16802822","16802823","16802824","16802825","16802826","16802827","16802828","16802829","16802830","16802831","16802832","16802833","16802834","16802835","16802836","16802837","16802838"],"houzez_total_property_views":["2"],"houzez_views_by_date":["a:1:{s:10:\"04-29-2026\";i:2;}"],"houzez_recently_viewed":["2026-04-29 13:44:56"]},"_links":{"self":[{"href":"https:\/\/agencia-asturias.com\/de\/wp-json\/wp\/v2\/properties\/16802796","targetHints":{"allow":["GET"]}}],"collection":[{"href":"https:\/\/agencia-asturias.com\/de\/wp-json\/wp\/v2\/properties"}],"about":[{"href":"https:\/\/agencia-asturias.com\/de\/wp-json\/wp\/v2\/types\/property"}],"author":[{"embeddable":true,"href":"https:\/\/agencia-asturias.com\/de\/wp-json\/wp\/v2\/users\/1"}],"version-history":[{"count":0,"href":"https:\/\/agencia-asturias.com\/de\/wp-json\/wp\/v2\/properties\/16802796\/revisions"}],"wp:featuredmedia":[{"embeddable":true,"href":"https:\/\/agencia-asturias.com\/de\/wp-json\/wp\/v2\/media\/16802797"}],"wp:attachment":[{"href":"https:\/\/agencia-asturias.com\/de\/wp-json\/wp\/v2\/media?parent=16802796"}],"wp:term":[{"taxonomy":"property_type","embeddable":true,"href":"https:\/\/agencia-asturias.com\/de\/wp-json\/wp\/v2\/property_type?post=16802796"},{"taxonomy":"property_status","embeddable":true,"href":"https:\/\/agencia-asturias.com\/de\/wp-json\/wp\/v2\/property_status?post=16802796"},{"taxonomy":"property_feature","embeddable":true,"href":"https:\/\/agencia-asturias.com\/de\/wp-json\/wp\/v2\/property_feature?post=16802796"},{"taxonomy":"property_label","embeddable":true,"href":"https:\/\/agencia-asturias.com\/de\/wp-json\/wp\/v2\/property_label?post=16802796"},{"taxonomy":"property_state","embeddable":true,"href":"https:\/\/agencia-asturias.com\/de\/wp-json\/wp\/v2\/property_state?post=16802796"},{"taxonomy":"property_city","embeddable":true,"href":"https:\/\/agencia-asturias.com\/de\/wp-json\/wp\/v2\/property_city?post=16802796"},{"taxonomy":"property_area","embeddable":true,"href":"https:\/\/agencia-asturias.com\/de\/wp-json\/wp\/v2\/property_area?post=16802796"}],"curies":[{"name":"wp","href":"https:\/\/api.w.org\/{rel}","templated":true}]}}

Von September bis Juli einschließlich mit Garage &#8211; 04745

<p>VON SEPTEMBER BIS JULI EINSCHLIEßLICH. Nur den Monat August freilassen. Wohnung in Gijon, Bereich La Calzada, 84,00 m. Fläche, 2 Doppelzimmer, 1 Badezimmer, Eigentum in gutem Zustand, ausgestattete Küche, Holzinnentischlerarbeiten, Gres- und Parkettböden, PVC / Climalit Außentischlerarbeiten.<br />Extras: Aufzug, Möbel, Busse, Einkaufszentren, medizinische Zentren, Schulen, Supermärkte, Garage inklusive, Parkplatz inklusive.</p>

<p>VON SEPTEMBER BIS JULI EINSCHLIEßLICH. Nur den Monat August freilassen. Wohnung in Gijon, Bereich La Calzada, 84,00 m. Fläche, 2 Doppelzimmer, 1 Badezimmer, Eigentum in gutem Zustand, ausgestattete Küche, Holzinnentischlerarbeiten, Gres- und Parkettböden, PVC / Climalit Außentischlerarbeiten.~Extras: Aufzug, Möbel, Busse, </p>

Gijón,Asturias

Gijón,Asturias,Spain

a:5:{i:0;a:2:{s:29:"fave_additional_feature_title";s:12:"Carpintería";s:29:"fave_additional_feature_value";s:6:"Madera";}i:1;a:2:{s:29:"fave_additional_feature_title";s:21:"Carpintería exterior";s:29:"fave_additional_feature_value";s:3:"PVC";}i:2;a:2:{s:29:"fave_additional_feature_title";s:6:"Estado";s:29:"fave_additional_feature_value";s:11:"Buen estado";}i:3;a:2:{s:29:"fave_additional_feature_title";s:6:"Vistas";s:29:"fave_additional_feature_value";s:0:"";}i:4;a:2:{s:29:"fave_additional_feature_title";s:11:"Orientacion";s:29:"fave_additional_feature_value";s:0:"";}}
