{"id":16803134,"date":"2025-05-14T13:25:02","date_gmt":"2025-05-14T13:25:02","guid":{"rendered":"https:\/\/agencia-asturias.com\/inmueble\/alquiler\/local-comercial\/asturias\/gijon\/04850\/"},"modified":"2025-05-14T13:25:02","modified_gmt":"2025-05-14T13:25:02","slug":"alquiler-de-local-comercial-en-gijon-04850-de","status":"publish","type":"property","link":"https:\/\/agencia-asturias.com\/de\/inmueble\/alquiler\/local-comercial\/asturias\/gijon\/04850\/","title":{"rendered":"Alquiler de Local comercial en Gijon &#8211; 04850"},"content":{"rendered":"<p>Gastronomischer Raum zur Miete im Herzen von Gij\u00f3n, nur wenige Gehminuten von den Sehensw\u00fcrdigkeiten der Stadt entfernt: Calle Corrida , Yachthafen , Strand San Lorenzo , Ruta de los Vinos , Jardines de Bego\u00f1a usw . Der Raum ist vollst\u00e4ndig ausgestattet und derzeit in Betrieb; deshalb hat er alle g\u00fcltigen Lizenzen ordnungsgem\u00e4\u00df vorliegen sowie einen Abluftkanal . Dies ist eine ausgezeichnete Gelegenheit sowohl als Investition f\u00fcr sehr interessante Renditen zu erzielen als auch um Ihr eigenes Gesch\u00e4ft ab dem ersten Tag aufzubauen. Rufen Sie uns an und Sie k\u00f6nnen es ohne Verpflichtung mit Agency Asturias besichtigen.<\/p>\n","protected":false},"excerpt":{"rendered":"<p>Gastronomischer Raum zur Miete im Herzen von Gij\u00f3n, nur wenige Gehminuten von den Sehensw\u00fcrdigkeiten der Stadt entfernt: Calle Corrida , Yachthafen , Strand San Lorenzo , Ruta de los Vinos , Jardines de Bego\u00f1a usw . Der Raum ist vollst\u00e4ndig ausgestattet und derzeit in Betrieb; deshalb hat er alle g\u00fcltigen Lizenzen ordnungsgem\u00e4\u00df <\/p>\n","protected":false},"author":1,"featured_media":16803135,"parent":0,"menu_order":0,"template":"","property_type":[771],"property_status":[852],"property_feature":[855,743,724,856],"property_label":[],"property_state":[419],"property_city":[420],"property_area":[421],"class_list":["post-16803134","property","type-property","status-publish","has-post-thumbnail","hentry","property_type-gewerbeimmobilie","property_status-vermietung","property_feature-elektrogerte","property_feature-garten","property_feature-heizung","property_feature-stadtgas","property_state-asturias","property_city-gijon","property_area-centro"],"property_meta":{"fave_agent":["59311"],"fave_agents":["59311"],"fave_agent_display_option":["agent_info"],"property_agent":["59311"],"custom_permalink":["inmueble\/alquiler\/local-comercial\/asturias\/gijon\/04850\/"],"_thumbnail_id":["16803135"],"post_id":["Array"],"original_author":["1"],"_edit_lock":["1604137107:1"],"_edit_last":["1"],"fave_property_map_street_view":["show"],"fave_payment_status":["not_paid"],"fave_single_top_area":["global"],"fave_single_content_area":["global"],"houzez_manual_expire":["0"],"fave_property_size_prefix":["m&sup2;"],"fave_property_map":["1"],"fave_additional_features_enable":["disable"],"fave_floor_plans_enable":["disable"],"fave_multiunit_plans_enable":["disable"],"fave_prop_homeslider":["no"],"fave_featured":["0"],"fave_property_address":["Gij\u00f3n,Asturias"],"fave_property_zip":["33206"],"houzez_geolocation_lat":["43.53947103"],"houzez_geolocation_long":["-5.66543195"],"fave_property_location":["43.53947103,-5.66543195"],"fave_property_country":["ES"],"fave_property_map_address":["Gij\u00f3n,Asturias,Spain"],"fave_comunidadimporte":["150"],"fave_comunidadincluida":["0"],"fave_conservacion":["Reformado"],"fave_orientacion":["Oeste"],"fave_carpinteriainterior":[""],"fave_carpinteriaexterior":[""],"fave_tiposuelo":[""],"fave_vistas":[""],"additional_features":["a:5:{i:0;a:2:{s:29:\"fave_additional_feature_title\";s:12:\"Carpinter\u00eda\";s:29:\"fave_additional_feature_value\";s:0:\"\";}i:1;a:2:{s:29:\"fave_additional_feature_title\";s:21:\"Carpinter\u00eda exterior\";s:29:\"fave_additional_feature_value\";s:0:\"\";}i:2;a:2:{s:29:\"fave_additional_feature_title\";s:6:\"Estado\";s:29:\"fave_additional_feature_value\";s:9:\"Reformado\";}i:3;a:2:{s:29:\"fave_additional_feature_title\";s:6:\"Vistas\";s:29:\"fave_additional_feature_value\";s:0:\"\";}i:4;a:2:{s:29:\"fave_additional_feature_title\";s:11:\"Orientacion\";s:29:\"fave_additional_feature_value\";s:5:\"Oeste\";}}"],"referencia":["04850"],"fave_property_id":["04850"],"fave_property_bedrooms":["0"],"fave_property_bathrooms":["2"],"fave_property_garage":[""],"fave_property_land":["0"],"ave_property_land_postfix":["m&sup2;"],"fave_property_size":["127"],"fave_property_year":["1997"],"fave_energy_global_index":["0 kWh\/m&sup2; \/0 Kg CO2\/m&sup2;"],"fave_energy_class":["N"],"estate_attr_energy_class":["Tramitando..."],"REAL_HOMES_property_emisiones":["0"],"REAL_HOMES_property_consumo":["0"],"REAL_HOMES_property_letra":["N"],"estate_video":[""],"fave_video_url":["https:\/\/www.youtube.com\/watch?v=fzKt4xKMEmA"],"fave_video_image":["https:\/\/fotos15.apinmo.com\/1445\/24987302\/1-1.jpg"],"fave_virtual_tour":[""],"vendidoInmueble":[""],"fave_property_price":["1180"],"fave_property_price_postfix":["mes"],"fave_property_images":["16803135","16803136","16803137","16803138","16803139","16803140","16803141","16803142","16803143","16803144","16803145","16803146","16803147","16803148","16803149","16803150","16803151","16803152","16803153","16803154","16803155","16803156","16803157","16803158","16803159","16803160","16803161","16803162","16803163","16803164","16803165","16803166","16803167","16803168","16803169","16803170","16803171","16803172","16803173","16803174","16803175","16803176","16803177","16803178","16803179"],"houzez_total_property_views":["2"],"houzez_views_by_date":["a:1:{s:10:\"04-29-2026\";i:2;}"],"houzez_recently_viewed":["2026-04-29 10:14:51"]},"_links":{"self":[{"href":"https:\/\/agencia-asturias.com\/de\/wp-json\/wp\/v2\/properties\/16803134","targetHints":{"allow":["GET"]}}],"collection":[{"href":"https:\/\/agencia-asturias.com\/de\/wp-json\/wp\/v2\/properties"}],"about":[{"href":"https:\/\/agencia-asturias.com\/de\/wp-json\/wp\/v2\/types\/property"}],"author":[{"embeddable":true,"href":"https:\/\/agencia-asturias.com\/de\/wp-json\/wp\/v2\/users\/1"}],"version-history":[{"count":0,"href":"https:\/\/agencia-asturias.com\/de\/wp-json\/wp\/v2\/properties\/16803134\/revisions"}],"wp:featuredmedia":[{"embeddable":true,"href":"https:\/\/agencia-asturias.com\/de\/wp-json\/wp\/v2\/media\/16803135"}],"wp:attachment":[{"href":"https:\/\/agencia-asturias.com\/de\/wp-json\/wp\/v2\/media?parent=16803134"}],"wp:term":[{"taxonomy":"property_type","embeddable":true,"href":"https:\/\/agencia-asturias.com\/de\/wp-json\/wp\/v2\/property_type?post=16803134"},{"taxonomy":"property_status","embeddable":true,"href":"https:\/\/agencia-asturias.com\/de\/wp-json\/wp\/v2\/property_status?post=16803134"},{"taxonomy":"property_feature","embeddable":true,"href":"https:\/\/agencia-asturias.com\/de\/wp-json\/wp\/v2\/property_feature?post=16803134"},{"taxonomy":"property_label","embeddable":true,"href":"https:\/\/agencia-asturias.com\/de\/wp-json\/wp\/v2\/property_label?post=16803134"},{"taxonomy":"property_state","embeddable":true,"href":"https:\/\/agencia-asturias.com\/de\/wp-json\/wp\/v2\/property_state?post=16803134"},{"taxonomy":"property_city","embeddable":true,"href":"https:\/\/agencia-asturias.com\/de\/wp-json\/wp\/v2\/property_city?post=16803134"},{"taxonomy":"property_area","embeddable":true,"href":"https:\/\/agencia-asturias.com\/de\/wp-json\/wp\/v2\/property_area?post=16803134"}],"curies":[{"name":"wp","href":"https:\/\/api.w.org\/{rel}","templated":true}]}}

<p>Gastronomischer Raum zur Miete im Herzen von Gijón, nur wenige Gehminuten von den Sehenswürdigkeiten der Stadt entfernt: Calle Corrida , Yachthafen , Strand San Lorenzo , Ruta de los Vinos , Jardines de Begoña usw . Der Raum ist vollständig ausgestattet und derzeit in Betrieb; deshalb hat er alle gültigen Lizenzen ordnungsgemäß vorliegen sowie einen Abluftkanal . Dies ist eine ausgezeichnete Gelegenheit sowohl als Investition für sehr interessante Renditen zu erzielen als auch um Ihr eigenes Geschäft ab dem ersten Tag aufzubauen. Rufen Sie uns an und Sie können es ohne Verpflichtung mit Agency Asturias besichtigen.</p>

<p>Gastronomischer Raum zur Miete im Herzen von Gijón, nur wenige Gehminuten von den Sehenswürdigkeiten der Stadt entfernt: Calle Corrida , Yachthafen , Strand San Lorenzo , Ruta de los Vinos , Jardines de Begoña usw . Der Raum ist vollständig ausgestattet und derzeit in Betrieb; deshalb hat er alle gültigen Lizenzen ordnungsgemäß </p>

Gijón,Asturias

Gijón,Asturias,Spain

a:5:{i:0;a:2:{s:29:"fave_additional_feature_title";s:12:"Carpintería";s:29:"fave_additional_feature_value";s:0:"";}i:1;a:2:{s:29:"fave_additional_feature_title";s:21:"Carpintería exterior";s:29:"fave_additional_feature_value";s:0:"";}i:2;a:2:{s:29:"fave_additional_feature_title";s:6:"Estado";s:29:"fave_additional_feature_value";s:9:"Reformado";}i:3;a:2:{s:29:"fave_additional_feature_title";s:6:"Vistas";s:29:"fave_additional_feature_value";s:0:"";}i:4;a:2:{s:29:"fave_additional_feature_title";s:11:"Orientacion";s:29:"fave_additional_feature_value";s:5:"Oeste";}}
