{"id":16803322,"date":"2025-07-04T12:08:14","date_gmt":"2025-07-04T12:08:14","guid":{"rendered":"https:\/\/agencia-asturias.com\/inmueble\/venta\/local-comercial\/asturias\/gijon\/04900\/"},"modified":"2025-07-04T12:08:14","modified_gmt":"2025-07-04T12:08:14","slug":"local-comercial-centrico-04900-de","status":"publish","type":"property","link":"https:\/\/agencia-asturias.com\/de\/inmueble\/venta\/local-comercial\/asturias\/gijon\/04900\/","title":{"rendered":"Local comercial c\u00e9ntrico &#8211; 04900"},"content":{"rendered":"<p>Die Agentur Asturias verkauft einen fantastischen Gewerberaum, ideal f\u00fcr Investitionen oder zur Gr\u00fcndung Ihres Unternehmens. Es ist auf Erdgeschoss und Mezzanine verteilt, verf\u00fcgt \u00fcber ein WC und hat zudem ein sehr gutes Schaufenster. Derzeit ist es als Zubeh\u00f6rgesch\u00e4ft t\u00e4tig, kann jedoch f\u00fcr jede Art von Gesch\u00e4ft umgewandelt werden. Es gibt keinen Rauchabzug. Es ist sehr gut gelegen, in einer erstklassigen Lage mit Fu\u00dfg\u00e4ngerverkehr, neben dem Platz Seis de Agosto, gegen\u00fcber dem Mercado Sur und dem Gesundheitszentrum. Wenn Sie weitere Informationen w\u00fcnschen oder einen Besuch vereinbaren m\u00f6chten, z\u00f6gern Sie bitte nicht, uns anzurufen.<br \/>Grunderwerbsteuer, Notar- und Registrierungsgeb\u00fchren sind nicht im Preis enthalten.<\/p>\n","protected":false},"excerpt":{"rendered":"<p>Die Agentur Asturias verkauft einen fantastischen Gewerberaum, ideal f\u00fcr Investitionen oder zur Gr\u00fcndung Ihres Unternehmens. Es ist auf Erdgeschoss und Mezzanine verteilt, verf\u00fcgt \u00fcber ein WC und hat zudem ein sehr gutes Schaufenster. Derzeit ist es als Zubeh\u00f6rgesch\u00e4ft t\u00e4tig, kann jedoch f\u00fcr jede Art von Gesch\u00e4ft umgewandelt werden.<\/p>\n","protected":false},"author":1,"featured_media":16803323,"parent":0,"menu_order":0,"template":"","property_type":[771],"property_status":[720],"property_feature":[],"property_label":[],"property_state":[419],"property_city":[420],"property_area":[687],"class_list":["post-16803322","property","type-property","status-publish","has-post-thumbnail","hentry","property_type-gewerbeimmobilie","property_status-verkauf","property_state-asturias","property_city-gijon","property_area-centro-puerto"],"property_meta":{"fave_agent":["59302"],"fave_agents":["59302"],"fave_agent_display_option":["agent_info"],"property_agent":["59302"],"custom_permalink":["inmueble\/venta\/local-comercial\/asturias\/gijon\/04900\/"],"_thumbnail_id":["16803323"],"post_id":["Array"],"original_author":["1"],"_edit_lock":["1604137107:1"],"_edit_last":["1"],"fave_property_map_street_view":["show"],"fave_payment_status":["not_paid"],"fave_single_top_area":["global"],"fave_single_content_area":["global"],"houzez_manual_expire":["0"],"fave_property_size_prefix":["m&sup2;"],"fave_property_map":["1"],"fave_additional_features_enable":["disable"],"fave_floor_plans_enable":["disable"],"fave_multiunit_plans_enable":["disable"],"fave_prop_homeslider":["no"],"fave_featured":["0"],"fave_property_address":["Gij\u00f3n,Asturias"],"fave_property_zip":["33206"],"houzez_geolocation_lat":["43.539314193"],"houzez_geolocation_long":["-5.664012614"],"fave_property_location":["43.539314193,-5.664012614"],"fave_property_country":["ES"],"fave_property_map_address":["Gij\u00f3n,Asturias,Spain"],"fave_comunidadimporte":["0"],"fave_comunidadincluida":["0"],"fave_conservacion":["Buen estado"],"fave_orientacion":[""],"fave_carpinteriainterior":[""],"fave_carpinteriaexterior":[""],"fave_tiposuelo":[""],"fave_vistas":[""],"additional_features":["a:5:{i:0;a:2:{s:29:\"fave_additional_feature_title\";s:12:\"Carpinter\u00eda\";s:29:\"fave_additional_feature_value\";s:0:\"\";}i:1;a:2:{s:29:\"fave_additional_feature_title\";s:21:\"Carpinter\u00eda exterior\";s:29:\"fave_additional_feature_value\";s:0:\"\";}i:2;a:2:{s:29:\"fave_additional_feature_title\";s:6:\"Estado\";s:29:\"fave_additional_feature_value\";s:11:\"Buen estado\";}i:3;a:2:{s:29:\"fave_additional_feature_title\";s:6:\"Vistas\";s:29:\"fave_additional_feature_value\";s:0:\"\";}i:4;a:2:{s:29:\"fave_additional_feature_title\";s:11:\"Orientacion\";s:29:\"fave_additional_feature_value\";s:0:\"\";}}"],"referencia":["04900"],"fave_property_id":["04900"],"fave_property_bedrooms":["0"],"fave_property_bathrooms":["0"],"fave_property_garage":[""],"fave_property_land":["0"],"ave_property_land_postfix":["m&sup2;"],"fave_property_size":["78"],"fave_property_year":["1974"],"fave_energy_global_index":["0 kWh\/m&sup2; \/1234.99 Kg CO2\/m&sup2;"],"fave_energy_class":["N"],"estate_attr_energy_class":["Tramitando..."],"REAL_HOMES_property_emisiones":["1234.99"],"REAL_HOMES_property_consumo":["0"],"REAL_HOMES_property_letra":["N"],"estate_video":[""],"fave_virtual_tour":[""],"vendidoInmueble":[""],"fave_property_price":["150000"],"fave_property_price_postfix":[""],"fave_property_images":["16803323","16803324","16803325","16803326","16803327","16803328","16803329","16803330","16803331","16803332","16803333"],"houzez_total_property_views":["2"],"houzez_views_by_date":["a:1:{s:10:\"04-29-2026\";i:2;}"],"houzez_recently_viewed":["2026-04-29 10:14:29"]},"_links":{"self":[{"href":"https:\/\/agencia-asturias.com\/de\/wp-json\/wp\/v2\/properties\/16803322","targetHints":{"allow":["GET"]}}],"collection":[{"href":"https:\/\/agencia-asturias.com\/de\/wp-json\/wp\/v2\/properties"}],"about":[{"href":"https:\/\/agencia-asturias.com\/de\/wp-json\/wp\/v2\/types\/property"}],"author":[{"embeddable":true,"href":"https:\/\/agencia-asturias.com\/de\/wp-json\/wp\/v2\/users\/1"}],"version-history":[{"count":0,"href":"https:\/\/agencia-asturias.com\/de\/wp-json\/wp\/v2\/properties\/16803322\/revisions"}],"wp:featuredmedia":[{"embeddable":true,"href":"https:\/\/agencia-asturias.com\/de\/wp-json\/wp\/v2\/media\/16803323"}],"wp:attachment":[{"href":"https:\/\/agencia-asturias.com\/de\/wp-json\/wp\/v2\/media?parent=16803322"}],"wp:term":[{"taxonomy":"property_type","embeddable":true,"href":"https:\/\/agencia-asturias.com\/de\/wp-json\/wp\/v2\/property_type?post=16803322"},{"taxonomy":"property_status","embeddable":true,"href":"https:\/\/agencia-asturias.com\/de\/wp-json\/wp\/v2\/property_status?post=16803322"},{"taxonomy":"property_feature","embeddable":true,"href":"https:\/\/agencia-asturias.com\/de\/wp-json\/wp\/v2\/property_feature?post=16803322"},{"taxonomy":"property_label","embeddable":true,"href":"https:\/\/agencia-asturias.com\/de\/wp-json\/wp\/v2\/property_label?post=16803322"},{"taxonomy":"property_state","embeddable":true,"href":"https:\/\/agencia-asturias.com\/de\/wp-json\/wp\/v2\/property_state?post=16803322"},{"taxonomy":"property_city","embeddable":true,"href":"https:\/\/agencia-asturias.com\/de\/wp-json\/wp\/v2\/property_city?post=16803322"},{"taxonomy":"property_area","embeddable":true,"href":"https:\/\/agencia-asturias.com\/de\/wp-json\/wp\/v2\/property_area?post=16803322"}],"curies":[{"name":"wp","href":"https:\/\/api.w.org\/{rel}","templated":true}]}}

Local comercial céntrico &#8211; 04900

<p>Die Agentur Asturias verkauft einen fantastischen Gewerberaum, ideal für Investitionen oder zur Gründung Ihres Unternehmens. Es ist auf Erdgeschoss und Mezzanine verteilt, verfügt über ein WC und hat zudem ein sehr gutes Schaufenster. Derzeit ist es als Zubehörgeschäft tätig, kann jedoch für jede Art von Geschäft umgewandelt werden. Es gibt keinen Rauchabzug. Es ist sehr gut gelegen, in einer erstklassigen Lage mit Fußgängerverkehr, neben dem Platz Seis de Agosto, gegenüber dem Mercado Sur und dem Gesundheitszentrum. Wenn Sie weitere Informationen wünschen oder einen Besuch vereinbaren möchten, zögern Sie bitte nicht, uns anzurufen.<br />Grunderwerbsteuer, Notar- und Registrierungsgebühren sind nicht im Preis enthalten.</p>

<p>Die Agentur Asturias verkauft einen fantastischen Gewerberaum, ideal für Investitionen oder zur Gründung Ihres Unternehmens. Es ist auf Erdgeschoss und Mezzanine verteilt, verfügt über ein WC und hat zudem ein sehr gutes Schaufenster. Derzeit ist es als Zubehörgeschäft tätig, kann jedoch für jede Art von Geschäft umgewandelt werden.</p>

Gijón,Asturias

Gijón,Asturias,Spain

a:5:{i:0;a:2:{s:29:"fave_additional_feature_title";s:12:"Carpintería";s:29:"fave_additional_feature_value";s:0:"";}i:1;a:2:{s:29:"fave_additional_feature_title";s:21:"Carpintería exterior";s:29:"fave_additional_feature_value";s:0:"";}i:2;a:2:{s:29:"fave_additional_feature_title";s:6:"Estado";s:29:"fave_additional_feature_value";s:11:"Buen estado";}i:3;a:2:{s:29:"fave_additional_feature_title";s:6:"Vistas";s:29:"fave_additional_feature_value";s:0:"";}i:4;a:2:{s:29:"fave_additional_feature_title";s:11:"Orientacion";s:29:"fave_additional_feature_value";s:0:"";}}
