{"id":16803944,"date":"2025-10-15T16:45:52","date_gmt":"2025-10-15T16:45:52","guid":{"rendered":"https:\/\/agencia-asturias.com\/inmueble\/venta\/garaje\/asturias\/oviedo\/04972\/"},"modified":"2025-10-15T16:45:52","modified_gmt":"2025-10-15T16:45:52","slug":"parkplatz-im-herzen-von-oviedo-04972","status":"publish","type":"property","link":"https:\/\/agencia-asturias.com\/de\/inmueble\/venta\/garaje\/asturias\/oviedo\/04972\/","title":{"rendered":"Parkplatz im Herzen von Oviedo &#8211; 04972"},"content":{"rendered":"<p>Parkplatz zum Verkauf im Herzen von Oviedo, in der Stra\u00dfe Manuel Pedregal; mit einer privilegierten Lage, weniger als eine Minute zu Fu\u00df von der Stra\u00dfe Ur\u00eda oder von den Bahnh\u00f6fen und Busstationen der Hauptstadt entfernt.<\/p>\n<p>Fl\u00e4che von 22 Quadratmetern gem\u00e4\u00df Kataster. Befindet sich im -3. Untergeschoss eines 1985 erbauten Geb\u00e4udes, mit sehr gutem Zugang und breiten, leicht befahrbaren Wegen, um zum Parkplatz zu gelangen.<\/p>\n<p>I.B.I &#8230; 41,95 &euro;.<br \/>Hausgeld &#8218;halbj\u00e4hrlich&#8216; &#8230; 50,15 &euro;.<\/p>\n<p>Rufen Sie uns an, und Sie k\u00f6nnen es unverbindlich mit Agencia Asturias besichtigen.<\/p>\n<p>Grunderwerbssteuer sowie Notar- und Registrierungsgeb\u00fchren sind im Preis nicht enthalten.<\/p>\n","protected":false},"excerpt":{"rendered":"<p>Parkplatz zum Verkauf im Herzen von Oviedo, in der Stra\u00dfe Manuel Pedregal; mit einer privilegierten Lage, weniger als eine Minute zu Fu\u00df von der Stra\u00dfe Ur\u00eda oder von den Bahnh\u00f6fen und Busstationen der Hauptstadt entfernt.~~Fl\u00e4che von 22 Quadratmetern gem\u00e4\u00df Kataster. Befindet sich im -3. Untergeschoss eines 1985 erbauten Geb\u00e4udes, <\/p>\n","protected":false},"author":1,"featured_media":16803945,"parent":0,"menu_order":0,"template":"","property_type":[781],"property_status":[720],"property_feature":[],"property_label":[],"property_state":[419],"property_city":[470],"property_area":[472],"class_list":["post-16803944","property","type-property","status-publish","has-post-thumbnail","hentry","property_type-garage","property_status-verkauf","property_state-asturias","property_city-oviedo","property_area-centro"],"property_meta":{"fave_agent":["59315"],"fave_agents":["59315"],"fave_agent_display_option":["agent_info"],"property_agent":["59315"],"custom_permalink":["inmueble\/venta\/garaje\/asturias\/oviedo\/04972\/"],"_thumbnail_id":["16803945"],"post_id":["Array"],"original_author":["1"],"_edit_lock":["1604137107:1"],"_edit_last":["1"],"fave_property_map_street_view":["show"],"fave_payment_status":["not_paid"],"fave_single_top_area":["global"],"fave_single_content_area":["global"],"houzez_manual_expire":["0"],"fave_property_size_prefix":["m&sup2;"],"fave_property_map":["1"],"fave_additional_features_enable":["disable"],"fave_floor_plans_enable":["disable"],"fave_multiunit_plans_enable":["disable"],"fave_prop_homeslider":["no"],"fave_featured":["0"],"fave_property_address":["Oviedo,Asturias"],"fave_property_zip":["33001"],"houzez_geolocation_lat":["43.366431124"],"houzez_geolocation_long":["-5.852551025"],"fave_property_location":["43.366431124,-5.852551025"],"fave_property_country":["ES"],"fave_property_map_address":["Oviedo,Asturias,Spain"],"fave_comunidadimporte":["50.15"],"fave_comunidadincluida":["0"],"fave_conservacion":["Buen estado"],"fave_orientacion":[""],"fave_carpinteriainterior":[""],"fave_carpinteriaexterior":[""],"fave_tiposuelo":[""],"fave_vistas":[""],"additional_features":["a:5:{i:0;a:2:{s:29:\"fave_additional_feature_title\";s:12:\"Carpinter\u00eda\";s:29:\"fave_additional_feature_value\";s:0:\"\";}i:1;a:2:{s:29:\"fave_additional_feature_title\";s:21:\"Carpinter\u00eda exterior\";s:29:\"fave_additional_feature_value\";s:0:\"\";}i:2;a:2:{s:29:\"fave_additional_feature_title\";s:6:\"Estado\";s:29:\"fave_additional_feature_value\";s:11:\"Buen estado\";}i:3;a:2:{s:29:\"fave_additional_feature_title\";s:6:\"Vistas\";s:29:\"fave_additional_feature_value\";s:0:\"\";}i:4;a:2:{s:29:\"fave_additional_feature_title\";s:11:\"Orientacion\";s:29:\"fave_additional_feature_value\";s:0:\"\";}}"],"referencia":["04972"],"fave_property_id":["04972"],"fave_property_bedrooms":["0"],"fave_property_bathrooms":["0"],"fave_property_garage":[""],"fave_property_land":["0"],"ave_property_land_postfix":["m&sup2;"],"fave_property_size":["23"],"fave_property_year":["1985"],"fave_energy_global_index":["0 kWh\/m&sup2; \/0 Kg CO2\/m&sup2;"],"fave_energy_class":["N"],"estate_attr_energy_class":["Tramitando..."],"REAL_HOMES_property_emisiones":["0"],"REAL_HOMES_property_consumo":["0"],"REAL_HOMES_property_letra":["N"],"estate_video":[""],"fave_virtual_tour":[""],"vendidoInmueble":[""],"fave_property_price":["21000"],"fave_property_price_postfix":[""],"fave_property_images":["16803945","16803946","16803947","16803948","16803949","16803950","16803951","16803952","16803953","16803954","16803955","16803956","16803957","16803958","16803959"],"houzez_total_property_views":["1"],"houzez_views_by_date":["a:1:{s:10:\"04-29-2026\";i:1;}"],"houzez_recently_viewed":["2026-04-29 13:52:27"]},"_links":{"self":[{"href":"https:\/\/agencia-asturias.com\/de\/wp-json\/wp\/v2\/properties\/16803944","targetHints":{"allow":["GET"]}}],"collection":[{"href":"https:\/\/agencia-asturias.com\/de\/wp-json\/wp\/v2\/properties"}],"about":[{"href":"https:\/\/agencia-asturias.com\/de\/wp-json\/wp\/v2\/types\/property"}],"author":[{"embeddable":true,"href":"https:\/\/agencia-asturias.com\/de\/wp-json\/wp\/v2\/users\/1"}],"version-history":[{"count":0,"href":"https:\/\/agencia-asturias.com\/de\/wp-json\/wp\/v2\/properties\/16803944\/revisions"}],"wp:featuredmedia":[{"embeddable":true,"href":"https:\/\/agencia-asturias.com\/de\/wp-json\/wp\/v2\/media\/16803945"}],"wp:attachment":[{"href":"https:\/\/agencia-asturias.com\/de\/wp-json\/wp\/v2\/media?parent=16803944"}],"wp:term":[{"taxonomy":"property_type","embeddable":true,"href":"https:\/\/agencia-asturias.com\/de\/wp-json\/wp\/v2\/property_type?post=16803944"},{"taxonomy":"property_status","embeddable":true,"href":"https:\/\/agencia-asturias.com\/de\/wp-json\/wp\/v2\/property_status?post=16803944"},{"taxonomy":"property_feature","embeddable":true,"href":"https:\/\/agencia-asturias.com\/de\/wp-json\/wp\/v2\/property_feature?post=16803944"},{"taxonomy":"property_label","embeddable":true,"href":"https:\/\/agencia-asturias.com\/de\/wp-json\/wp\/v2\/property_label?post=16803944"},{"taxonomy":"property_state","embeddable":true,"href":"https:\/\/agencia-asturias.com\/de\/wp-json\/wp\/v2\/property_state?post=16803944"},{"taxonomy":"property_city","embeddable":true,"href":"https:\/\/agencia-asturias.com\/de\/wp-json\/wp\/v2\/property_city?post=16803944"},{"taxonomy":"property_area","embeddable":true,"href":"https:\/\/agencia-asturias.com\/de\/wp-json\/wp\/v2\/property_area?post=16803944"}],"curies":[{"name":"wp","href":"https:\/\/api.w.org\/{rel}","templated":true}]}}

<p>Parkplatz zum Verkauf im Herzen von Oviedo, in der Straße Manuel Pedregal; mit einer privilegierten Lage, weniger als eine Minute zu Fuß von der Straße Uría oder von den Bahnhöfen und Busstationen der Hauptstadt entfernt.</p>
<p>Fläche von 22 Quadratmetern gemäß Kataster. Befindet sich im -3. Untergeschoss eines 1985 erbauten Gebäudes, mit sehr gutem Zugang und breiten, leicht befahrbaren Wegen, um zum Parkplatz zu gelangen.</p>
<p>I.B.I &#8230; 41,95 &euro;.<br />Hausgeld &#8218;halbjährlich&#8216; &#8230; 50,15 &euro;.</p>
<p>Rufen Sie uns an, und Sie können es unverbindlich mit Agencia Asturias besichtigen.</p>
<p>Grunderwerbssteuer sowie Notar- und Registrierungsgebühren sind im Preis nicht enthalten.</p>

<p>Parkplatz zum Verkauf im Herzen von Oviedo, in der Straße Manuel Pedregal; mit einer privilegierten Lage, weniger als eine Minute zu Fuß von der Straße Uría oder von den Bahnhöfen und Busstationen der Hauptstadt entfernt.~~Fläche von 22 Quadratmetern gemäß Kataster. Befindet sich im -3. Untergeschoss eines 1985 erbauten Gebäudes, </p>

a:5:{i:0;a:2:{s:29:"fave_additional_feature_title";s:12:"Carpintería";s:29:"fave_additional_feature_value";s:0:"";}i:1;a:2:{s:29:"fave_additional_feature_title";s:21:"Carpintería exterior";s:29:"fave_additional_feature_value";s:0:"";}i:2;a:2:{s:29:"fave_additional_feature_title";s:6:"Estado";s:29:"fave_additional_feature_value";s:11:"Buen estado";}i:3;a:2:{s:29:"fave_additional_feature_title";s:6:"Vistas";s:29:"fave_additional_feature_value";s:0:"";}i:4;a:2:{s:29:"fave_additional_feature_title";s:11:"Orientacion";s:29:"fave_additional_feature_value";s:0:"";}}
