{"id":16804203,"date":"2025-12-09T20:02:36","date_gmt":"2025-12-09T20:02:36","guid":{"rendered":"https:\/\/agencia-asturias.com\/inmueble\/venta\/piso\/asturias\/gijon\/05005\/"},"modified":"2025-12-09T20:02:36","modified_gmt":"2025-12-09T20:02:36","slug":"nur-funf-minuten-vom-begona-promenade-und-dem-san-lorenzo-strand-05005","status":"publish","type":"property","link":"https:\/\/agencia-asturias.com\/de\/inmueble\/venta\/piso\/asturias\/gijon\/05005\/","title":{"rendered":"Nur f\u00fcnf Minuten vom Bego\u00f1a-Promenade und dem San Lorenzo Strand &#8211; 05005"},"content":{"rendered":"<p>Wenn Sie eine zentrale Wohnung suchen und gleichzeitig in der N\u00e4he des San Lorenzo Strandes wohnen m\u00f6chten, hat Agencia Asturias, was Sie suchen. In der Pr\u00edncipe-Stra\u00dfe finden Sie eine Wohnung mit einer sch\u00f6nen Aufteilung, mit wenig Flur und vielen M\u00f6glichkeiten. Sie verf\u00fcgt \u00fcber zwei Doppelzimmer, eines davon mit einem gro\u00dfen Einbauschrank und ein einfaches Zimmer ebenfalls mit Einbauschrank, K\u00fcche, Wohnzimmer, Badezimmer mit Fenster. Es kann bezogen werden und nach Ihren M\u00f6glichkeiten renoviert werden. Es hat drei Fenster zur Doktor-Bellmunt-Stra\u00dfe, fast an der Ecke zur Pr\u00edncipe-Stra\u00dfe. Der Eingang und der Aufzug wurden renoviert und sind barrierefrei. Die unschlagbare Gegend ist mit allen Arten von Dienstleistungen ausgestattet. Die Grunderwerbsteuer sowie Notar- und Registergeb\u00fchren sind nicht im Preis enthalten.<\/p>\n","protected":false},"excerpt":{"rendered":"<p>Wenn Sie eine zentrale Wohnung suchen und gleichzeitig in der N\u00e4he des San Lorenzo Strandes wohnen m\u00f6chten, hat Agencia Asturias, was Sie suchen. In der Pr\u00edncipe-Stra\u00dfe finden Sie eine Wohnung mit einer sch\u00f6nen Aufteilung, mit wenig Flur und vielen M\u00f6glichkeiten. Sie verf\u00fcgt \u00fcber zwei Doppelzimmer, eines davon mit einem gro\u00dfen <\/p>\n","protected":false},"author":1,"featured_media":16804204,"parent":0,"menu_order":0,"template":"","property_type":[779],"property_status":[720],"property_feature":[722,724,858,857,856,762],"property_label":[],"property_state":[419],"property_city":[420],"property_area":[421],"class_list":["post-16804203","property","type-property","status-publish","has-post-thumbnail","hentry","property_type-wohnung","property_status-verkauf","property_feature-heizung","property_feature-komplett-auenliegend","property_feature-sicherheitstur","property_feature-stadtgas","property_feature-verglaste-terrasse","property_state-asturias","property_city-gijon","property_area-centro"],"property_meta":{"fave_agent":["59304"],"fave_agents":["59304"],"fave_agent_display_option":["agent_info"],"property_agent":["59304"],"custom_permalink":["inmueble\/venta\/piso\/asturias\/gijon\/05005\/"],"_thumbnail_id":["16804204"],"post_id":["Array"],"original_author":["1"],"_edit_lock":["1604137107:1"],"_edit_last":["1"],"fave_property_map_street_view":["show"],"fave_payment_status":["not_paid"],"fave_single_top_area":["global"],"fave_single_content_area":["global"],"houzez_manual_expire":["0"],"fave_property_size_prefix":["m&sup2;"],"fave_property_map":["1"],"fave_additional_features_enable":["disable"],"fave_floor_plans_enable":["disable"],"fave_multiunit_plans_enable":["disable"],"fave_prop_homeslider":["no"],"fave_featured":["0"],"fave_property_address":["Gij\u00f3n,Asturias"],"fave_property_zip":["33205"],"houzez_geolocation_lat":["43.536981165"],"houzez_geolocation_long":["-5.657454912"],"fave_property_location":["43.536981165,-5.657454912"],"fave_property_country":["ES"],"fave_property_map_address":["Gij\u00f3n,Asturias,Spain"],"fave_comunidadimporte":["80"],"fave_comunidadincluida":["0"],"fave_conservacion":["Reformar Parcialmente"],"fave_orientacion":[""],"fave_carpinteriainterior":[""],"fave_carpinteriaexterior":["PVC"],"fave_tiposuelo":[""],"fave_vistas":[""],"additional_features":["a:5:{i:0;a:2:{s:29:\"fave_additional_feature_title\";s:12:\"Carpinter\u00eda\";s:29:\"fave_additional_feature_value\";s:0:\"\";}i:1;a:2:{s:29:\"fave_additional_feature_title\";s:21:\"Carpinter\u00eda exterior\";s:29:\"fave_additional_feature_value\";s:3:\"PVC\";}i:2;a:2:{s:29:\"fave_additional_feature_title\";s:6:\"Estado\";s:29:\"fave_additional_feature_value\";s:21:\"Reformar Parcialmente\";}i:3;a:2:{s:29:\"fave_additional_feature_title\";s:6:\"Vistas\";s:29:\"fave_additional_feature_value\";s:0:\"\";}i:4;a:2:{s:29:\"fave_additional_feature_title\";s:11:\"Orientacion\";s:29:\"fave_additional_feature_value\";s:0:\"\";}}"],"referencia":["05005"],"fave_property_id":["05005"],"fave_property_bedrooms":["3"],"fave_property_bathrooms":["1"],"fave_property_garage":[""],"fave_property_land":["0"],"ave_property_land_postfix":["m&sup2;"],"fave_property_size":["81"],"fave_property_year":["1969"],"fave_energy_global_index":["0 kWh\/m&sup2; \/1234.99 Kg CO2\/m&sup2;"],"fave_energy_class":["N"],"estate_attr_energy_class":["Tramitando..."],"REAL_HOMES_property_emisiones":["1234.99"],"REAL_HOMES_property_consumo":["0"],"REAL_HOMES_property_letra":["N"],"estate_video":[""],"fave_video_url":["https:\/\/www.youtube.com\/watch?v=7PaL8jv7QEU?feature="],"fave_video_image":["https:\/\/fotos15.apinmo.com\/1445\/27425387\/5-1.jpg"],"fave_virtual_tour":[""],"vendidoInmueble":[""],"fave_property_price":["228000"],"fave_property_price_postfix":[""],"fave_property_images":["16804204","16804205","16804206","16804207","16804208","16804209","16804210","16804211","16804212","16804213","16804214","16804215","16804216","16804217","16804218","16804219","16804220","16804221","16804222","16804223","16804224","16804225","16804226","16804227","16804228","16804229","16804230","16804231"],"houzez_total_property_views":["2"],"houzez_views_by_date":["a:1:{s:10:\"04-29-2026\";i:2;}"],"houzez_recently_viewed":["2026-04-29 12:12:54"]},"_links":{"self":[{"href":"https:\/\/agencia-asturias.com\/de\/wp-json\/wp\/v2\/properties\/16804203","targetHints":{"allow":["GET"]}}],"collection":[{"href":"https:\/\/agencia-asturias.com\/de\/wp-json\/wp\/v2\/properties"}],"about":[{"href":"https:\/\/agencia-asturias.com\/de\/wp-json\/wp\/v2\/types\/property"}],"author":[{"embeddable":true,"href":"https:\/\/agencia-asturias.com\/de\/wp-json\/wp\/v2\/users\/1"}],"version-history":[{"count":0,"href":"https:\/\/agencia-asturias.com\/de\/wp-json\/wp\/v2\/properties\/16804203\/revisions"}],"wp:featuredmedia":[{"embeddable":true,"href":"https:\/\/agencia-asturias.com\/de\/wp-json\/wp\/v2\/media\/16804204"}],"wp:attachment":[{"href":"https:\/\/agencia-asturias.com\/de\/wp-json\/wp\/v2\/media?parent=16804203"}],"wp:term":[{"taxonomy":"property_type","embeddable":true,"href":"https:\/\/agencia-asturias.com\/de\/wp-json\/wp\/v2\/property_type?post=16804203"},{"taxonomy":"property_status","embeddable":true,"href":"https:\/\/agencia-asturias.com\/de\/wp-json\/wp\/v2\/property_status?post=16804203"},{"taxonomy":"property_feature","embeddable":true,"href":"https:\/\/agencia-asturias.com\/de\/wp-json\/wp\/v2\/property_feature?post=16804203"},{"taxonomy":"property_label","embeddable":true,"href":"https:\/\/agencia-asturias.com\/de\/wp-json\/wp\/v2\/property_label?post=16804203"},{"taxonomy":"property_state","embeddable":true,"href":"https:\/\/agencia-asturias.com\/de\/wp-json\/wp\/v2\/property_state?post=16804203"},{"taxonomy":"property_city","embeddable":true,"href":"https:\/\/agencia-asturias.com\/de\/wp-json\/wp\/v2\/property_city?post=16804203"},{"taxonomy":"property_area","embeddable":true,"href":"https:\/\/agencia-asturias.com\/de\/wp-json\/wp\/v2\/property_area?post=16804203"}],"curies":[{"name":"wp","href":"https:\/\/api.w.org\/{rel}","templated":true}]}}

Nur fünf Minuten vom Begoña-Promenade und dem San Lorenzo Strand &#8211; 05005

<p>Wenn Sie eine zentrale Wohnung suchen und gleichzeitig in der Nähe des San Lorenzo Strandes wohnen möchten, hat Agencia Asturias, was Sie suchen. In der Príncipe-Straße finden Sie eine Wohnung mit einer schönen Aufteilung, mit wenig Flur und vielen Möglichkeiten. Sie verfügt über zwei Doppelzimmer, eines davon mit einem großen Einbauschrank und ein einfaches Zimmer ebenfalls mit Einbauschrank, Küche, Wohnzimmer, Badezimmer mit Fenster. Es kann bezogen werden und nach Ihren Möglichkeiten renoviert werden. Es hat drei Fenster zur Doktor-Bellmunt-Straße, fast an der Ecke zur Príncipe-Straße. Der Eingang und der Aufzug wurden renoviert und sind barrierefrei. Die unschlagbare Gegend ist mit allen Arten von Dienstleistungen ausgestattet. Die Grunderwerbsteuer sowie Notar- und Registergebühren sind nicht im Preis enthalten.</p>

<p>Wenn Sie eine zentrale Wohnung suchen und gleichzeitig in der Nähe des San Lorenzo Strandes wohnen möchten, hat Agencia Asturias, was Sie suchen. In der Príncipe-Straße finden Sie eine Wohnung mit einer schönen Aufteilung, mit wenig Flur und vielen Möglichkeiten. Sie verfügt über zwei Doppelzimmer, eines davon mit einem großen </p>

Gijón,Asturias

Gijón,Asturias,Spain

a:5:{i:0;a:2:{s:29:"fave_additional_feature_title";s:12:"Carpintería";s:29:"fave_additional_feature_value";s:0:"";}i:1;a:2:{s:29:"fave_additional_feature_title";s:21:"Carpintería exterior";s:29:"fave_additional_feature_value";s:3:"PVC";}i:2;a:2:{s:29:"fave_additional_feature_title";s:6:"Estado";s:29:"fave_additional_feature_value";s:21:"Reformar Parcialmente";}i:3;a:2:{s:29:"fave_additional_feature_title";s:6:"Vistas";s:29:"fave_additional_feature_value";s:0:"";}i:4;a:2:{s:29:"fave_additional_feature_title";s:11:"Orientacion";s:29:"fave_additional_feature_value";s:0:"";}}
