{"id":16804315,"date":"2025-12-30T18:37:02","date_gmt":"2025-12-30T18:37:02","guid":{"rendered":"https:\/\/agencia-asturias.com\/inmueble\/venta\/garaje\/asturias\/oviedo\/05014\/"},"modified":"2025-12-30T18:37:02","modified_gmt":"2025-12-30T18:37:02","slug":"verkauf-eines-parkplatzes-in-der-nahe-der-plaza-san-miguel-05014","status":"publish","type":"property","link":"https:\/\/agencia-asturias.com\/de\/inmueble\/venta\/garaje\/asturias\/oviedo\/05014\/","title":{"rendered":"Verkauf eines Parkplatzes in der N\u00e4he der Plaza San Miguel &#8211; 05014"},"content":{"rendered":"<p>Wir pr\u00e4sentieren eine ausgezeichnete Gelegenheit im Herzen von Oviedo mit dem Verkauf eines praktischen Parkplatzes, der sich ganz in der N\u00e4he der ikonischen Plaza San Miguel befindet. Diese Immobilie liegt in einer privilegierten Gegend, die das Auditorio-Seminario-Parque del Invierno umfasst, bekannt f\u00fcr ihre Zug\u00e4nglichkeit und N\u00e4he zu wichtigen Dienstleistungen wie Gesch\u00e4ften, \u00f6ffentlichem Verkehr und Erholungsgebieten. Der Parkplatz ist in gutem Zustand und bietet einen sicheren Ort, um Ihr Fahrzeug abzustellen. Mit einem attraktiven Preis von 20.000 &euro; ist dies eine ideale Option sowohl f\u00fcr Einheimische als auch f\u00fcr Investoren, die ihre Immobilienwerte maximieren oder unmittelbare Bed\u00fcrfnisse im Zusammenhang mit dem urbanen Parken angehen m\u00f6chten. Ein weiterer Parkplatz plus Abstellraum wird f\u00fcr 25.000 &euro; im selben Geb\u00e4ude verkauft.<br \/>Die \u00dcbertragungssteuer und Notariats- sowie Registrierungsgeb\u00fchren sind nicht im Preis enthalten.<\/p>\n","protected":false},"excerpt":{"rendered":"<p>Wir pr\u00e4sentieren eine ausgezeichnete Gelegenheit im Herzen von Oviedo mit dem Verkauf eines praktischen Parkplatzes, der sich ganz in der N\u00e4he der ikonischen Plaza San Miguel befindet. Diese Immobilie liegt in einer privilegierten Gegend, die das Auditorio-Seminario-Parque del Invierno umfasst, bekannt f\u00fcr ihre Zug\u00e4nglichkeit und N\u00e4he <\/p>\n","protected":false},"author":1,"featured_media":16804316,"parent":0,"menu_order":0,"template":"","property_type":[781],"property_status":[720],"property_feature":[],"property_label":[],"property_state":[419],"property_city":[470],"property_area":[897],"class_list":["post-16804315","property","type-property","status-publish","has-post-thumbnail","hentry","property_type-garage","property_status-verkauf","property_state-asturias","property_city-oviedo","property_area-auditorio-seminario-parque-de-invierno"],"property_meta":{"fave_agent":["59317"],"fave_agents":["59317"],"fave_agent_display_option":["agent_info"],"property_agent":["59317"],"custom_permalink":["inmueble\/venta\/garaje\/asturias\/oviedo\/05014\/"],"_thumbnail_id":["16804316"],"post_id":["Array"],"original_author":["1"],"_edit_lock":["1604137107:1"],"_edit_last":["1"],"fave_property_map_street_view":["show"],"fave_payment_status":["not_paid"],"fave_single_top_area":["global"],"fave_single_content_area":["global"],"houzez_manual_expire":["0"],"fave_property_size_prefix":["m&sup2;"],"fave_property_map":["1"],"fave_additional_features_enable":["disable"],"fave_floor_plans_enable":["disable"],"fave_multiunit_plans_enable":["disable"],"fave_prop_homeslider":["no"],"fave_featured":["0"],"fave_property_address":["Oviedo,Asturias"],"fave_property_zip":["33008"],"houzez_geolocation_lat":["43.356475069"],"houzez_geolocation_long":["-5.847888769"],"fave_property_location":["43.356475069,-5.847888769"],"fave_property_country":["ES"],"fave_property_map_address":["Oviedo,Asturias,Spain"],"fave_comunidadimporte":["6.22"],"fave_comunidadincluida":["0"],"fave_conservacion":["Buen estado"],"fave_orientacion":[""],"fave_carpinteriainterior":[""],"fave_carpinteriaexterior":[""],"fave_tiposuelo":[""],"fave_vistas":[""],"additional_features":["a:5:{i:0;a:2:{s:29:\"fave_additional_feature_title\";s:12:\"Carpinter\u00eda\";s:29:\"fave_additional_feature_value\";s:0:\"\";}i:1;a:2:{s:29:\"fave_additional_feature_title\";s:21:\"Carpinter\u00eda exterior\";s:29:\"fave_additional_feature_value\";s:0:\"\";}i:2;a:2:{s:29:\"fave_additional_feature_title\";s:6:\"Estado\";s:29:\"fave_additional_feature_value\";s:11:\"Buen estado\";}i:3;a:2:{s:29:\"fave_additional_feature_title\";s:6:\"Vistas\";s:29:\"fave_additional_feature_value\";s:0:\"\";}i:4;a:2:{s:29:\"fave_additional_feature_title\";s:11:\"Orientacion\";s:29:\"fave_additional_feature_value\";s:0:\"\";}}"],"referencia":["05014"],"fave_property_id":["05014"],"fave_property_bedrooms":["0"],"fave_property_bathrooms":["0"],"fave_property_garage":[""],"fave_property_land":["0"],"ave_property_land_postfix":["m&sup2;"],"fave_property_size":["11"],"fave_property_year":["1979"],"fave_energy_global_index":["0 kWh\/m&sup2; \/0 Kg CO2\/m&sup2;"],"fave_energy_class":["N"],"estate_attr_energy_class":["Tramitando..."],"REAL_HOMES_property_emisiones":["0"],"REAL_HOMES_property_consumo":["0"],"REAL_HOMES_property_letra":["N"],"estate_video":[""],"fave_virtual_tour":[""],"vendidoInmueble":[""],"fave_property_price":["25000"],"fave_property_price_postfix":[""],"fave_property_images":["16804316","16804317","16804318","16804319","16804320","16804321"],"houzez_total_property_views":["1"],"houzez_views_by_date":["a:1:{s:10:\"04-29-2026\";i:1;}"],"houzez_recently_viewed":["2026-04-29 13:51:18"]},"_links":{"self":[{"href":"https:\/\/agencia-asturias.com\/de\/wp-json\/wp\/v2\/properties\/16804315","targetHints":{"allow":["GET"]}}],"collection":[{"href":"https:\/\/agencia-asturias.com\/de\/wp-json\/wp\/v2\/properties"}],"about":[{"href":"https:\/\/agencia-asturias.com\/de\/wp-json\/wp\/v2\/types\/property"}],"author":[{"embeddable":true,"href":"https:\/\/agencia-asturias.com\/de\/wp-json\/wp\/v2\/users\/1"}],"version-history":[{"count":0,"href":"https:\/\/agencia-asturias.com\/de\/wp-json\/wp\/v2\/properties\/16804315\/revisions"}],"wp:featuredmedia":[{"embeddable":true,"href":"https:\/\/agencia-asturias.com\/de\/wp-json\/wp\/v2\/media\/16804316"}],"wp:attachment":[{"href":"https:\/\/agencia-asturias.com\/de\/wp-json\/wp\/v2\/media?parent=16804315"}],"wp:term":[{"taxonomy":"property_type","embeddable":true,"href":"https:\/\/agencia-asturias.com\/de\/wp-json\/wp\/v2\/property_type?post=16804315"},{"taxonomy":"property_status","embeddable":true,"href":"https:\/\/agencia-asturias.com\/de\/wp-json\/wp\/v2\/property_status?post=16804315"},{"taxonomy":"property_feature","embeddable":true,"href":"https:\/\/agencia-asturias.com\/de\/wp-json\/wp\/v2\/property_feature?post=16804315"},{"taxonomy":"property_label","embeddable":true,"href":"https:\/\/agencia-asturias.com\/de\/wp-json\/wp\/v2\/property_label?post=16804315"},{"taxonomy":"property_state","embeddable":true,"href":"https:\/\/agencia-asturias.com\/de\/wp-json\/wp\/v2\/property_state?post=16804315"},{"taxonomy":"property_city","embeddable":true,"href":"https:\/\/agencia-asturias.com\/de\/wp-json\/wp\/v2\/property_city?post=16804315"},{"taxonomy":"property_area","embeddable":true,"href":"https:\/\/agencia-asturias.com\/de\/wp-json\/wp\/v2\/property_area?post=16804315"}],"curies":[{"name":"wp","href":"https:\/\/api.w.org\/{rel}","templated":true}]}}

Verkauf eines Parkplatzes in der Nähe der Plaza San Miguel &#8211; 05014

<p>Wir präsentieren eine ausgezeichnete Gelegenheit im Herzen von Oviedo mit dem Verkauf eines praktischen Parkplatzes, der sich ganz in der Nähe der ikonischen Plaza San Miguel befindet. Diese Immobilie liegt in einer privilegierten Gegend, die das Auditorio-Seminario-Parque del Invierno umfasst, bekannt für ihre Zugänglichkeit und Nähe zu wichtigen Dienstleistungen wie Geschäften, öffentlichem Verkehr und Erholungsgebieten. Der Parkplatz ist in gutem Zustand und bietet einen sicheren Ort, um Ihr Fahrzeug abzustellen. Mit einem attraktiven Preis von 20.000 &euro; ist dies eine ideale Option sowohl für Einheimische als auch für Investoren, die ihre Immobilienwerte maximieren oder unmittelbare Bedürfnisse im Zusammenhang mit dem urbanen Parken angehen möchten. Ein weiterer Parkplatz plus Abstellraum wird für 25.000 &euro; im selben Gebäude verkauft.<br />Die Übertragungssteuer und Notariats- sowie Registrierungsgebühren sind nicht im Preis enthalten.</p>

<p>Wir präsentieren eine ausgezeichnete Gelegenheit im Herzen von Oviedo mit dem Verkauf eines praktischen Parkplatzes, der sich ganz in der Nähe der ikonischen Plaza San Miguel befindet. Diese Immobilie liegt in einer privilegierten Gegend, die das Auditorio-Seminario-Parque del Invierno umfasst, bekannt für ihre Zugänglichkeit und Nähe </p>

a:5:{i:0;a:2:{s:29:"fave_additional_feature_title";s:12:"Carpintería";s:29:"fave_additional_feature_value";s:0:"";}i:1;a:2:{s:29:"fave_additional_feature_title";s:21:"Carpintería exterior";s:29:"fave_additional_feature_value";s:0:"";}i:2;a:2:{s:29:"fave_additional_feature_title";s:6:"Estado";s:29:"fave_additional_feature_value";s:11:"Buen estado";}i:3;a:2:{s:29:"fave_additional_feature_title";s:6:"Vistas";s:29:"fave_additional_feature_value";s:0:"";}i:4;a:2:{s:29:"fave_additional_feature_title";s:11:"Orientacion";s:29:"fave_additional_feature_value";s:0:"";}}
