{"id":16804350,"date":"2026-01-08T10:30:50","date_gmt":"2026-01-08T10:30:50","guid":{"rendered":"https:\/\/agencia-asturias.com\/inmueble\/venta\/piso\/asturias\/gijon\/05019\/"},"modified":"2026-01-08T10:30:50","modified_gmt":"2026-01-08T10:30:50","slug":"zwei-zimmer-wohnung-mit-zwei-badern-in-der-plaza-de-europa-05019","status":"publish","type":"property","link":"https:\/\/agencia-asturias.com\/de\/inmueble\/venta\/piso\/asturias\/gijon\/05019\/","title":{"rendered":"Zwei-Zimmer-Wohnung mit zwei B\u00e4dern in der Plaza de Europa &#8211; 05019"},"content":{"rendered":"<p>La Agencia Asturias bietet Ihnen diese komfortable und funktionale Wohnung, die sehr gut neben der Plaza de Europa gelegen ist. Die Immobilie ist in gutem Zustand, praktisch bezugsfertig, und befindet sich im f\u00fcnften Stock, bestehend aus zwei Schlafzimmern, einem Einzelzimmer und einem Doppelzimmer, zwei B\u00e4dern, eines mit Badewanne und das andere ensuite mit Dusche, einem Wohnzimmer und einer K\u00fcche, die mit Cerankochfeld, Backofen und nagelneuem Dunstabzug ausgestattet ist. Individuelle Gasheizung f\u00fcr Warmwasser und Heizung sowie Climalit-Isolierfenster. Wenn Sie es sehen m\u00f6chten, kontaktieren Sie La Agencia Asturias und wir zeigen es Ihnen.<\/p>\n<p>Die Grundst\u00fccks\u00fcbertragungssteuer sowie Notar- und Registrierungsgeb\u00fchren sind nicht im Preis enthalten.<\/p>\n","protected":false},"excerpt":{"rendered":"<p>La Agencia Asturias bietet Ihnen diese komfortable und funktionale Wohnung, die sehr gut neben der Plaza de Europa gelegen ist. Die Immobilie ist in gutem Zustand, praktisch bezugsfertig, und befindet sich im f\u00fcnften Stock, bestehend aus zwei Schlafzimmern, einem Einzelzimmer und einem Doppelzimmer, zwei B\u00e4dern, eines mit Badewanne und <\/p>\n","protected":false},"author":1,"featured_media":16804351,"parent":0,"menu_order":0,"template":"","property_type":[779],"property_status":[720],"property_feature":[722,724,858],"property_label":[],"property_state":[419],"property_city":[420],"property_area":[687],"class_list":["post-16804350","property","type-property","status-publish","has-post-thumbnail","hentry","property_type-wohnung","property_status-verkauf","property_feature-heizung","property_feature-komplett-auenliegend","property_state-asturias","property_city-gijon","property_area-centro-puerto"],"property_meta":{"fave_agent":["59308"],"fave_agents":["59308"],"fave_agent_display_option":["agent_info"],"property_agent":["59308"],"custom_permalink":["inmueble\/venta\/piso\/asturias\/gijon\/05019\/"],"_thumbnail_id":["16804351"],"post_id":["Array"],"original_author":["1"],"_edit_lock":["1604137107:1"],"_edit_last":["1"],"fave_property_map_street_view":["show"],"fave_payment_status":["not_paid"],"fave_single_top_area":["global"],"fave_single_content_area":["global"],"houzez_manual_expire":["0"],"fave_property_size_prefix":["m&sup2;"],"fave_property_map":["1"],"fave_additional_features_enable":["disable"],"fave_floor_plans_enable":["disable"],"fave_multiunit_plans_enable":["disable"],"fave_prop_homeslider":["no"],"fave_featured":["0"],"fave_property_address":["Gij\u00f3n,Asturias"],"fave_property_zip":["33207"],"houzez_geolocation_lat":["43.537732108706"],"houzez_geolocation_long":["-5.6666116654616"],"fave_property_location":["43.537732108706,-5.6666116654616"],"fave_property_country":["ES"],"fave_property_map_address":["Gij\u00f3n,Asturias,Spain"],"fave_comunidadimporte":["0"],"fave_comunidadincluida":["0"],"fave_conservacion":["Buen estado"],"fave_orientacion":[""],"fave_carpinteriainterior":["Madera"],"fave_carpinteriaexterior":["Madera"],"fave_tiposuelo":["Climalit"],"fave_vistas":[""],"additional_features":["a:5:{i:0;a:2:{s:29:\"fave_additional_feature_title\";s:12:\"Carpinter\u00eda\";s:29:\"fave_additional_feature_value\";s:6:\"Madera\";}i:1;a:2:{s:29:\"fave_additional_feature_title\";s:21:\"Carpinter\u00eda exterior\";s:29:\"fave_additional_feature_value\";s:6:\"Madera\";}i:2;a:2:{s:29:\"fave_additional_feature_title\";s:6:\"Estado\";s:29:\"fave_additional_feature_value\";s:11:\"Buen estado\";}i:3;a:2:{s:29:\"fave_additional_feature_title\";s:6:\"Vistas\";s:29:\"fave_additional_feature_value\";s:0:\"\";}i:4;a:2:{s:29:\"fave_additional_feature_title\";s:11:\"Orientacion\";s:29:\"fave_additional_feature_value\";s:0:\"\";}}"],"referencia":["05019"],"fave_property_id":["05019"],"fave_property_bedrooms":["2"],"fave_property_bathrooms":["2"],"fave_property_garage":[""],"fave_property_land":["0"],"ave_property_land_postfix":["m&sup2;"],"fave_property_size":["73"],"fave_property_year":["1990"],"fave_energy_global_index":["0 kWh\/m&sup2; \/1234.99 Kg CO2\/m&sup2;"],"fave_energy_class":["N"],"estate_attr_energy_class":["Tramitando..."],"REAL_HOMES_property_emisiones":["1234.99"],"REAL_HOMES_property_consumo":["0"],"REAL_HOMES_property_letra":["N"],"estate_video":[""],"fave_virtual_tour":[""],"vendidoInmueble":[""],"fave_property_price":["248000"],"fave_property_price_postfix":[""],"fave_property_images":["16804351","16804352","16804353","16804354","16804355","16804356","16804357","16804358","16804359","16804360","16804361","16804362","16804363","16804364","16804365","16804366","16804367","16804368","16804369","16804370","16804371","16804372","16804373","16804374","16804375","16804376"],"houzez_total_property_views":["1"],"houzez_views_by_date":["a:1:{s:10:\"04-29-2026\";i:1;}"],"houzez_recently_viewed":["2026-04-29 11:28:36"]},"_links":{"self":[{"href":"https:\/\/agencia-asturias.com\/de\/wp-json\/wp\/v2\/properties\/16804350","targetHints":{"allow":["GET"]}}],"collection":[{"href":"https:\/\/agencia-asturias.com\/de\/wp-json\/wp\/v2\/properties"}],"about":[{"href":"https:\/\/agencia-asturias.com\/de\/wp-json\/wp\/v2\/types\/property"}],"author":[{"embeddable":true,"href":"https:\/\/agencia-asturias.com\/de\/wp-json\/wp\/v2\/users\/1"}],"version-history":[{"count":0,"href":"https:\/\/agencia-asturias.com\/de\/wp-json\/wp\/v2\/properties\/16804350\/revisions"}],"wp:featuredmedia":[{"embeddable":true,"href":"https:\/\/agencia-asturias.com\/de\/wp-json\/wp\/v2\/media\/16804351"}],"wp:attachment":[{"href":"https:\/\/agencia-asturias.com\/de\/wp-json\/wp\/v2\/media?parent=16804350"}],"wp:term":[{"taxonomy":"property_type","embeddable":true,"href":"https:\/\/agencia-asturias.com\/de\/wp-json\/wp\/v2\/property_type?post=16804350"},{"taxonomy":"property_status","embeddable":true,"href":"https:\/\/agencia-asturias.com\/de\/wp-json\/wp\/v2\/property_status?post=16804350"},{"taxonomy":"property_feature","embeddable":true,"href":"https:\/\/agencia-asturias.com\/de\/wp-json\/wp\/v2\/property_feature?post=16804350"},{"taxonomy":"property_label","embeddable":true,"href":"https:\/\/agencia-asturias.com\/de\/wp-json\/wp\/v2\/property_label?post=16804350"},{"taxonomy":"property_state","embeddable":true,"href":"https:\/\/agencia-asturias.com\/de\/wp-json\/wp\/v2\/property_state?post=16804350"},{"taxonomy":"property_city","embeddable":true,"href":"https:\/\/agencia-asturias.com\/de\/wp-json\/wp\/v2\/property_city?post=16804350"},{"taxonomy":"property_area","embeddable":true,"href":"https:\/\/agencia-asturias.com\/de\/wp-json\/wp\/v2\/property_area?post=16804350"}],"curies":[{"name":"wp","href":"https:\/\/api.w.org\/{rel}","templated":true}]}}

Zwei-Zimmer-Wohnung mit zwei Bädern in der Plaza de Europa &#8211; 05019

<p>La Agencia Asturias bietet Ihnen diese komfortable und funktionale Wohnung, die sehr gut neben der Plaza de Europa gelegen ist. Die Immobilie ist in gutem Zustand, praktisch bezugsfertig, und befindet sich im fünften Stock, bestehend aus zwei Schlafzimmern, einem Einzelzimmer und einem Doppelzimmer, zwei Bädern, eines mit Badewanne und das andere ensuite mit Dusche, einem Wohnzimmer und einer Küche, die mit Cerankochfeld, Backofen und nagelneuem Dunstabzug ausgestattet ist. Individuelle Gasheizung für Warmwasser und Heizung sowie Climalit-Isolierfenster. Wenn Sie es sehen möchten, kontaktieren Sie La Agencia Asturias und wir zeigen es Ihnen.</p>
<p>Die Grundstücksübertragungssteuer sowie Notar- und Registrierungsgebühren sind nicht im Preis enthalten.</p>

<p>La Agencia Asturias bietet Ihnen diese komfortable und funktionale Wohnung, die sehr gut neben der Plaza de Europa gelegen ist. Die Immobilie ist in gutem Zustand, praktisch bezugsfertig, und befindet sich im fünften Stock, bestehend aus zwei Schlafzimmern, einem Einzelzimmer und einem Doppelzimmer, zwei Bädern, eines mit Badewanne und </p>

Gijón,Asturias

Gijón,Asturias,Spain

a:5:{i:0;a:2:{s:29:"fave_additional_feature_title";s:12:"Carpintería";s:29:"fave_additional_feature_value";s:6:"Madera";}i:1;a:2:{s:29:"fave_additional_feature_title";s:21:"Carpintería exterior";s:29:"fave_additional_feature_value";s:6:"Madera";}i:2;a:2:{s:29:"fave_additional_feature_title";s:6:"Estado";s:29:"fave_additional_feature_value";s:11:"Buen estado";}i:3;a:2:{s:29:"fave_additional_feature_title";s:6:"Vistas";s:29:"fave_additional_feature_value";s:0:"";}i:4;a:2:{s:29:"fave_additional_feature_title";s:11:"Orientacion";s:29:"fave_additional_feature_value";s:0:"";}}
