{"id":16804572,"date":"2026-01-23T17:32:06","date_gmt":"2026-01-23T17:32:06","guid":{"rendered":"https:\/\/agencia-asturias.com\/inmueble\/alquiler\/piso\/asturias\/gijon\/05036\/"},"modified":"2026-01-23T17:32:06","modified_gmt":"2026-01-23T17:32:06","slug":"wunderschone-wohnung-in-cimadevilla-mit-meerblick-05036","status":"publish","type":"property","link":"https:\/\/agencia-asturias.com\/de\/inmueble\/alquiler\/piso\/asturias\/gijon\/05036\/","title":{"rendered":"Wundersch\u00f6ne Wohnung in Cimadevilla mit Meerblick &#8211; 05036"},"content":{"rendered":"<p>Die Agentur Asturias pr\u00e4sentiert diese Wohnung in der ruhigsten Gegend von Cimadevilla mit Meerblick zur Miete f\u00fcr den Hauptwohnsitz. <br \/>Mit einer sehr gem\u00fctlichen Aufteilung und maximal genutzten 60 m2 ist sie in ein Wohnzimmer mit Essbereich, eine komplett ausgestattete separate K\u00fcche, zwei Doppelzimmer und ein Badezimmer mit einer Doppeldusche und Fenster aufgeteilt. Im Flur gibt es einen Einbauschrank. Die K\u00fcche und eines der Zimmer sind nach Westen ausgerichtet, was das Privileg bietet, jeden Tag die Sonnenunterg\u00e4nge zu genie\u00dfen. Das Wohnzimmer und das andere Zimmer sind sehr hell mit Sonnenlicht am Morgen. In der vierten Etage eines k\u00fcrzlich renovierten Geb\u00e4udes mit Aufzug und bel\u00fcfteter Fassade gelegen. <br \/>Wenn Sie eine Besichtigung w\u00fcnschen, z\u00f6gern Sie nicht, uns zu kontaktieren.<\/p>\n","protected":false},"excerpt":{"rendered":"<p>Die Agentur Asturias pr\u00e4sentiert diese Wohnung in der ruhigsten Gegend von Cimadevilla mit Meerblick zur Miete f\u00fcr den Hauptwohnsitz. ~Mit einer sehr gem\u00fctlichen Aufteilung und maximal genutzten 60 m2 ist sie in ein Wohnzimmer mit Essbereich, eine komplett ausgestattete separate K\u00fcche, zwei Doppelzimmer und ein Badezimmer mit einer <\/p>\n","protected":false},"author":1,"featured_media":16804573,"parent":0,"menu_order":0,"template":"","property_type":[779],"property_status":[852],"property_feature":[722,855,858,856],"property_label":[],"property_state":[419],"property_city":[420],"property_area":[530],"class_list":["post-16804572","property","type-property","status-publish","has-post-thumbnail","hentry","property_type-wohnung","property_status-vermietung","property_feature-elektrogerte","property_feature-komplett-auenliegend","property_feature-stadtgas","property_state-asturias","property_city-gijon","property_area-cimadevilla"],"property_meta":{"fave_agent":["59308"],"fave_agents":["59308"],"fave_agent_display_option":["agent_info"],"property_agent":["59308"],"custom_permalink":["inmueble\/alquiler\/piso\/asturias\/gijon\/05036\/"],"_thumbnail_id":["16804573"],"post_id":["Array"],"original_author":["1"],"_edit_lock":["1604137107:1"],"_edit_last":["1"],"fave_property_map_street_view":["show"],"fave_payment_status":["not_paid"],"fave_single_top_area":["global"],"fave_single_content_area":["global"],"houzez_manual_expire":["0"],"fave_property_size_prefix":["m&sup2;"],"fave_property_map":["1"],"fave_additional_features_enable":["disable"],"fave_floor_plans_enable":["disable"],"fave_multiunit_plans_enable":["disable"],"fave_prop_homeslider":["no"],"fave_featured":["0"],"fave_property_address":["Gij\u00f3n,Asturias"],"fave_property_zip":["33201"],"houzez_geolocation_lat":["43.54819697955"],"houzez_geolocation_long":["-5.6654801658287"],"fave_property_location":["43.54819697955,-5.6654801658287"],"fave_property_country":["ES"],"fave_property_map_address":["Gij\u00f3n,Asturias,Spain"],"fave_comunidadimporte":["0"],"fave_comunidadincluida":["0"],"fave_conservacion":["Buen estado"],"fave_orientacion":["Este Oeste"],"fave_carpinteriainterior":["Madera"],"fave_carpinteriaexterior":[""],"fave_tiposuelo":[""],"fave_vistas":[""],"additional_features":["a:5:{i:0;a:2:{s:29:\"fave_additional_feature_title\";s:12:\"Carpinter\u00eda\";s:29:\"fave_additional_feature_value\";s:6:\"Madera\";}i:1;a:2:{s:29:\"fave_additional_feature_title\";s:21:\"Carpinter\u00eda exterior\";s:29:\"fave_additional_feature_value\";s:0:\"\";}i:2;a:2:{s:29:\"fave_additional_feature_title\";s:6:\"Estado\";s:29:\"fave_additional_feature_value\";s:11:\"Buen estado\";}i:3;a:2:{s:29:\"fave_additional_feature_title\";s:6:\"Vistas\";s:29:\"fave_additional_feature_value\";s:0:\"\";}i:4;a:2:{s:29:\"fave_additional_feature_title\";s:11:\"Orientacion\";s:29:\"fave_additional_feature_value\";s:10:\"Este Oeste\";}}"],"referencia":["05036"],"fave_property_id":["05036"],"fave_property_bedrooms":["2"],"fave_property_bathrooms":["1"],"fave_property_garage":[""],"fave_property_land":["0"],"ave_property_land_postfix":["m&sup2;"],"fave_property_size":["60"],"fave_property_year":["1964"],"fave_energy_global_index":["97.2 kWh\/m&sup2; \/17.3 Kg CO2\/m&sup2;"],"fave_energy_class":["E"],"estate_attr_energy_class":["E"],"REAL_HOMES_property_emisiones":["17.3"],"REAL_HOMES_property_consumo":["97.2"],"REAL_HOMES_property_letra":["E"],"estate_video":[""],"fave_video_url":["https:\/\/www.youtube.com\/watch?v=Dmap37KJs9w?si=wpdLKfBDD8mgpLv4"],"fave_video_image":["https:\/\/fotos15.apinmo.com\/1445\/27732812\/9-1.jpg"],"fave_virtual_tour":[""],"vendidoInmueble":[""],"fave_property_price":["875"],"fave_property_price_postfix":["mes"],"fave_property_images":["16804573","16804574","16804575","16804576","16804577","16804578","16804579","16804580","16804581","16804582","16804583","16804584","16804585","16804586","16804587","16804588","16804589","16804590","16804591","16804592","16804593","16804594","16804595","16804596","16804597","16804598","16804599","16804600","16804601","16804602","16804603","16804604","16804605","16804606","16804607"],"houzez_total_property_views":["2"],"houzez_views_by_date":["a:1:{s:10:\"04-29-2026\";i:2;}"],"houzez_recently_viewed":["2026-04-29 10:35:50"]},"_links":{"self":[{"href":"https:\/\/agencia-asturias.com\/de\/wp-json\/wp\/v2\/properties\/16804572","targetHints":{"allow":["GET"]}}],"collection":[{"href":"https:\/\/agencia-asturias.com\/de\/wp-json\/wp\/v2\/properties"}],"about":[{"href":"https:\/\/agencia-asturias.com\/de\/wp-json\/wp\/v2\/types\/property"}],"author":[{"embeddable":true,"href":"https:\/\/agencia-asturias.com\/de\/wp-json\/wp\/v2\/users\/1"}],"version-history":[{"count":0,"href":"https:\/\/agencia-asturias.com\/de\/wp-json\/wp\/v2\/properties\/16804572\/revisions"}],"wp:featuredmedia":[{"embeddable":true,"href":"https:\/\/agencia-asturias.com\/de\/wp-json\/wp\/v2\/media\/16804573"}],"wp:attachment":[{"href":"https:\/\/agencia-asturias.com\/de\/wp-json\/wp\/v2\/media?parent=16804572"}],"wp:term":[{"taxonomy":"property_type","embeddable":true,"href":"https:\/\/agencia-asturias.com\/de\/wp-json\/wp\/v2\/property_type?post=16804572"},{"taxonomy":"property_status","embeddable":true,"href":"https:\/\/agencia-asturias.com\/de\/wp-json\/wp\/v2\/property_status?post=16804572"},{"taxonomy":"property_feature","embeddable":true,"href":"https:\/\/agencia-asturias.com\/de\/wp-json\/wp\/v2\/property_feature?post=16804572"},{"taxonomy":"property_label","embeddable":true,"href":"https:\/\/agencia-asturias.com\/de\/wp-json\/wp\/v2\/property_label?post=16804572"},{"taxonomy":"property_state","embeddable":true,"href":"https:\/\/agencia-asturias.com\/de\/wp-json\/wp\/v2\/property_state?post=16804572"},{"taxonomy":"property_city","embeddable":true,"href":"https:\/\/agencia-asturias.com\/de\/wp-json\/wp\/v2\/property_city?post=16804572"},{"taxonomy":"property_area","embeddable":true,"href":"https:\/\/agencia-asturias.com\/de\/wp-json\/wp\/v2\/property_area?post=16804572"}],"curies":[{"name":"wp","href":"https:\/\/api.w.org\/{rel}","templated":true}]}}

Wunderschöne Wohnung in Cimadevilla mit Meerblick &#8211; 05036

<p>Die Agentur Asturias präsentiert diese Wohnung in der ruhigsten Gegend von Cimadevilla mit Meerblick zur Miete für den Hauptwohnsitz. <br />Mit einer sehr gemütlichen Aufteilung und maximal genutzten 60 m2 ist sie in ein Wohnzimmer mit Essbereich, eine komplett ausgestattete separate Küche, zwei Doppelzimmer und ein Badezimmer mit einer Doppeldusche und Fenster aufgeteilt. Im Flur gibt es einen Einbauschrank. Die Küche und eines der Zimmer sind nach Westen ausgerichtet, was das Privileg bietet, jeden Tag die Sonnenuntergänge zu genießen. Das Wohnzimmer und das andere Zimmer sind sehr hell mit Sonnenlicht am Morgen. In der vierten Etage eines kürzlich renovierten Gebäudes mit Aufzug und belüfteter Fassade gelegen. <br />Wenn Sie eine Besichtigung wünschen, zögern Sie nicht, uns zu kontaktieren.</p>

<p>Die Agentur Asturias präsentiert diese Wohnung in der ruhigsten Gegend von Cimadevilla mit Meerblick zur Miete für den Hauptwohnsitz. ~Mit einer sehr gemütlichen Aufteilung und maximal genutzten 60 m2 ist sie in ein Wohnzimmer mit Essbereich, eine komplett ausgestattete separate Küche, zwei Doppelzimmer und ein Badezimmer mit einer </p>

Gijón,Asturias

Gijón,Asturias,Spain

a:5:{i:0;a:2:{s:29:"fave_additional_feature_title";s:12:"Carpintería";s:29:"fave_additional_feature_value";s:6:"Madera";}i:1;a:2:{s:29:"fave_additional_feature_title";s:21:"Carpintería exterior";s:29:"fave_additional_feature_value";s:0:"";}i:2;a:2:{s:29:"fave_additional_feature_title";s:6:"Estado";s:29:"fave_additional_feature_value";s:11:"Buen estado";}i:3;a:2:{s:29:"fave_additional_feature_title";s:6:"Vistas";s:29:"fave_additional_feature_value";s:0:"";}i:4;a:2:{s:29:"fave_additional_feature_title";s:11:"Orientacion";s:29:"fave_additional_feature_value";s:10:"Este Oeste";}}
