{"id":16804643,"date":"2026-02-04T12:14:50","date_gmt":"2026-02-04T12:14:50","guid":{"rendered":"https:\/\/agencia-asturias.com\/inmueble\/alquiler\/local-comercial\/asturias\/gijon\/05041\/"},"modified":"2026-02-04T12:14:50","modified_gmt":"2026-02-04T12:14:50","slug":"in-der-strase-palacio-valdes-05041","status":"publish","type":"property","link":"https:\/\/agencia-asturias.com\/de\/inmueble\/alquiler\/local-comercial\/asturias\/gijon\/05041\/","title":{"rendered":"In der Stra\u00dfe Palacio Vald\u00e9s &#8211; 05041"},"content":{"rendered":"<p>Wunderbare Gesch\u00e4ftsr\u00e4ume im Herzen von Gij\u00f3n, direkt in der Stra\u00dfe Palacio Vald\u00e9s. Die R\u00e4umlichkeiten m\u00fcssen renoviert werden und k\u00f6nnen nach Ihrem Geschmack gestaltet werden, in einem Bereich mit viel Durchgangsverkehr. F\u00fcr jede Art von Gesch\u00e4ft geeignet. Beginnen Sie Ihr neues Unternehmen in einer der gesch\u00e4ftigsten Stra\u00dfen im Stadtzentrum. Kommen Sie vorbei oder rufen Sie die Agencia Asturias an, und wir k\u00f6nnen Ihnen alle Informationen geben, die Sie ben\u00f6tigen.<\/p>\n","protected":false},"excerpt":{"rendered":"<p>Wunderbare Gesch\u00e4ftsr\u00e4ume im Herzen von Gij\u00f3n, direkt in der Stra\u00dfe Palacio Vald\u00e9s. Die R\u00e4umlichkeiten m\u00fcssen renoviert werden und k\u00f6nnen nach Ihrem Geschmack gestaltet werden, in einem Bereich mit viel Durchgangsverkehr. F\u00fcr jede Art von Gesch\u00e4ft geeignet. Beginnen Sie Ihr neues Unternehmen in einer der gesch\u00e4ftigsten Stra\u00dfen <\/p>\n","protected":false},"author":1,"featured_media":16804644,"parent":0,"menu_order":0,"template":"","property_type":[771],"property_status":[852],"property_feature":[],"property_label":[],"property_state":[419],"property_city":[420],"property_area":[421],"class_list":["post-16804643","property","type-property","status-publish","has-post-thumbnail","hentry","property_type-gewerbeimmobilie","property_status-vermietung","property_state-asturias","property_city-gijon","property_area-centro"],"property_meta":{"fave_agent":["59311"],"fave_agents":["59311"],"fave_agent_display_option":["agent_info"],"property_agent":["59311"],"custom_permalink":["inmueble\/alquiler\/local-comercial\/asturias\/gijon\/05041\/"],"_thumbnail_id":["16804644"],"post_id":["Array"],"original_author":["1"],"_edit_lock":["1604137107:1"],"_edit_last":["1"],"fave_property_map_street_view":["show"],"fave_payment_status":["not_paid"],"fave_single_top_area":["global"],"fave_single_content_area":["global"],"houzez_manual_expire":["0"],"fave_property_size_prefix":["m&sup2;"],"fave_property_map":["1"],"fave_additional_features_enable":["disable"],"fave_floor_plans_enable":["disable"],"fave_multiunit_plans_enable":["disable"],"fave_prop_homeslider":["no"],"fave_featured":["0"],"fave_property_address":["Gij\u00f3n,Asturias"],"fave_property_zip":["33207"],"houzez_geolocation_lat":["43.539529847"],"houzez_geolocation_long":["-5.665818227"],"fave_property_location":["43.539529847,-5.665818227"],"fave_property_country":["ES"],"fave_property_map_address":["Gij\u00f3n,Asturias,Spain"],"fave_comunidadimporte":["0"],"fave_comunidadincluida":["0"],"fave_conservacion":["Ninguno"],"fave_orientacion":[""],"fave_carpinteriainterior":[""],"fave_carpinteriaexterior":[""],"fave_tiposuelo":[""],"fave_vistas":[""],"additional_features":["a:5:{i:0;a:2:{s:29:\"fave_additional_feature_title\";s:12:\"Carpinter\u00eda\";s:29:\"fave_additional_feature_value\";s:0:\"\";}i:1;a:2:{s:29:\"fave_additional_feature_title\";s:21:\"Carpinter\u00eda exterior\";s:29:\"fave_additional_feature_value\";s:0:\"\";}i:2;a:2:{s:29:\"fave_additional_feature_title\";s:6:\"Estado\";s:29:\"fave_additional_feature_value\";s:7:\"Ninguno\";}i:3;a:2:{s:29:\"fave_additional_feature_title\";s:6:\"Vistas\";s:29:\"fave_additional_feature_value\";s:0:\"\";}i:4;a:2:{s:29:\"fave_additional_feature_title\";s:11:\"Orientacion\";s:29:\"fave_additional_feature_value\";s:0:\"\";}}"],"referencia":["05041"],"fave_property_id":["05041"],"fave_property_bedrooms":["0"],"fave_property_bathrooms":["0"],"fave_property_garage":[""],"fave_property_land":["0"],"ave_property_land_postfix":["m&sup2;"],"fave_property_size":["80"],"fave_property_year":["1969"],"fave_energy_global_index":["0 kWh\/m&sup2; \/1234.99 Kg CO2\/m&sup2;"],"fave_energy_class":["N"],"estate_attr_energy_class":["Tramitando..."],"REAL_HOMES_property_emisiones":["1234.99"],"REAL_HOMES_property_consumo":["0"],"REAL_HOMES_property_letra":["N"],"estate_video":[""],"fave_virtual_tour":[""],"vendidoInmueble":[""],"fave_property_price":["1000"],"fave_property_price_postfix":["mes"],"fave_property_images":["16804644","16804645","16804646","16804647","16804648","16804649","16804650","16804651","16804652","16804653"],"houzez_total_property_views":["2"],"houzez_views_by_date":["a:1:{s:10:\"04-29-2026\";i:2;}"],"houzez_recently_viewed":["2026-04-29 08:43:16"]},"_links":{"self":[{"href":"https:\/\/agencia-asturias.com\/de\/wp-json\/wp\/v2\/properties\/16804643","targetHints":{"allow":["GET"]}}],"collection":[{"href":"https:\/\/agencia-asturias.com\/de\/wp-json\/wp\/v2\/properties"}],"about":[{"href":"https:\/\/agencia-asturias.com\/de\/wp-json\/wp\/v2\/types\/property"}],"author":[{"embeddable":true,"href":"https:\/\/agencia-asturias.com\/de\/wp-json\/wp\/v2\/users\/1"}],"version-history":[{"count":0,"href":"https:\/\/agencia-asturias.com\/de\/wp-json\/wp\/v2\/properties\/16804643\/revisions"}],"wp:featuredmedia":[{"embeddable":true,"href":"https:\/\/agencia-asturias.com\/de\/wp-json\/wp\/v2\/media\/16804644"}],"wp:attachment":[{"href":"https:\/\/agencia-asturias.com\/de\/wp-json\/wp\/v2\/media?parent=16804643"}],"wp:term":[{"taxonomy":"property_type","embeddable":true,"href":"https:\/\/agencia-asturias.com\/de\/wp-json\/wp\/v2\/property_type?post=16804643"},{"taxonomy":"property_status","embeddable":true,"href":"https:\/\/agencia-asturias.com\/de\/wp-json\/wp\/v2\/property_status?post=16804643"},{"taxonomy":"property_feature","embeddable":true,"href":"https:\/\/agencia-asturias.com\/de\/wp-json\/wp\/v2\/property_feature?post=16804643"},{"taxonomy":"property_label","embeddable":true,"href":"https:\/\/agencia-asturias.com\/de\/wp-json\/wp\/v2\/property_label?post=16804643"},{"taxonomy":"property_state","embeddable":true,"href":"https:\/\/agencia-asturias.com\/de\/wp-json\/wp\/v2\/property_state?post=16804643"},{"taxonomy":"property_city","embeddable":true,"href":"https:\/\/agencia-asturias.com\/de\/wp-json\/wp\/v2\/property_city?post=16804643"},{"taxonomy":"property_area","embeddable":true,"href":"https:\/\/agencia-asturias.com\/de\/wp-json\/wp\/v2\/property_area?post=16804643"}],"curies":[{"name":"wp","href":"https:\/\/api.w.org\/{rel}","templated":true}]}}

In der Straße Palacio Valdés &#8211; 05041

<p>Wunderbare Geschäftsräume im Herzen von Gijón, direkt in der Straße Palacio Valdés. Die Räumlichkeiten müssen renoviert werden und können nach Ihrem Geschmack gestaltet werden, in einem Bereich mit viel Durchgangsverkehr. Für jede Art von Geschäft geeignet. Beginnen Sie Ihr neues Unternehmen in einer der geschäftigsten Straßen im Stadtzentrum. Kommen Sie vorbei oder rufen Sie die Agencia Asturias an, und wir können Ihnen alle Informationen geben, die Sie benötigen.</p>

<p>Wunderbare Geschäftsräume im Herzen von Gijón, direkt in der Straße Palacio Valdés. Die Räumlichkeiten müssen renoviert werden und können nach Ihrem Geschmack gestaltet werden, in einem Bereich mit viel Durchgangsverkehr. Für jede Art von Geschäft geeignet. Beginnen Sie Ihr neues Unternehmen in einer der geschäftigsten Straßen </p>

Gijón,Asturias

Gijón,Asturias,Spain

a:5:{i:0;a:2:{s:29:"fave_additional_feature_title";s:12:"Carpintería";s:29:"fave_additional_feature_value";s:0:"";}i:1;a:2:{s:29:"fave_additional_feature_title";s:21:"Carpintería exterior";s:29:"fave_additional_feature_value";s:0:"";}i:2;a:2:{s:29:"fave_additional_feature_title";s:6:"Estado";s:29:"fave_additional_feature_value";s:7:"Ninguno";}i:3;a:2:{s:29:"fave_additional_feature_title";s:6:"Vistas";s:29:"fave_additional_feature_value";s:0:"";}i:4;a:2:{s:29:"fave_additional_feature_title";s:11:"Orientacion";s:29:"fave_additional_feature_value";s:0:"";}}
