{"id":16805534,"date":"2026-03-27T19:30:37","date_gmt":"2026-03-27T19:30:37","guid":{"rendered":"https:\/\/agencia-asturias.com\/inmueble\/alquiler\/piso\/asturias\/gijon\/05091\/"},"modified":"2026-03-27T19:30:37","modified_gmt":"2026-03-27T19:30:37","slug":"zwei-zimmer-in-el-natahoyo-mit-privatem-parkplatz-in-der-urbanisation-05091","status":"publish","type":"property","link":"https:\/\/agencia-asturias.com\/de\/inmueble\/alquiler\/piso\/asturias\/gijon\/05091\/","title":{"rendered":"Zwei Zimmer in El Natahoyo mit privatem Parkplatz in der Urbanisation &#8211; 05091"},"content":{"rendered":"<p>Die Agentur Asturias bietet Ihnen diese Wohnung in der Urbanisation Grupo Santa Olaya, im Gebiet Natahoyo, an. Es handelt sich um eine erste Etage ohne Aufzug mit einem Projekt zur Fassadenrehabilitierung und Installation des Aufzugs, mit einer Wohnfl\u00e4che von 72 m\u00b2. Sie besteht aus zwei Schlafzimmern, einem gro\u00dfen Wohnzimmer und einer voll ausgestatteten K\u00fcche mit Glaskeramikkochfeld, Backofen, Dunstabzugshaube, Waschmaschine, Geschirrsp\u00fcler und sogar einem Trockner sowie einem vollst\u00e4ndigen Badezimmer.<\/p>\n<p>Die Lage ist einfach unschlagbar; in der N\u00e4he des Meeres gelegen und umgeben von wesentlichen Dienstleistungen wie Superm\u00e4rkten, Restaurants und effizientem \u00f6ffentlichen Verkehr. Dar\u00fcber hinaus genie\u00dfen Sie den zus\u00e4tzlichen Vorteil, dass es in der Urbanisation ausgewiesene Parkpl\u00e4tze gibt, was in diesen Zeiten, in denen das Parken kompliziert sein kann, von entscheidender Bedeutung ist.<\/p>\n<p>Verpassen Sie nicht die einzigartige Gelegenheit, die diese Wohnung bietet, kommen Sie so schnell wie m\u00f6glich vorbei!!!!<\/p>\n","protected":false},"excerpt":{"rendered":"<p>Die Agentur Asturias bietet Ihnen diese Wohnung in der Urbanisation Grupo Santa Olaya, im Gebiet Natahoyo, an. Es handelt sich um eine erste Etage ohne Aufzug mit einem Projekt zur Fassadenrehabilitierung und Installation des Aufzugs, mit einer Wohnfl\u00e4che von 72 m\u00b2. Sie besteht aus zwei Schlafzimmern, einem gro\u00dfen Wohnzimmer und einer <\/p>\n","protected":false},"author":1,"featured_media":16805535,"parent":0,"menu_order":0,"template":"","property_type":[779],"property_status":[852],"property_feature":[722,855,724,858,860,856,862],"property_label":[],"property_state":[419],"property_city":[420],"property_area":[422],"class_list":["post-16805534","property","type-property","status-publish","has-post-thumbnail","hentry","property_type-wohnung","property_status-vermietung","property_feature-elektrogerte","property_feature-heizung","property_feature-komplett-auenliegend","property_feature-mbel","property_feature-stadtgas","property_feature-wohnanlage","property_state-asturias","property_city-gijon","property_area-natahoyo"],"property_meta":{"fave_agent":["59308"],"fave_agents":["59308"],"fave_agent_display_option":["agent_info"],"property_agent":["59308"],"custom_permalink":["inmueble\/alquiler\/piso\/asturias\/gijon\/05091\/"],"_thumbnail_id":["16805535"],"post_id":["Array"],"original_author":["1"],"_edit_lock":["1604137107:1"],"_edit_last":["1"],"fave_property_map_street_view":["show"],"fave_payment_status":["not_paid"],"fave_single_top_area":["global"],"fave_single_content_area":["global"],"houzez_manual_expire":["0"],"fave_property_size_prefix":["m&sup2;"],"fave_property_map":["1"],"fave_additional_features_enable":["disable"],"fave_floor_plans_enable":["disable"],"fave_multiunit_plans_enable":["disable"],"fave_prop_homeslider":["no"],"fave_featured":["0"],"fave_property_address":["Gij\u00f3n,Asturias"],"fave_property_zip":["33212"],"houzez_geolocation_lat":["43.539772834326"],"houzez_geolocation_long":["-5.6866905209933"],"fave_property_location":["43.539772834326,-5.6866905209933"],"fave_property_country":["ES"],"fave_property_map_address":["Gij\u00f3n,Asturias,Spain"],"fave_comunidadimporte":["0"],"fave_comunidadincluida":["1"],"fave_conservacion":["Reformado"],"fave_orientacion":[""],"fave_carpinteriainterior":["Madera"],"fave_carpinteriaexterior":["PVC"],"fave_tiposuelo":["Climalit"],"fave_vistas":[""],"additional_features":["a:5:{i:0;a:2:{s:29:\"fave_additional_feature_title\";s:12:\"Carpinter\u00eda\";s:29:\"fave_additional_feature_value\";s:6:\"Madera\";}i:1;a:2:{s:29:\"fave_additional_feature_title\";s:21:\"Carpinter\u00eda exterior\";s:29:\"fave_additional_feature_value\";s:3:\"PVC\";}i:2;a:2:{s:29:\"fave_additional_feature_title\";s:6:\"Estado\";s:29:\"fave_additional_feature_value\";s:9:\"Reformado\";}i:3;a:2:{s:29:\"fave_additional_feature_title\";s:6:\"Vistas\";s:29:\"fave_additional_feature_value\";s:0:\"\";}i:4;a:2:{s:29:\"fave_additional_feature_title\";s:11:\"Orientacion\";s:29:\"fave_additional_feature_value\";s:0:\"\";}}"],"referencia":["05091"],"fave_property_id":["05091"],"fave_property_bedrooms":["2"],"fave_property_bathrooms":["1"],"fave_property_garage":["1"],"fave_property_land":["0"],"ave_property_land_postfix":["m&sup2;"],"fave_property_size":["72"],"fave_property_year":["1952"],"fave_energy_global_index":["0 kWh\/m&sup2; \/1234.99 Kg CO2\/m&sup2;"],"fave_energy_class":["N"],"estate_attr_energy_class":["Tramitando..."],"REAL_HOMES_property_emisiones":["1234.99"],"REAL_HOMES_property_consumo":["0"],"REAL_HOMES_property_letra":["N"],"estate_video":[""],"fave_virtual_tour":[""],"vendidoInmueble":[""],"fave_property_price":["775"],"fave_property_price_postfix":["mes"],"fave_property_images":["16805535","16805536","16805537","16805538","16805539","16805540","16805541","16805542","16805543","16805544","16805545","16805546","16805547","16805548","16805549","16805550","16805551","16805552","16805553","16805554","16805555","16805556","16805557","16805558","16805559","16805560","16805561","16805562","16805563"],"houzez_total_property_views":["1"],"houzez_views_by_date":["a:1:{s:10:\"04-29-2026\";i:1;}"],"houzez_recently_viewed":["2026-04-29 06:28:09"]},"_links":{"self":[{"href":"https:\/\/agencia-asturias.com\/de\/wp-json\/wp\/v2\/properties\/16805534","targetHints":{"allow":["GET"]}}],"collection":[{"href":"https:\/\/agencia-asturias.com\/de\/wp-json\/wp\/v2\/properties"}],"about":[{"href":"https:\/\/agencia-asturias.com\/de\/wp-json\/wp\/v2\/types\/property"}],"author":[{"embeddable":true,"href":"https:\/\/agencia-asturias.com\/de\/wp-json\/wp\/v2\/users\/1"}],"version-history":[{"count":0,"href":"https:\/\/agencia-asturias.com\/de\/wp-json\/wp\/v2\/properties\/16805534\/revisions"}],"wp:featuredmedia":[{"embeddable":true,"href":"https:\/\/agencia-asturias.com\/de\/wp-json\/wp\/v2\/media\/16805535"}],"wp:attachment":[{"href":"https:\/\/agencia-asturias.com\/de\/wp-json\/wp\/v2\/media?parent=16805534"}],"wp:term":[{"taxonomy":"property_type","embeddable":true,"href":"https:\/\/agencia-asturias.com\/de\/wp-json\/wp\/v2\/property_type?post=16805534"},{"taxonomy":"property_status","embeddable":true,"href":"https:\/\/agencia-asturias.com\/de\/wp-json\/wp\/v2\/property_status?post=16805534"},{"taxonomy":"property_feature","embeddable":true,"href":"https:\/\/agencia-asturias.com\/de\/wp-json\/wp\/v2\/property_feature?post=16805534"},{"taxonomy":"property_label","embeddable":true,"href":"https:\/\/agencia-asturias.com\/de\/wp-json\/wp\/v2\/property_label?post=16805534"},{"taxonomy":"property_state","embeddable":true,"href":"https:\/\/agencia-asturias.com\/de\/wp-json\/wp\/v2\/property_state?post=16805534"},{"taxonomy":"property_city","embeddable":true,"href":"https:\/\/agencia-asturias.com\/de\/wp-json\/wp\/v2\/property_city?post=16805534"},{"taxonomy":"property_area","embeddable":true,"href":"https:\/\/agencia-asturias.com\/de\/wp-json\/wp\/v2\/property_area?post=16805534"}],"curies":[{"name":"wp","href":"https:\/\/api.w.org\/{rel}","templated":true}]}}

<p>Die Agentur Asturias bietet Ihnen diese Wohnung in der Urbanisation Grupo Santa Olaya, im Gebiet Natahoyo, an. Es handelt sich um eine erste Etage ohne Aufzug mit einem Projekt zur Fassadenrehabilitierung und Installation des Aufzugs, mit einer Wohnfläche von 72 m². Sie besteht aus zwei Schlafzimmern, einem großen Wohnzimmer und einer voll ausgestatteten Küche mit Glaskeramikkochfeld, Backofen, Dunstabzugshaube, Waschmaschine, Geschirrspüler und sogar einem Trockner sowie einem vollständigen Badezimmer.</p>
<p>Die Lage ist einfach unschlagbar; in der Nähe des Meeres gelegen und umgeben von wesentlichen Dienstleistungen wie Supermärkten, Restaurants und effizientem öffentlichen Verkehr. Darüber hinaus genießen Sie den zusätzlichen Vorteil, dass es in der Urbanisation ausgewiesene Parkplätze gibt, was in diesen Zeiten, in denen das Parken kompliziert sein kann, von entscheidender Bedeutung ist.</p>
<p>Verpassen Sie nicht die einzigartige Gelegenheit, die diese Wohnung bietet, kommen Sie so schnell wie möglich vorbei!!!!</p>

<p>Die Agentur Asturias bietet Ihnen diese Wohnung in der Urbanisation Grupo Santa Olaya, im Gebiet Natahoyo, an. Es handelt sich um eine erste Etage ohne Aufzug mit einem Projekt zur Fassadenrehabilitierung und Installation des Aufzugs, mit einer Wohnfläche von 72 m². Sie besteht aus zwei Schlafzimmern, einem großen Wohnzimmer und einer </p>

Gijón,Asturias

Gijón,Asturias,Spain

a:5:{i:0;a:2:{s:29:"fave_additional_feature_title";s:12:"Carpintería";s:29:"fave_additional_feature_value";s:6:"Madera";}i:1;a:2:{s:29:"fave_additional_feature_title";s:21:"Carpintería exterior";s:29:"fave_additional_feature_value";s:3:"PVC";}i:2;a:2:{s:29:"fave_additional_feature_title";s:6:"Estado";s:29:"fave_additional_feature_value";s:9:"Reformado";}i:3;a:2:{s:29:"fave_additional_feature_title";s:6:"Vistas";s:29:"fave_additional_feature_value";s:0:"";}i:4;a:2:{s:29:"fave_additional_feature_title";s:11:"Orientacion";s:29:"fave_additional_feature_value";s:0:"";}}
