{"id":16805780,"date":"2026-04-15T19:52:29","date_gmt":"2026-04-15T19:52:29","guid":{"rendered":"https:\/\/agencia-asturias.com\/inmueble\/venta\/piso\/asturias\/gijon\/05104\/"},"modified":"2026-04-15T19:52:29","modified_gmt":"2026-04-15T19:52:29","slug":"carrefour-los-fresnos-seite-mit-hohe-und-aufzug-05104","status":"publish","type":"property","link":"https:\/\/agencia-asturias.com\/de\/inmueble\/venta\/piso\/asturias\/gijon\/05104\/","title":{"rendered":"Carrefour Los Fresnos Seite, mit H\u00f6he und Aufzug &#8211; 05104"},"content":{"rendered":"<p>In der Stra\u00dfe Rio de Oro, neben dem Einkaufszentrum Carrefour Los Fresnos, bietet die Agencia Asturias diese helle und sonnige Wohnung zum Verkauf an. Sie besteht aus einem Wohnzimmer und einer K\u00fcche, die zusammen sind und zusammen mit dem Flur einen gro\u00dfen, einheitlichen Raum bilden k\u00f6nnen, der zur Stra\u00dfe zeigt und aufgrund seiner S\u00fcdostausrichtung sehr sonnig ist. Die drei Schlafzimmer und das Badezimmer, das ein Fenster hat und renoviert wurde, gehen zum Innenhof und sind ebenfalls sonnig. Die Fenster sind aus PVC und die Heizung erfolgt \u00fcber einen \u00d6l-Brenner, aber das Stadtgas ist im Eingangsbereich verf\u00fcgbar, falls gew\u00fcnscht. Der Eingang ist neu und hat keine architektonischen Barrieren, und der Aufzug ist f\u00fcr vier Personen geeignet, sodass auch ein Rollstuhl oder ein Kinderwagen hineinpassen. Seine Lage ist unschlagbar, da man in zehn Minuten zur Bego\u00f1a-Promenade laufen kann; es gibt in der N\u00e4he alle Arten von Dienstleistungen, darunter Carrefour, Lidl, Mercadona, Schwimmb\u00e4der, ein Gesundheitszentrum, Schulen, Busse, den Park Los Pericones und hervorragende Anbindung an die Busse. Kommen Sie mit der Agencia Asturias vorbei und entdecken Sie sein gro\u00dfes Potenzial. Grundsteuer, Notargeb\u00fchren und Registrierung sind nicht im Preis enthalten.<\/p>\n","protected":false},"excerpt":{"rendered":"<p>In der Stra\u00dfe Rio de Oro, neben dem Einkaufszentrum Carrefour Los Fresnos, bietet die Agencia Asturias diese helle und sonnige Wohnung zum Verkauf an. Sie besteht aus einem Wohnzimmer und einer K\u00fcche, die zusammen sind und zusammen mit dem Flur einen gro\u00dfen, einheitlichen Raum bilden k\u00f6nnen, der zur Stra\u00dfe zeigt und aufgrund seiner <\/p>\n","protected":false},"author":1,"featured_media":16805781,"parent":0,"menu_order":0,"template":"","property_type":[779],"property_status":[720],"property_feature":[722,855,724,858],"property_label":[],"property_state":[419],"property_city":[420],"property_area":[880],"class_list":["post-16805780","property","type-property","status-publish","has-post-thumbnail","hentry","property_type-wohnung","property_status-verkauf","property_feature-elektrogerte","property_feature-heizung","property_feature-komplett-auenliegend","property_state-asturias","property_city-gijon","property_area-el-llano-pryca"],"property_meta":{"fave_agent":["59304"],"fave_agents":["59304"],"fave_agent_display_option":["agent_info"],"property_agent":["59304"],"custom_permalink":["inmueble\/venta\/piso\/asturias\/gijon\/05104\/"],"_thumbnail_id":["16805781"],"post_id":["Array"],"original_author":["1"],"_edit_lock":["1604137107:1"],"_edit_last":["1"],"fave_property_map_street_view":["show"],"fave_payment_status":["not_paid"],"fave_single_top_area":["global"],"fave_single_content_area":["global"],"houzez_manual_expire":["0"],"fave_property_size_prefix":["m&sup2;"],"fave_property_map":["1"],"fave_additional_features_enable":["disable"],"fave_floor_plans_enable":["disable"],"fave_multiunit_plans_enable":["disable"],"fave_prop_homeslider":["no"],"fave_featured":["0"],"fave_property_address":["Gij\u00f3n,Asturias"],"fave_property_zip":["33209"],"houzez_geolocation_lat":["43.531073034"],"houzez_geolocation_long":["-5.662835821"],"fave_property_location":["43.531073034,-5.662835821"],"fave_property_country":["ES"],"fave_property_map_address":["Gij\u00f3n,Asturias,Spain"],"fave_comunidadimporte":["75"],"fave_comunidadincluida":["0"],"fave_conservacion":["Reformar Parcialmente"],"fave_orientacion":[""],"fave_carpinteriainterior":[""],"fave_carpinteriaexterior":["PVC"],"fave_tiposuelo":["Climalit"],"fave_vistas":[""],"additional_features":["a:5:{i:0;a:2:{s:29:\"fave_additional_feature_title\";s:12:\"Carpinter\u00eda\";s:29:\"fave_additional_feature_value\";s:0:\"\";}i:1;a:2:{s:29:\"fave_additional_feature_title\";s:21:\"Carpinter\u00eda exterior\";s:29:\"fave_additional_feature_value\";s:3:\"PVC\";}i:2;a:2:{s:29:\"fave_additional_feature_title\";s:6:\"Estado\";s:29:\"fave_additional_feature_value\";s:21:\"Reformar Parcialmente\";}i:3;a:2:{s:29:\"fave_additional_feature_title\";s:6:\"Vistas\";s:29:\"fave_additional_feature_value\";s:0:\"\";}i:4;a:2:{s:29:\"fave_additional_feature_title\";s:11:\"Orientacion\";s:29:\"fave_additional_feature_value\";s:0:\"\";}}"],"referencia":["05104"],"fave_property_id":["05104"],"fave_property_bedrooms":["3"],"fave_property_bathrooms":["1"],"fave_property_garage":[""],"fave_property_land":["0"],"ave_property_land_postfix":["m&sup2;"],"fave_property_size":["74"],"fave_property_year":["1970"],"fave_energy_global_index":["0 kWh\/m&sup2; \/1234.99 Kg CO2\/m&sup2;"],"fave_energy_class":["N"],"estate_attr_energy_class":["Tramitando..."],"REAL_HOMES_property_emisiones":["1234.99"],"REAL_HOMES_property_consumo":["0"],"REAL_HOMES_property_letra":["N"],"estate_video":[""],"fave_virtual_tour":[""],"vendidoInmueble":[""],"fave_property_price":["205000"],"fave_property_price_postfix":[""],"fave_property_images":["16805781","16805782","16805783","16805784","16805785","16805786","16805787","16805788","16805789","16805790","16805791","16805792","16805793","16805794","16805795","16805796","16805797","16805798","16805799","16805800","16805801","16805802","16805803","16805804"],"houzez_total_property_views":["2"],"houzez_views_by_date":["a:1:{s:10:\"04-29-2026\";i:2;}"],"houzez_recently_viewed":["2026-04-29 10:55:38"]},"_links":{"self":[{"href":"https:\/\/agencia-asturias.com\/de\/wp-json\/wp\/v2\/properties\/16805780","targetHints":{"allow":["GET"]}}],"collection":[{"href":"https:\/\/agencia-asturias.com\/de\/wp-json\/wp\/v2\/properties"}],"about":[{"href":"https:\/\/agencia-asturias.com\/de\/wp-json\/wp\/v2\/types\/property"}],"author":[{"embeddable":true,"href":"https:\/\/agencia-asturias.com\/de\/wp-json\/wp\/v2\/users\/1"}],"version-history":[{"count":0,"href":"https:\/\/agencia-asturias.com\/de\/wp-json\/wp\/v2\/properties\/16805780\/revisions"}],"wp:featuredmedia":[{"embeddable":true,"href":"https:\/\/agencia-asturias.com\/de\/wp-json\/wp\/v2\/media\/16805781"}],"wp:attachment":[{"href":"https:\/\/agencia-asturias.com\/de\/wp-json\/wp\/v2\/media?parent=16805780"}],"wp:term":[{"taxonomy":"property_type","embeddable":true,"href":"https:\/\/agencia-asturias.com\/de\/wp-json\/wp\/v2\/property_type?post=16805780"},{"taxonomy":"property_status","embeddable":true,"href":"https:\/\/agencia-asturias.com\/de\/wp-json\/wp\/v2\/property_status?post=16805780"},{"taxonomy":"property_feature","embeddable":true,"href":"https:\/\/agencia-asturias.com\/de\/wp-json\/wp\/v2\/property_feature?post=16805780"},{"taxonomy":"property_label","embeddable":true,"href":"https:\/\/agencia-asturias.com\/de\/wp-json\/wp\/v2\/property_label?post=16805780"},{"taxonomy":"property_state","embeddable":true,"href":"https:\/\/agencia-asturias.com\/de\/wp-json\/wp\/v2\/property_state?post=16805780"},{"taxonomy":"property_city","embeddable":true,"href":"https:\/\/agencia-asturias.com\/de\/wp-json\/wp\/v2\/property_city?post=16805780"},{"taxonomy":"property_area","embeddable":true,"href":"https:\/\/agencia-asturias.com\/de\/wp-json\/wp\/v2\/property_area?post=16805780"}],"curies":[{"name":"wp","href":"https:\/\/api.w.org\/{rel}","templated":true}]}}

Carrefour Los Fresnos Seite, mit Höhe und Aufzug &#8211; 05104

<p>In der Straße Rio de Oro, neben dem Einkaufszentrum Carrefour Los Fresnos, bietet die Agencia Asturias diese helle und sonnige Wohnung zum Verkauf an. Sie besteht aus einem Wohnzimmer und einer Küche, die zusammen sind und zusammen mit dem Flur einen großen, einheitlichen Raum bilden können, der zur Straße zeigt und aufgrund seiner Südostausrichtung sehr sonnig ist. Die drei Schlafzimmer und das Badezimmer, das ein Fenster hat und renoviert wurde, gehen zum Innenhof und sind ebenfalls sonnig. Die Fenster sind aus PVC und die Heizung erfolgt über einen Öl-Brenner, aber das Stadtgas ist im Eingangsbereich verfügbar, falls gewünscht. Der Eingang ist neu und hat keine architektonischen Barrieren, und der Aufzug ist für vier Personen geeignet, sodass auch ein Rollstuhl oder ein Kinderwagen hineinpassen. Seine Lage ist unschlagbar, da man in zehn Minuten zur Begoña-Promenade laufen kann; es gibt in der Nähe alle Arten von Dienstleistungen, darunter Carrefour, Lidl, Mercadona, Schwimmbäder, ein Gesundheitszentrum, Schulen, Busse, den Park Los Pericones und hervorragende Anbindung an die Busse. Kommen Sie mit der Agencia Asturias vorbei und entdecken Sie sein großes Potenzial. Grundsteuer, Notargebühren und Registrierung sind nicht im Preis enthalten.</p>

<p>In der Straße Rio de Oro, neben dem Einkaufszentrum Carrefour Los Fresnos, bietet die Agencia Asturias diese helle und sonnige Wohnung zum Verkauf an. Sie besteht aus einem Wohnzimmer und einer Küche, die zusammen sind und zusammen mit dem Flur einen großen, einheitlichen Raum bilden können, der zur Straße zeigt und aufgrund seiner </p>

Gijón,Asturias

Gijón,Asturias,Spain

a:5:{i:0;a:2:{s:29:"fave_additional_feature_title";s:12:"Carpintería";s:29:"fave_additional_feature_value";s:0:"";}i:1;a:2:{s:29:"fave_additional_feature_title";s:21:"Carpintería exterior";s:29:"fave_additional_feature_value";s:3:"PVC";}i:2;a:2:{s:29:"fave_additional_feature_title";s:6:"Estado";s:29:"fave_additional_feature_value";s:21:"Reformar Parcialmente";}i:3;a:2:{s:29:"fave_additional_feature_title";s:6:"Vistas";s:29:"fave_additional_feature_value";s:0:"";}i:4;a:2:{s:29:"fave_additional_feature_title";s:11:"Orientacion";s:29:"fave_additional_feature_value";s:0:"";}}
