{"id":16805807,"date":"2026-04-17T10:22:05","date_gmt":"2026-04-17T10:22:05","guid":{"rendered":"https:\/\/agencia-asturias.com\/inmueble\/venta\/terreno-edificable\/asturias\/gijon\/05108\/"},"modified":"2026-04-17T10:22:05","modified_gmt":"2026-04-17T10:22:05","slug":"parzelle-in-gijon-fresno-gebiet-05108","status":"publish","type":"property","link":"https:\/\/agencia-asturias.com\/de\/inmueble\/venta\/terreno-edificable\/asturias\/gijon\/05108\/","title":{"rendered":"Parzelle in Gijon Fresno-Gebiet &#8211; 05108"},"content":{"rendered":"<p>Fast praktisch flaches und gut orientiertes Grundst\u00fcck. Neben dem Wohngebiet Monteana. Letzte bebaubare Parzelle von 1.700 Quadratmetern mit einem Verkaufspreis von 50.000 &euro; und einem rustikalen Grundst\u00fcck von etwas mehr als einem Hektar f\u00fcr 35.000 &euro;. Mit Ost-West-Ausrichtung, die einen klaren Blick in 360 Grad bietet.<br \/>Neben dem Grundst\u00fcck stehen Haltestellen f\u00fcr st\u00e4dtische Busse und S-Bahn zur Verf\u00fcgung.<br \/>Steuer auf Grundst\u00fccks\u00fcbertragungen sowie Notar- und Registrierungsgeb\u00fchren sind nicht im Preis enthalten.<\/p>\n","protected":false},"excerpt":{"rendered":"<p>Fast praktisch flaches und gut orientiertes Grundst\u00fcck. Neben dem Wohngebiet Monteana. Letzte bebaubare Parzelle von 1.700 Quadratmetern mit einem Verkaufspreis von 50.000 &euro; und einem rustikalen Grundst\u00fcck von etwas mehr als einem Hektar f\u00fcr 35.000 &euro;. Mit Ost-West-Ausrichtung, die einen klaren Blick in 360 Grad bietet.~Neben <\/p>\n","protected":false},"author":1,"featured_media":16805808,"parent":0,"menu_order":0,"template":"","property_type":[791],"property_status":[720],"property_feature":[],"property_label":[],"property_state":[419],"property_city":[420],"property_area":[665],"class_list":["post-16805807","property","type-property","status-publish","has-post-thumbnail","hentry","property_type-bebaubares-grundstuck","property_status-verkauf","property_state-asturias","property_city-gijon","property_area-poago"],"property_meta":{"fave_agent":["156"],"fave_agents":["156"],"fave_agent_display_option":["agent_info"],"property_agent":["156"],"custom_permalink":["inmueble\/venta\/terreno-edificable\/asturias\/gijon\/05108\/"],"_thumbnail_id":["16805808"],"post_id":["Array"],"original_author":["1"],"_edit_lock":["1604137107:1"],"_edit_last":["1"],"fave_property_map_street_view":["show"],"fave_payment_status":["not_paid"],"fave_single_top_area":["global"],"fave_single_content_area":["global"],"houzez_manual_expire":["0"],"fave_property_size_prefix":["m&sup2;"],"fave_property_map":["1"],"fave_additional_features_enable":["disable"],"fave_floor_plans_enable":["disable"],"fave_multiunit_plans_enable":["disable"],"fave_prop_homeslider":["no"],"fave_featured":["0"],"fave_property_address":["Gij\u00f3n,Asturias"],"fave_property_zip":["33393"],"houzez_geolocation_lat":["43.52178925490895"],"houzez_geolocation_long":["-5.7467779618772"],"fave_property_location":["43.52178925490895,-5.7467779618772"],"fave_property_country":["ES"],"fave_property_map_address":["Gij\u00f3n,Asturias,Spain"],"fave_comunidadimporte":["0"],"fave_comunidadincluida":["0"],"fave_conservacion":["Ninguno"],"fave_orientacion":["Este Oeste"],"fave_carpinteriainterior":[""],"fave_carpinteriaexterior":[""],"fave_tiposuelo":[""],"fave_vistas":[""],"additional_features":["a:5:{i:0;a:2:{s:29:\"fave_additional_feature_title\";s:12:\"Carpinter\u00eda\";s:29:\"fave_additional_feature_value\";s:0:\"\";}i:1;a:2:{s:29:\"fave_additional_feature_title\";s:21:\"Carpinter\u00eda exterior\";s:29:\"fave_additional_feature_value\";s:0:\"\";}i:2;a:2:{s:29:\"fave_additional_feature_title\";s:6:\"Estado\";s:29:\"fave_additional_feature_value\";s:7:\"Ninguno\";}i:3;a:2:{s:29:\"fave_additional_feature_title\";s:6:\"Vistas\";s:29:\"fave_additional_feature_value\";s:0:\"\";}i:4;a:2:{s:29:\"fave_additional_feature_title\";s:11:\"Orientacion\";s:29:\"fave_additional_feature_value\";s:10:\"Este Oeste\";}}"],"referencia":["05108"],"fave_property_id":["05108"],"fave_property_bedrooms":["0"],"fave_property_bathrooms":["0"],"fave_property_garage":[""],"fave_property_land":["1700"],"ave_property_land_postfix":["m&sup2;"],"fave_property_size":["0"],"fave_property_year":["0"],"fave_energy_global_index":["0 kWh\/m&sup2; \/0 Kg CO2\/m&sup2;"],"fave_energy_class":["N"],"estate_attr_energy_class":["Tramitando..."],"REAL_HOMES_property_emisiones":["0"],"REAL_HOMES_property_consumo":["0"],"REAL_HOMES_property_letra":["N"],"estate_video":[""],"fave_video_url":["https:\/\/www.youtube.com\/watch?v=ggtTg_Zer20"],"fave_video_image":["https:\/\/fotos15.apinmo.com\/1445\/28808497\/3-1.jpg"],"fave_virtual_tour":[""],"vendidoInmueble":[""],"fave_property_price":["50000"],"fave_property_price_postfix":[""],"fave_property_images":["16805808","16805809","16805810","16805811","16805812","16805813","16805814","16805815","16805816","16805817","16805818","16805819","16805820","16805821","16805822","16805823","16805824","16805825"],"houzez_total_property_views":["2"],"houzez_views_by_date":["a:1:{s:10:\"04-29-2026\";i:2;}"],"houzez_recently_viewed":["2026-04-29 10:17:48"]},"_links":{"self":[{"href":"https:\/\/agencia-asturias.com\/de\/wp-json\/wp\/v2\/properties\/16805807","targetHints":{"allow":["GET"]}}],"collection":[{"href":"https:\/\/agencia-asturias.com\/de\/wp-json\/wp\/v2\/properties"}],"about":[{"href":"https:\/\/agencia-asturias.com\/de\/wp-json\/wp\/v2\/types\/property"}],"author":[{"embeddable":true,"href":"https:\/\/agencia-asturias.com\/de\/wp-json\/wp\/v2\/users\/1"}],"version-history":[{"count":0,"href":"https:\/\/agencia-asturias.com\/de\/wp-json\/wp\/v2\/properties\/16805807\/revisions"}],"wp:featuredmedia":[{"embeddable":true,"href":"https:\/\/agencia-asturias.com\/de\/wp-json\/wp\/v2\/media\/16805808"}],"wp:attachment":[{"href":"https:\/\/agencia-asturias.com\/de\/wp-json\/wp\/v2\/media?parent=16805807"}],"wp:term":[{"taxonomy":"property_type","embeddable":true,"href":"https:\/\/agencia-asturias.com\/de\/wp-json\/wp\/v2\/property_type?post=16805807"},{"taxonomy":"property_status","embeddable":true,"href":"https:\/\/agencia-asturias.com\/de\/wp-json\/wp\/v2\/property_status?post=16805807"},{"taxonomy":"property_feature","embeddable":true,"href":"https:\/\/agencia-asturias.com\/de\/wp-json\/wp\/v2\/property_feature?post=16805807"},{"taxonomy":"property_label","embeddable":true,"href":"https:\/\/agencia-asturias.com\/de\/wp-json\/wp\/v2\/property_label?post=16805807"},{"taxonomy":"property_state","embeddable":true,"href":"https:\/\/agencia-asturias.com\/de\/wp-json\/wp\/v2\/property_state?post=16805807"},{"taxonomy":"property_city","embeddable":true,"href":"https:\/\/agencia-asturias.com\/de\/wp-json\/wp\/v2\/property_city?post=16805807"},{"taxonomy":"property_area","embeddable":true,"href":"https:\/\/agencia-asturias.com\/de\/wp-json\/wp\/v2\/property_area?post=16805807"}],"curies":[{"name":"wp","href":"https:\/\/api.w.org\/{rel}","templated":true}]}}

<p>Fast praktisch flaches und gut orientiertes Grundstück. Neben dem Wohngebiet Monteana. Letzte bebaubare Parzelle von 1.700 Quadratmetern mit einem Verkaufspreis von 50.000 &euro; und einem rustikalen Grundstück von etwas mehr als einem Hektar für 35.000 &euro;. Mit Ost-West-Ausrichtung, die einen klaren Blick in 360 Grad bietet.<br />Neben dem Grundstück stehen Haltestellen für städtische Busse und S-Bahn zur Verfügung.<br />Steuer auf Grundstücksübertragungen sowie Notar- und Registrierungsgebühren sind nicht im Preis enthalten.</p>

<p>Fast praktisch flaches und gut orientiertes Grundstück. Neben dem Wohngebiet Monteana. Letzte bebaubare Parzelle von 1.700 Quadratmetern mit einem Verkaufspreis von 50.000 &euro; und einem rustikalen Grundstück von etwas mehr als einem Hektar für 35.000 &euro;. Mit Ost-West-Ausrichtung, die einen klaren Blick in 360 Grad bietet.~Neben </p>

Gijón,Asturias

Gijón,Asturias,Spain

a:5:{i:0;a:2:{s:29:"fave_additional_feature_title";s:12:"Carpintería";s:29:"fave_additional_feature_value";s:0:"";}i:1;a:2:{s:29:"fave_additional_feature_title";s:21:"Carpintería exterior";s:29:"fave_additional_feature_value";s:0:"";}i:2;a:2:{s:29:"fave_additional_feature_title";s:6:"Estado";s:29:"fave_additional_feature_value";s:7:"Ninguno";}i:3;a:2:{s:29:"fave_additional_feature_title";s:6:"Vistas";s:29:"fave_additional_feature_value";s:0:"";}i:4;a:2:{s:29:"fave_additional_feature_title";s:11:"Orientacion";s:29:"fave_additional_feature_value";s:10:"Este Oeste";}}
