{"id":16808423,"date":"2021-02-11T16:30:00","date_gmt":"2021-02-11T16:30:00","guid":{"rendered":"https:\/\/agencia-asturias.com\/inmueble\/venta\/nave-industrial\/asturias\/llanera\/03208\/"},"modified":"2021-02-11T16:30:00","modified_gmt":"2021-02-11T16:30:00","slug":"industriehalle-zu-verkaufen-in-cayes-neben-dem-gewerbepark-von-asipo-03208","status":"publish","type":"property","link":"https:\/\/agencia-asturias.com\/de\/inmueble\/venta\/nave-industrial\/asturias\/llanera\/03208\/","title":{"rendered":"Industriehalle zu verkaufen in Cay\u00e9s, neben dem Gewerbepark von Asipo &#8211; 03208"},"content":{"rendered":"<p>Industriehalle gelegen im Gebiet der Industrieparks im Zentrum Asturiens, neben dem Gewerbepark von Asipo und sehr nahe am Technologischen Zentrum sowie dem Gewerbepark Silvota in Llanera. Exzellente Anbindung direkt an der Stra\u00dfe AS-17. Gro\u00dfer Parkplatz vorhanden. Preis verhandelbar.<br \/>Die \u00dcbertragungssteuer und Notarkosten sind nicht im Preis enthalten.<\/p>\n","protected":false},"excerpt":{"rendered":"<p>Industriehalle gelegen im Gebiet der Industrieparks im Zentrum Asturiens, neben dem Gewerbepark von Asipo und sehr nahe am Technologischen Zentrum sowie dem Gewerbepark Silvota in Llanera. Exzellente Anbindung direkt an der Stra\u00dfe AS-17. Gro\u00dfer Parkplatz vorhanden. Preis verhandelbar.~Die \u00dcbertragungssteuer und Notarkosten sind nicht im <\/p>\n","protected":false},"author":1,"featured_media":16808424,"parent":0,"menu_order":0,"template":"","property_type":[789],"property_status":[720],"property_feature":[],"property_label":[],"property_state":[419],"property_city":[482],"property_area":[564],"class_list":["post-16808423","property","type-property","status-publish","has-post-thumbnail","hentry","property_type-industriehalle","property_status-verkauf","property_state-asturias","property_city-llanera","property_area-posada-de-llanera"],"property_meta":{"fave_agent":["59315"],"fave_agents":["59315"],"fave_agent_display_option":["agent_info"],"property_agent":["59315"],"custom_permalink":["inmueble\/venta\/nave-industrial\/asturias\/llanera\/03208\/"],"_thumbnail_id":["16808424"],"post_id":["Array"],"original_author":["1"],"_edit_lock":["1604137107:1"],"_edit_last":["1"],"fave_property_map_street_view":["show"],"fave_payment_status":["not_paid"],"fave_single_top_area":["global"],"fave_single_content_area":["global"],"houzez_manual_expire":["0"],"fave_property_size_prefix":["m&sup2;"],"fave_property_map":["1"],"fave_additional_features_enable":["disable"],"fave_floor_plans_enable":["disable"],"fave_multiunit_plans_enable":["disable"],"fave_prop_homeslider":["no"],"fave_featured":["0"],"fave_property_address":["Llanera,Asturias"],"fave_property_zip":["33428"],"houzez_geolocation_lat":["43.4297586600542"],"houzez_geolocation_long":["-5.83766780640211"],"fave_property_location":["43.4297586600542,-5.83766780640211"],"fave_property_country":["ES"],"fave_property_map_address":["Llanera,Asturias,Spain"],"fave_comunidadimporte":["0"],"fave_comunidadincluida":["0"],"fave_conservacion":["Para reformar"],"fave_orientacion":[""],"fave_carpinteriainterior":[""],"fave_carpinteriaexterior":[""],"fave_tiposuelo":[""],"fave_vistas":[""],"additional_features":["a:5:{i:0;a:2:{s:29:\"fave_additional_feature_title\";s:12:\"Carpinter\u00eda\";s:29:\"fave_additional_feature_value\";s:0:\"\";}i:1;a:2:{s:29:\"fave_additional_feature_title\";s:21:\"Carpinter\u00eda exterior\";s:29:\"fave_additional_feature_value\";s:0:\"\";}i:2;a:2:{s:29:\"fave_additional_feature_title\";s:6:\"Estado\";s:29:\"fave_additional_feature_value\";s:13:\"Para reformar\";}i:3;a:2:{s:29:\"fave_additional_feature_title\";s:6:\"Vistas\";s:29:\"fave_additional_feature_value\";s:0:\"\";}i:4;a:2:{s:29:\"fave_additional_feature_title\";s:11:\"Orientacion\";s:29:\"fave_additional_feature_value\";s:0:\"\";}}"],"referencia":["03208"],"fave_property_id":["03208"],"fave_property_bedrooms":["0"],"fave_property_bathrooms":["0"],"fave_property_garage":[""],"fave_property_land":["1587"],"ave_property_land_postfix":["m&sup2;"],"fave_property_size":["601"],"fave_property_year":["0"],"fave_energy_global_index":["0 kWh\/m&sup2; \/0 Kg CO2\/m&sup2;"],"fave_energy_class":["N"],"estate_attr_energy_class":["Tramitando..."],"REAL_HOMES_property_emisiones":["0"],"REAL_HOMES_property_consumo":["0"],"REAL_HOMES_property_letra":["N"],"estate_video":[""],"fave_virtual_tour":[""],"vendidoInmueble":[""],"fave_property_price":["240000"],"fave_property_price_postfix":[""],"fave_property_images":["16808424","16808425","16808426","16808427"],"houzez_total_property_views":["2"],"houzez_views_by_date":["a:1:{s:10:\"04-30-2026\";i:2;}"],"houzez_recently_viewed":["2026-04-30 06:51:32"]},"_links":{"self":[{"href":"https:\/\/agencia-asturias.com\/de\/wp-json\/wp\/v2\/properties\/16808423","targetHints":{"allow":["GET"]}}],"collection":[{"href":"https:\/\/agencia-asturias.com\/de\/wp-json\/wp\/v2\/properties"}],"about":[{"href":"https:\/\/agencia-asturias.com\/de\/wp-json\/wp\/v2\/types\/property"}],"author":[{"embeddable":true,"href":"https:\/\/agencia-asturias.com\/de\/wp-json\/wp\/v2\/users\/1"}],"version-history":[{"count":0,"href":"https:\/\/agencia-asturias.com\/de\/wp-json\/wp\/v2\/properties\/16808423\/revisions"}],"wp:featuredmedia":[{"embeddable":true,"href":"https:\/\/agencia-asturias.com\/de\/wp-json\/wp\/v2\/media\/16808424"}],"wp:attachment":[{"href":"https:\/\/agencia-asturias.com\/de\/wp-json\/wp\/v2\/media?parent=16808423"}],"wp:term":[{"taxonomy":"property_type","embeddable":true,"href":"https:\/\/agencia-asturias.com\/de\/wp-json\/wp\/v2\/property_type?post=16808423"},{"taxonomy":"property_status","embeddable":true,"href":"https:\/\/agencia-asturias.com\/de\/wp-json\/wp\/v2\/property_status?post=16808423"},{"taxonomy":"property_feature","embeddable":true,"href":"https:\/\/agencia-asturias.com\/de\/wp-json\/wp\/v2\/property_feature?post=16808423"},{"taxonomy":"property_label","embeddable":true,"href":"https:\/\/agencia-asturias.com\/de\/wp-json\/wp\/v2\/property_label?post=16808423"},{"taxonomy":"property_state","embeddable":true,"href":"https:\/\/agencia-asturias.com\/de\/wp-json\/wp\/v2\/property_state?post=16808423"},{"taxonomy":"property_city","embeddable":true,"href":"https:\/\/agencia-asturias.com\/de\/wp-json\/wp\/v2\/property_city?post=16808423"},{"taxonomy":"property_area","embeddable":true,"href":"https:\/\/agencia-asturias.com\/de\/wp-json\/wp\/v2\/property_area?post=16808423"}],"curies":[{"name":"wp","href":"https:\/\/api.w.org\/{rel}","templated":true}]}}

Industriehalle zu verkaufen in Cayés, neben dem Gewerbepark von Asipo &#8211; 03208

<p>Industriehalle gelegen im Gebiet der Industrieparks im Zentrum Asturiens, neben dem Gewerbepark von Asipo und sehr nahe am Technologischen Zentrum sowie dem Gewerbepark Silvota in Llanera. Exzellente Anbindung direkt an der Straße AS-17. Großer Parkplatz vorhanden. Preis verhandelbar.<br />Die Übertragungssteuer und Notarkosten sind nicht im Preis enthalten.</p>

<p>Industriehalle gelegen im Gebiet der Industrieparks im Zentrum Asturiens, neben dem Gewerbepark von Asipo und sehr nahe am Technologischen Zentrum sowie dem Gewerbepark Silvota in Llanera. Exzellente Anbindung direkt an der Straße AS-17. Großer Parkplatz vorhanden. Preis verhandelbar.~Die Übertragungssteuer und Notarkosten sind nicht im </p>

a:5:{i:0;a:2:{s:29:"fave_additional_feature_title";s:12:"Carpintería";s:29:"fave_additional_feature_value";s:0:"";}i:1;a:2:{s:29:"fave_additional_feature_title";s:21:"Carpintería exterior";s:29:"fave_additional_feature_value";s:0:"";}i:2;a:2:{s:29:"fave_additional_feature_title";s:6:"Estado";s:29:"fave_additional_feature_value";s:13:"Para reformar";}i:3;a:2:{s:29:"fave_additional_feature_title";s:6:"Vistas";s:29:"fave_additional_feature_value";s:0:"";}i:4;a:2:{s:29:"fave_additional_feature_title";s:11:"Orientacion";s:29:"fave_additional_feature_value";s:0:"";}}
