{"id":16808458,"date":"2022-08-24T11:46:26","date_gmt":"2022-08-24T11:46:26","guid":{"rendered":"https:\/\/agencia-asturias.com\/inmueble\/alquiler\/trastero\/asturias\/gijon\/03265\/"},"modified":"2022-08-24T11:46:26","modified_gmt":"2022-08-24T11:46:26","slug":"lagerflachen-gebiet-begona-manuel-llaneza-los-fresnos-03265","status":"publish","type":"property","link":"https:\/\/agencia-asturias.com\/de\/inmueble\/alquiler\/trastero\/asturias\/gijon\/03265\/","title":{"rendered":"Lagerfl\u00e4chen Gebiet Bego\u00f1a-Manuel Llaneza &#8211; Los Fresnos &#8211; 03265"},"content":{"rendered":"<p>Vermietung von Lagerr\u00e4umen in der Stra\u00dfe Fernando Mor\u00e1n Lavandera, neu angepasste R\u00e4umlichkeiten; alle Lagerr\u00e4ume haben eine ungef\u00e4hre Gr\u00f6\u00dfe von 6 Quadratmetern aber unterschiedliche H\u00f6hen und Formen. Preise ab &euro;65\/Monat im ersten Stock und &euro;75\/Monat im Erdgeschoss einschlie\u00dflich Mehrwertsteuer sowie Gemeinschafts- und Stromkosten enthalten. Zugang von der Stra\u00dfe \u00fcber einen personalisierten Code; Beleuchtung der Flure mit Bewegungssensoren; gemeinsame Bereiche werden durch ein geschlossenes \u00dcberwachungskameranetz \u00fcberwacht. Bitte erkundigen Sie sich nach Verf\u00fcgbarkeit.<\/p>\n","protected":false},"excerpt":{"rendered":"<p>Vermietung von Lagerr\u00e4umen in der Stra\u00dfe Fernando Mor\u00e1n Lavandera, neu angepasste R\u00e4umlichkeiten; alle Lagerr\u00e4ume haben eine ungef\u00e4hre Gr\u00f6\u00dfe von 6 Quadratmetern aber unterschiedliche H\u00f6hen und Formen. Preise ab &euro;65\/Monat im ersten Stock und &euro;75\/Monat im Erdgeschoss einschlie\u00dflich Mehrwertsteuer sowie Gemeinschafts- und <\/p>\n","protected":false},"author":1,"featured_media":16808459,"parent":0,"menu_order":0,"template":"","property_type":[783],"property_status":[852],"property_feature":[],"property_label":[],"property_state":[419],"property_city":[420],"property_area":[435],"class_list":["post-16808458","property","type-property","status-publish","has-post-thumbnail","hentry","property_type-lagerraum","property_status-vermietung","property_state-asturias","property_city-gijon","property_area-el-llano"],"property_meta":{"fave_agent":["59302"],"fave_agents":["59302"],"fave_agent_display_option":["agent_info"],"property_agent":["59302"],"custom_permalink":["inmueble\/alquiler\/trastero\/asturias\/gijon\/03265\/"],"_thumbnail_id":["16808459"],"post_id":["Array"],"original_author":["1"],"_edit_lock":["1604137107:1"],"_edit_last":["1"],"fave_property_map_street_view":["show"],"fave_payment_status":["not_paid"],"fave_single_top_area":["global"],"fave_single_content_area":["global"],"houzez_manual_expire":["0"],"fave_property_size_prefix":["m&sup2;"],"fave_property_map":["1"],"fave_additional_features_enable":["disable"],"fave_floor_plans_enable":["disable"],"fave_multiunit_plans_enable":["disable"],"fave_prop_homeslider":["no"],"fave_featured":["0"],"fave_property_address":["Gij\u00f3n,Asturias"],"fave_property_zip":["33205"],"houzez_geolocation_lat":["43.5361236533543"],"houzez_geolocation_long":["-5.661347340213012"],"fave_property_location":["43.5361236533543,-5.661347340213012"],"fave_property_country":["ES"],"fave_property_map_address":["Gij\u00f3n,Asturias,Spain"],"fave_comunidadimporte":["0"],"fave_comunidadincluida":["0"],"fave_conservacion":["Ninguno"],"fave_orientacion":[""],"fave_carpinteriainterior":[""],"fave_carpinteriaexterior":[""],"fave_tiposuelo":[""],"fave_vistas":[""],"additional_features":["a:5:{i:0;a:2:{s:29:\"fave_additional_feature_title\";s:12:\"Carpinter\u00eda\";s:29:\"fave_additional_feature_value\";s:0:\"\";}i:1;a:2:{s:29:\"fave_additional_feature_title\";s:21:\"Carpinter\u00eda exterior\";s:29:\"fave_additional_feature_value\";s:0:\"\";}i:2;a:2:{s:29:\"fave_additional_feature_title\";s:6:\"Estado\";s:29:\"fave_additional_feature_value\";s:7:\"Ninguno\";}i:3;a:2:{s:29:\"fave_additional_feature_title\";s:6:\"Vistas\";s:29:\"fave_additional_feature_value\";s:0:\"\";}i:4;a:2:{s:29:\"fave_additional_feature_title\";s:11:\"Orientacion\";s:29:\"fave_additional_feature_value\";s:0:\"\";}}"],"referencia":["03265"],"fave_property_id":["03265"],"fave_property_bedrooms":["0"],"fave_property_bathrooms":["0"],"fave_property_garage":[""],"fave_property_land":["0"],"ave_property_land_postfix":["m&sup2;"],"fave_property_size":["6"],"fave_property_year":["2021"],"fave_energy_global_index":["0 kWh\/m&sup2; \/0 Kg CO2\/m&sup2;"],"fave_energy_class":["N"],"estate_attr_energy_class":["Tramitando..."],"REAL_HOMES_property_emisiones":["0"],"REAL_HOMES_property_consumo":["0"],"REAL_HOMES_property_letra":["N"],"estate_video":[""],"fave_virtual_tour":[""],"vendidoInmueble":[""],"fave_property_price":["75"],"fave_property_price_postfix":["mes"],"fave_property_images":["16808459","16808460","16808461","16808462","16808463","16808464","16808465","16808466","16808467","16808468","16808469"],"houzez_total_property_views":["1"],"houzez_views_by_date":["a:1:{s:10:\"04-30-2026\";i:1;}"],"houzez_recently_viewed":["2026-04-30 07:30:28"]},"_links":{"self":[{"href":"https:\/\/agencia-asturias.com\/de\/wp-json\/wp\/v2\/properties\/16808458","targetHints":{"allow":["GET"]}}],"collection":[{"href":"https:\/\/agencia-asturias.com\/de\/wp-json\/wp\/v2\/properties"}],"about":[{"href":"https:\/\/agencia-asturias.com\/de\/wp-json\/wp\/v2\/types\/property"}],"author":[{"embeddable":true,"href":"https:\/\/agencia-asturias.com\/de\/wp-json\/wp\/v2\/users\/1"}],"version-history":[{"count":0,"href":"https:\/\/agencia-asturias.com\/de\/wp-json\/wp\/v2\/properties\/16808458\/revisions"}],"wp:featuredmedia":[{"embeddable":true,"href":"https:\/\/agencia-asturias.com\/de\/wp-json\/wp\/v2\/media\/16808459"}],"wp:attachment":[{"href":"https:\/\/agencia-asturias.com\/de\/wp-json\/wp\/v2\/media?parent=16808458"}],"wp:term":[{"taxonomy":"property_type","embeddable":true,"href":"https:\/\/agencia-asturias.com\/de\/wp-json\/wp\/v2\/property_type?post=16808458"},{"taxonomy":"property_status","embeddable":true,"href":"https:\/\/agencia-asturias.com\/de\/wp-json\/wp\/v2\/property_status?post=16808458"},{"taxonomy":"property_feature","embeddable":true,"href":"https:\/\/agencia-asturias.com\/de\/wp-json\/wp\/v2\/property_feature?post=16808458"},{"taxonomy":"property_label","embeddable":true,"href":"https:\/\/agencia-asturias.com\/de\/wp-json\/wp\/v2\/property_label?post=16808458"},{"taxonomy":"property_state","embeddable":true,"href":"https:\/\/agencia-asturias.com\/de\/wp-json\/wp\/v2\/property_state?post=16808458"},{"taxonomy":"property_city","embeddable":true,"href":"https:\/\/agencia-asturias.com\/de\/wp-json\/wp\/v2\/property_city?post=16808458"},{"taxonomy":"property_area","embeddable":true,"href":"https:\/\/agencia-asturias.com\/de\/wp-json\/wp\/v2\/property_area?post=16808458"}],"curies":[{"name":"wp","href":"https:\/\/api.w.org\/{rel}","templated":true}]}}

Lagerflächen Gebiet Begoña-Manuel Llaneza &#8211; Los Fresnos &#8211; 03265

<p>Vermietung von Lagerräumen in der Straße Fernando Morán Lavandera, neu angepasste Räumlichkeiten; alle Lagerräume haben eine ungefähre Größe von 6 Quadratmetern aber unterschiedliche Höhen und Formen. Preise ab &euro;65/Monat im ersten Stock und &euro;75/Monat im Erdgeschoss einschließlich Mehrwertsteuer sowie Gemeinschafts- und Stromkosten enthalten. Zugang von der Straße über einen personalisierten Code; Beleuchtung der Flure mit Bewegungssensoren; gemeinsame Bereiche werden durch ein geschlossenes Überwachungskameranetz überwacht. Bitte erkundigen Sie sich nach Verfügbarkeit.</p>

<p>Vermietung von Lagerräumen in der Straße Fernando Morán Lavandera, neu angepasste Räumlichkeiten; alle Lagerräume haben eine ungefähre Größe von 6 Quadratmetern aber unterschiedliche Höhen und Formen. Preise ab &euro;65/Monat im ersten Stock und &euro;75/Monat im Erdgeschoss einschließlich Mehrwertsteuer sowie Gemeinschafts- und </p>

Gijón,Asturias

Gijón,Asturias,Spain

a:5:{i:0;a:2:{s:29:"fave_additional_feature_title";s:12:"Carpintería";s:29:"fave_additional_feature_value";s:0:"";}i:1;a:2:{s:29:"fave_additional_feature_title";s:21:"Carpintería exterior";s:29:"fave_additional_feature_value";s:0:"";}i:2;a:2:{s:29:"fave_additional_feature_title";s:6:"Estado";s:29:"fave_additional_feature_value";s:7:"Ninguno";}i:3;a:2:{s:29:"fave_additional_feature_title";s:6:"Vistas";s:29:"fave_additional_feature_value";s:0:"";}i:4;a:2:{s:29:"fave_additional_feature_title";s:11:"Orientacion";s:29:"fave_additional_feature_value";s:0:"";}}
