{"id":16815998,"date":"2020-07-22T17:23:39","date_gmt":"2020-07-22T17:23:39","guid":{"rendered":"https:\/\/agencia-asturias.com\/inmueble\/venta\/casa\/asturias\/pravia\/03003\/"},"modified":"2020-07-22T17:23:39","modified_gmt":"2020-07-22T17:23:39","slug":"adelshaus-in-pravia-03003","status":"publish","type":"property","link":"https:\/\/agencia-asturias.com\/de\/inmueble\/venta\/casa\/asturias\/pravia\/03003\/","title":{"rendered":"Adelshaus in Pravia &#8211; 03003"},"content":{"rendered":"<p>Im Zentrum von Pravia steht ein Adelshaus mit gro\u00dfem Garten zum Verkauf. Die Immobilie ist aufgeteilt in Erdgeschoss und zwei Hauptgeschosse sowie einen Dachboden. Im Erdgeschoss befinden sich eine K\u00fcche mit einem B\u00fcro-Wohnzimmer und Zugang zum Garten sowie ein speisewagen Raum ,ein Badezimmer und ein Doppelzimmer (oder Arbeitszimmer).<br \/>Die erste und die zweite Etage sind auf mehrere R\u00e4ume verteilt: das Hauptwohnzimmer,Leseecken,E\u00dfbereiche,Hauptschlafr\u00e4umeund B\u00e4der.Durch diese Stockwerke gelangt man zu den traditionellen Galerien dieser Bauweise mit Blick auf denGarten.Auf dem Dachboden gibt es einen zentralen Salonmit drei sehr ger\u00e4umigen Schlafzimmer,daruntereine Ankleideund einalsoBad.Die Immobilie wird derzeit genutzt,muss jedoch gewartet werden;<br \/>viele Nutzungen w\u00e4ren denkbar,von einer Wohnresidenz f\u00fcr Familienferienh\u00e4user bis hin zur Nutzung als Hotel.Z\u00f6gern Sie nicht,dieseImmobiliezum unverbindlichenBesuchzu besuchen.Anteilige Grundsteuerobligatorischwie auchNotarkostenim Preisnicht enthalten.<\/p>\n","protected":false},"excerpt":{"rendered":"<p>Im Zentrum von Pravia steht ein Adelshaus mit gro\u00dfem Garten zum Verkauf. Die Immobilie ist aufgeteilt in Erdgeschoss und zwei Hauptgeschosse sowie einen Dachboden. Im Erdgeschoss befinden sich eine K\u00fcche mit einem B\u00fcro-Wohnzimmer und Zugang zum Garten sowie ein speisewagen Raum ,ein Badezimmer und ein Doppelzimmer (oder Arbeitszimmer).<\/p>\n","protected":false},"author":1,"featured_media":16815999,"parent":0,"menu_order":0,"template":"","property_type":[785],"property_status":[720],"property_feature":[743],"property_label":[],"property_state":[419],"property_city":[553],"property_area":[554],"class_list":["post-16815998","property","type-property","status-publish","has-post-thumbnail","hentry","property_type-haus","property_status-verkauf","property_feature-garten","property_state-asturias","property_city-pravia","property_area-area-de-pravia"],"property_meta":{"fave_agent":["59289"],"fave_agents":["59289"],"fave_agent_display_option":["agent_info"],"property_agent":["59289"],"custom_permalink":["inmueble\/venta\/casa\/asturias\/pravia\/03003\/"],"_thumbnail_id":["16815999"],"post_id":["Array"],"original_author":["1"],"_edit_lock":["1604137107:1"],"_edit_last":["1"],"fave_property_map_street_view":["show"],"fave_payment_status":["not_paid"],"fave_single_top_area":["global"],"fave_single_content_area":["global"],"houzez_manual_expire":["0"],"fave_property_size_prefix":["m&sup2;"],"fave_property_map":["1"],"fave_additional_features_enable":["disable"],"fave_floor_plans_enable":["disable"],"fave_multiunit_plans_enable":["disable"],"fave_prop_homeslider":["no"],"fave_featured":["0"],"fave_property_address":["Pravia,Asturias"],"fave_property_zip":["33120"],"houzez_geolocation_lat":["43.4906636437014"],"houzez_geolocation_long":["-6.11356394778734"],"fave_property_location":["43.4906636437014,-6.11356394778734"],"fave_property_country":["ES"],"fave_property_map_address":["Pravia,Asturias,Spain"],"fave_comunidadimporte":["0"],"fave_comunidadincluida":["0"],"fave_conservacion":["Para reformar"],"fave_orientacion":[""],"fave_carpinteriainterior":[""],"fave_carpinteriaexterior":["Madera"],"fave_tiposuelo":[""],"fave_vistas":[""],"additional_features":["a:5:{i:0;a:2:{s:29:\"fave_additional_feature_title\";s:12:\"Carpinter\u00eda\";s:29:\"fave_additional_feature_value\";s:0:\"\";}i:1;a:2:{s:29:\"fave_additional_feature_title\";s:21:\"Carpinter\u00eda exterior\";s:29:\"fave_additional_feature_value\";s:6:\"Madera\";}i:2;a:2:{s:29:\"fave_additional_feature_title\";s:6:\"Estado\";s:29:\"fave_additional_feature_value\";s:13:\"Para reformar\";}i:3;a:2:{s:29:\"fave_additional_feature_title\";s:6:\"Vistas\";s:29:\"fave_additional_feature_value\";s:0:\"\";}i:4;a:2:{s:29:\"fave_additional_feature_title\";s:11:\"Orientacion\";s:29:\"fave_additional_feature_value\";s:0:\"\";}}"],"referencia":["03003"],"fave_property_id":["03003"],"fave_property_bedrooms":["7"],"fave_property_bathrooms":["5"],"fave_property_garage":[""],"fave_property_land":["0"],"ave_property_land_postfix":["m&sup2;"],"fave_property_size":["428"],"fave_property_year":["0"],"fave_energy_global_index":["144.9 kWh\/m&sup2; \/30 Kg CO2\/m&sup2;"],"fave_energy_class":["E"],"estate_attr_energy_class":["E"],"REAL_HOMES_property_emisiones":["30"],"REAL_HOMES_property_consumo":["144.9"],"REAL_HOMES_property_letra":["E"],"estate_video":[""],"fave_video_url":["https:\/\/www.youtube.com\/watch?v=sTSJEjZl_eQ"],"fave_video_image":["https:\/\/fotos15.apinmo.com\/1445\/10271920\/74-1.jpg"],"fave_virtual_tour":[""],"vendidoInmueble":[""],"fave_property_price":["355000"],"fave_property_price_postfix":[""],"fave_property_images":["16815999","16816000","16816001","16816002","16816003","16816004","16816005","16816006","16816007","16816008","16816009","16816010","16816011","16816012","16816013","16816014","16816015","16816016","16816017","16816018","16816019","16816020","16816021","16816022","16816023","16816024","16816025","16816026","16816027","16816028","16816029","16816030","16816031","16816032","16816033","16816034","16816035","16816036","16816037","16816038","16816039","16816040","16816041","16816042","16816043","16816044","16816045","16816046","16816047","16816048","16816049","16816050","16816051","16816052","16816053","16816054","16816055","16816056","16816057","16816058","16816059","16816060","16816061","16816062","16816063","16816064","16816065","16816066","16816067"],"houzez_total_property_views":["1"],"houzez_views_by_date":["a:1:{s:10:\"05-01-2026\";i:1;}"],"houzez_recently_viewed":["2026-05-01 11:01:37"]},"_links":{"self":[{"href":"https:\/\/agencia-asturias.com\/de\/wp-json\/wp\/v2\/properties\/16815998","targetHints":{"allow":["GET"]}}],"collection":[{"href":"https:\/\/agencia-asturias.com\/de\/wp-json\/wp\/v2\/properties"}],"about":[{"href":"https:\/\/agencia-asturias.com\/de\/wp-json\/wp\/v2\/types\/property"}],"author":[{"embeddable":true,"href":"https:\/\/agencia-asturias.com\/de\/wp-json\/wp\/v2\/users\/1"}],"version-history":[{"count":0,"href":"https:\/\/agencia-asturias.com\/de\/wp-json\/wp\/v2\/properties\/16815998\/revisions"}],"wp:featuredmedia":[{"embeddable":true,"href":"https:\/\/agencia-asturias.com\/de\/wp-json\/wp\/v2\/media\/16815999"}],"wp:attachment":[{"href":"https:\/\/agencia-asturias.com\/de\/wp-json\/wp\/v2\/media?parent=16815998"}],"wp:term":[{"taxonomy":"property_type","embeddable":true,"href":"https:\/\/agencia-asturias.com\/de\/wp-json\/wp\/v2\/property_type?post=16815998"},{"taxonomy":"property_status","embeddable":true,"href":"https:\/\/agencia-asturias.com\/de\/wp-json\/wp\/v2\/property_status?post=16815998"},{"taxonomy":"property_feature","embeddable":true,"href":"https:\/\/agencia-asturias.com\/de\/wp-json\/wp\/v2\/property_feature?post=16815998"},{"taxonomy":"property_label","embeddable":true,"href":"https:\/\/agencia-asturias.com\/de\/wp-json\/wp\/v2\/property_label?post=16815998"},{"taxonomy":"property_state","embeddable":true,"href":"https:\/\/agencia-asturias.com\/de\/wp-json\/wp\/v2\/property_state?post=16815998"},{"taxonomy":"property_city","embeddable":true,"href":"https:\/\/agencia-asturias.com\/de\/wp-json\/wp\/v2\/property_city?post=16815998"},{"taxonomy":"property_area","embeddable":true,"href":"https:\/\/agencia-asturias.com\/de\/wp-json\/wp\/v2\/property_area?post=16815998"}],"curies":[{"name":"wp","href":"https:\/\/api.w.org\/{rel}","templated":true}]}}

<p>Im Zentrum von Pravia steht ein Adelshaus mit großem Garten zum Verkauf. Die Immobilie ist aufgeteilt in Erdgeschoss und zwei Hauptgeschosse sowie einen Dachboden. Im Erdgeschoss befinden sich eine Küche mit einem Büro-Wohnzimmer und Zugang zum Garten sowie ein speisewagen Raum ,ein Badezimmer und ein Doppelzimmer (oder Arbeitszimmer).<br />Die erste und die zweite Etage sind auf mehrere Räume verteilt: das Hauptwohnzimmer,Leseecken,Eßbereiche,Hauptschlafräumeund Bäder.Durch diese Stockwerke gelangt man zu den traditionellen Galerien dieser Bauweise mit Blick auf denGarten.Auf dem Dachboden gibt es einen zentralen Salonmit drei sehr geräumigen Schlafzimmer,daruntereine Ankleideund einalsoBad.Die Immobilie wird derzeit genutzt,muss jedoch gewartet werden;<br />viele Nutzungen wären denkbar,von einer Wohnresidenz für Familienferienhäuser bis hin zur Nutzung als Hotel.Zögern Sie nicht,dieseImmobiliezum unverbindlichenBesuchzu besuchen.Anteilige Grundsteuerobligatorischwie auchNotarkostenim Preisnicht enthalten.</p>

<p>Im Zentrum von Pravia steht ein Adelshaus mit großem Garten zum Verkauf. Die Immobilie ist aufgeteilt in Erdgeschoss und zwei Hauptgeschosse sowie einen Dachboden. Im Erdgeschoss befinden sich eine Küche mit einem Büro-Wohnzimmer und Zugang zum Garten sowie ein speisewagen Raum ,ein Badezimmer und ein Doppelzimmer (oder Arbeitszimmer).</p>

a:5:{i:0;a:2:{s:29:"fave_additional_feature_title";s:12:"Carpintería";s:29:"fave_additional_feature_value";s:0:"";}i:1;a:2:{s:29:"fave_additional_feature_title";s:21:"Carpintería exterior";s:29:"fave_additional_feature_value";s:6:"Madera";}i:2;a:2:{s:29:"fave_additional_feature_title";s:6:"Estado";s:29:"fave_additional_feature_value";s:13:"Para reformar";}i:3;a:2:{s:29:"fave_additional_feature_title";s:6:"Vistas";s:29:"fave_additional_feature_value";s:0:"";}i:4;a:2:{s:29:"fave_additional_feature_title";s:11:"Orientacion";s:29:"fave_additional_feature_value";s:0:"";}}
