{"id":16824516,"date":"2021-08-20T18:14:53","date_gmt":"2021-08-20T18:14:53","guid":{"rendered":"https:\/\/agencia-asturias.com\/inmueble\/venta\/terreno-edificable\/asturias\/gijon\/03448\/"},"modified":"2021-08-20T18:14:53","modified_gmt":"2021-08-20T18:14:53","slug":"la-pedrera-casa-oliva-03448","status":"publish","type":"property","link":"https:\/\/agencia-asturias.com\/de\/inmueble\/venta\/terreno-edificable\/asturias\/gijon\/03448\/","title":{"rendered":"La Pedrera &#8211; Casa Oliva &#8211; 03448"},"content":{"rendered":"<p>In La Pedrera, nur 150 Meter von Casa Oliva entfernt. Wundersch\u00f6ne Parzellen zum Bau Ihres n\u00e4chsten Hauses mit bis zu 300 Quadratmetern . Es verf\u00fcgt \u00fcber Wasser-, Strom- und Abwasseranschl\u00fcsse am Stra\u00dfenrand . Sehr gute Anbindung sowohl an die Bergbauautobahn als auch an die AS-II , die Oviedo und Gij\u00f3n verbindet , nahe Einkaufsgebieten und Stadtzentren . Nur sieben Kilometer vom Strand entfernt.In der N\u00e4he h\u00e4lt eine st\u00e4dtische Buslinie in nur zwei hundert Metern Entfernung.Ungefilterte Ausblicke vorhanden.Gemeinsamer Zugang wird mit zwei anderen Grundst\u00fccken geteilt.<br \/>Die \u00dcbertragungssteuer sowie Notar- und Registrierungsgeb\u00fchren sind nicht im Preis enthalten.<\/p>\n","protected":false},"excerpt":{"rendered":"<p>In La Pedrera, nur 150 Meter von Casa Oliva entfernt. Wundersch\u00f6ne Parzellen zum Bau Ihres n\u00e4chsten Hauses mit bis zu 300 Quadratmetern . Es verf\u00fcgt \u00fcber Wasser-, Strom- und Abwasseranschl\u00fcsse am Stra\u00dfenrand . Sehr gute Anbindung sowohl an die Bergbauautobahn als auch an die AS-II , die Oviedo und Gij\u00f3n verbindet , nahe <\/p>\n","protected":false},"author":1,"featured_media":16824517,"parent":0,"menu_order":0,"template":"","property_type":[791],"property_status":[720],"property_feature":[],"property_label":[],"property_state":[419],"property_city":[420],"property_area":[433],"class_list":["post-16824516","property","type-property","status-publish","has-post-thumbnail","hentry","property_type-bebaubares-grundstuck","property_status-verkauf","property_state-asturias","property_city-gijon","property_area-la-pedrera"],"property_meta":{"fave_agent":["156"],"fave_agents":["156"],"fave_agent_display_option":["agent_info"],"property_agent":["156"],"custom_permalink":["inmueble\/venta\/terreno-edificable\/asturias\/gijon\/03448\/"],"_thumbnail_id":["16824517"],"post_id":["Array"],"original_author":["1"],"_edit_lock":["1604137107:1"],"_edit_last":["1"],"fave_property_map_street_view":["show"],"fave_payment_status":["not_paid"],"fave_single_top_area":["global"],"fave_single_content_area":["global"],"houzez_manual_expire":["0"],"fave_property_size_prefix":["m&sup2;"],"fave_property_map":["1"],"fave_additional_features_enable":["disable"],"fave_floor_plans_enable":["disable"],"fave_multiunit_plans_enable":["disable"],"fave_prop_homeslider":["no"],"fave_featured":["0"],"fave_property_address":["Gij\u00f3n,Asturias"],"fave_property_zip":["33390"],"houzez_geolocation_lat":["43.4888862903597"],"houzez_geolocation_long":["-5.69600875828297"],"fave_property_location":["43.4888862903597,-5.69600875828297"],"fave_property_country":["ES"],"fave_property_map_address":["Gij\u00f3n,Asturias,Spain"],"fave_comunidadimporte":["0"],"fave_comunidadincluida":["0"],"fave_conservacion":["Ninguno"],"fave_orientacion":["Norte Sur"],"fave_carpinteriainterior":[""],"fave_carpinteriaexterior":[""],"fave_tiposuelo":[""],"fave_vistas":[""],"additional_features":["a:5:{i:0;a:2:{s:29:\"fave_additional_feature_title\";s:12:\"Carpinter\u00eda\";s:29:\"fave_additional_feature_value\";s:0:\"\";}i:1;a:2:{s:29:\"fave_additional_feature_title\";s:21:\"Carpinter\u00eda exterior\";s:29:\"fave_additional_feature_value\";s:0:\"\";}i:2;a:2:{s:29:\"fave_additional_feature_title\";s:6:\"Estado\";s:29:\"fave_additional_feature_value\";s:7:\"Ninguno\";}i:3;a:2:{s:29:\"fave_additional_feature_title\";s:6:\"Vistas\";s:29:\"fave_additional_feature_value\";s:0:\"\";}i:4;a:2:{s:29:\"fave_additional_feature_title\";s:11:\"Orientacion\";s:29:\"fave_additional_feature_value\";s:9:\"Norte Sur\";}}"],"referencia":["03448"],"fave_property_id":["03448"],"fave_property_bedrooms":["0"],"fave_property_bathrooms":["0"],"fave_property_garage":[""],"fave_property_land":["1847"],"ave_property_land_postfix":["m&sup2;"],"fave_property_size":["0"],"fave_property_year":["0"],"fave_energy_global_index":["0 kWh\/m&sup2; \/0 Kg CO2\/m&sup2;"],"fave_energy_class":["N"],"estate_attr_energy_class":["Tramitando..."],"REAL_HOMES_property_emisiones":["0"],"REAL_HOMES_property_consumo":["0"],"REAL_HOMES_property_letra":["N"],"estate_video":[""],"fave_virtual_tour":[""],"vendidoInmueble":[""],"fave_property_price":["90000"],"fave_property_price_postfix":[""],"fave_property_images":["16824517","16824518","16824519","16824520","16824521","16824522","16824523","16824524","16824525","16824526","16824527","16824528","16824529","16824530","16824531","16824532","16824533"],"houzez_total_property_views":["2"],"houzez_views_by_date":["a:1:{s:10:\"05-02-2026\";i:2;}"],"houzez_recently_viewed":["2026-05-02 07:12:41"]},"_links":{"self":[{"href":"https:\/\/agencia-asturias.com\/de\/wp-json\/wp\/v2\/properties\/16824516","targetHints":{"allow":["GET"]}}],"collection":[{"href":"https:\/\/agencia-asturias.com\/de\/wp-json\/wp\/v2\/properties"}],"about":[{"href":"https:\/\/agencia-asturias.com\/de\/wp-json\/wp\/v2\/types\/property"}],"author":[{"embeddable":true,"href":"https:\/\/agencia-asturias.com\/de\/wp-json\/wp\/v2\/users\/1"}],"version-history":[{"count":0,"href":"https:\/\/agencia-asturias.com\/de\/wp-json\/wp\/v2\/properties\/16824516\/revisions"}],"wp:featuredmedia":[{"embeddable":true,"href":"https:\/\/agencia-asturias.com\/de\/wp-json\/wp\/v2\/media\/16824517"}],"wp:attachment":[{"href":"https:\/\/agencia-asturias.com\/de\/wp-json\/wp\/v2\/media?parent=16824516"}],"wp:term":[{"taxonomy":"property_type","embeddable":true,"href":"https:\/\/agencia-asturias.com\/de\/wp-json\/wp\/v2\/property_type?post=16824516"},{"taxonomy":"property_status","embeddable":true,"href":"https:\/\/agencia-asturias.com\/de\/wp-json\/wp\/v2\/property_status?post=16824516"},{"taxonomy":"property_feature","embeddable":true,"href":"https:\/\/agencia-asturias.com\/de\/wp-json\/wp\/v2\/property_feature?post=16824516"},{"taxonomy":"property_label","embeddable":true,"href":"https:\/\/agencia-asturias.com\/de\/wp-json\/wp\/v2\/property_label?post=16824516"},{"taxonomy":"property_state","embeddable":true,"href":"https:\/\/agencia-asturias.com\/de\/wp-json\/wp\/v2\/property_state?post=16824516"},{"taxonomy":"property_city","embeddable":true,"href":"https:\/\/agencia-asturias.com\/de\/wp-json\/wp\/v2\/property_city?post=16824516"},{"taxonomy":"property_area","embeddable":true,"href":"https:\/\/agencia-asturias.com\/de\/wp-json\/wp\/v2\/property_area?post=16824516"}],"curies":[{"name":"wp","href":"https:\/\/api.w.org\/{rel}","templated":true}]}}

<p>In La Pedrera, nur 150 Meter von Casa Oliva entfernt. Wunderschöne Parzellen zum Bau Ihres nächsten Hauses mit bis zu 300 Quadratmetern . Es verfügt über Wasser-, Strom- und Abwasseranschlüsse am Straßenrand . Sehr gute Anbindung sowohl an die Bergbauautobahn als auch an die AS-II , die Oviedo und Gijón verbindet , nahe Einkaufsgebieten und Stadtzentren . Nur sieben Kilometer vom Strand entfernt.In der Nähe hält eine städtische Buslinie in nur zwei hundert Metern Entfernung.Ungefilterte Ausblicke vorhanden.Gemeinsamer Zugang wird mit zwei anderen Grundstücken geteilt.<br />Die Übertragungssteuer sowie Notar- und Registrierungsgebühren sind nicht im Preis enthalten.</p>

<p>In La Pedrera, nur 150 Meter von Casa Oliva entfernt. Wunderschöne Parzellen zum Bau Ihres nächsten Hauses mit bis zu 300 Quadratmetern . Es verfügt über Wasser-, Strom- und Abwasseranschlüsse am Straßenrand . Sehr gute Anbindung sowohl an die Bergbauautobahn als auch an die AS-II , die Oviedo und Gijón verbindet , nahe </p>

Gijón,Asturias

Gijón,Asturias,Spain

a:5:{i:0;a:2:{s:29:"fave_additional_feature_title";s:12:"Carpintería";s:29:"fave_additional_feature_value";s:0:"";}i:1;a:2:{s:29:"fave_additional_feature_title";s:21:"Carpintería exterior";s:29:"fave_additional_feature_value";s:0:"";}i:2;a:2:{s:29:"fave_additional_feature_title";s:6:"Estado";s:29:"fave_additional_feature_value";s:7:"Ninguno";}i:3;a:2:{s:29:"fave_additional_feature_title";s:6:"Vistas";s:29:"fave_additional_feature_value";s:0:"";}i:4;a:2:{s:29:"fave_additional_feature_title";s:11:"Orientacion";s:29:"fave_additional_feature_value";s:9:"Norte Sur";}}
