{"id":16798549,"date":"2015-02-19T00:00:00","date_gmt":"2015-02-19T00:00:00","guid":{"rendered":"https:\/\/agencia-asturias.com\/inmueble\/venta\/terreno-edificable\/asturias\/gijon\/24314\/"},"modified":"2015-02-19T00:00:00","modified_gmt":"2015-02-19T00:00:00","slug":"terreno-en-jove-para-tres-parcelas-24314-en","status":"publish","type":"property","link":"https:\/\/agencia-asturias.com\/en\/inmueble\/venta\/terreno-edificable\/asturias\/gijon\/24314\/","title":{"rendered":"Terreno en Jove para tres parcelas &#8211; 24314"},"content":{"rendered":"<p>En  la parroquia de Jove, terreno con los suministros a pie de finca. Con posibilidad de segregar hasta en tres parcelas. Eficicabilidad de 0,25m por metro cuadrado de parcela resultante. El tipo de construcci\u00f3n puede ser vivienda unifamiliar aislada o pareada. Est\u00e1 a un paso de todos los servicios, por su proximidad al barrio de La Calzada, bonitas vistas despejadas. Pr\u00f3ximo a hospital, parques, zonas verdes&#8230; <br \/>Impuesto de transmisiones patrimoniales y honorarios de notar\u00eda y registro, no incluidos en el precio.<\/p>\n","protected":false},"excerpt":{"rendered":"<p>En  la parroquia de Jove, terreno con los suministros a pie de finca. Con posibilidad de segregar hasta en tres parcelas. Eficicabilidad de 0,25m por metro cuadrado de parcela resultante. El tipo de construcci\u00f3n puede ser vivienda unifamiliar aislada o pareada. Est\u00e1 a un paso de todos los servicios, por su proximidad al barrio de La <\/p>\n","protected":false},"author":1,"featured_media":16798551,"parent":0,"menu_order":0,"template":"","property_type":[790],"property_status":[719],"property_feature":[],"property_label":[],"property_state":[419],"property_city":[420],"property_area":[427],"class_list":["post-16798549","property","type-property","status-publish","has-post-thumbnail","hentry","property_type-buildable-estate","property_status-sale","property_state-asturias","property_city-gijon","property_area-jove"],"property_meta":{"fave_agent":["156"],"fave_agents":["156"],"fave_agent_display_option":["agent_info"],"property_agent":["156"],"custom_permalink":["inmueble\/venta\/terreno-edificable\/asturias\/gijon\/24314\/"],"_thumbnail_id":["16798551"],"post_id":["Array"],"original_author":["1"],"_edit_lock":["1604137107:1"],"_edit_last":["1"],"fave_property_map_street_view":["show"],"fave_payment_status":["not_paid"],"fave_single_top_area":["global"],"fave_single_content_area":["global"],"houzez_manual_expire":["0"],"fave_property_size_prefix":["m&sup2;"],"fave_property_map":["1"],"fave_additional_features_enable":["disable"],"fave_floor_plans_enable":["disable"],"fave_multiunit_plans_enable":["disable"],"fave_prop_homeslider":["no"],"fave_featured":["0"],"fave_property_address":["Gij\u00f3n,Asturias"],"fave_property_zip":["33290"],"houzez_geolocation_lat":["43.54804594596094"],"houzez_geolocation_long":["-5.705357748964921"],"fave_property_location":["43.54804594596094,-5.705357748964921"],"fave_property_country":["ES"],"fave_property_map_address":["Gij\u00f3n,Asturias,Spain"],"fave_comunidadimporte":["0"],"fave_comunidadincluida":["0"],"fave_conservacion":["Ninguno"],"fave_orientacion":["Este Oeste"],"fave_carpinteriainterior":[""],"fave_carpinteriaexterior":[""],"fave_tiposuelo":[""],"fave_vistas":[""],"additional_features":["a:5:{i:0;a:2:{s:29:\"fave_additional_feature_title\";s:12:\"Carpinter\u00eda\";s:29:\"fave_additional_feature_value\";s:0:\"\";}i:1;a:2:{s:29:\"fave_additional_feature_title\";s:21:\"Carpinter\u00eda exterior\";s:29:\"fave_additional_feature_value\";s:0:\"\";}i:2;a:2:{s:29:\"fave_additional_feature_title\";s:6:\"Estado\";s:29:\"fave_additional_feature_value\";s:7:\"Ninguno\";}i:3;a:2:{s:29:\"fave_additional_feature_title\";s:6:\"Vistas\";s:29:\"fave_additional_feature_value\";s:0:\"\";}i:4;a:2:{s:29:\"fave_additional_feature_title\";s:11:\"Orientacion\";s:29:\"fave_additional_feature_value\";s:10:\"Este Oeste\";}}"],"referencia":["24314"],"fave_property_id":["24314"],"fave_property_bedrooms":["0"],"fave_property_bathrooms":["0"],"fave_property_garage":[""],"fave_property_land":["3181"],"ave_property_land_postfix":["m&sup2;"],"fave_property_size":["0"],"fave_property_year":["0"],"fave_energy_global_index":["0 kWh\/m&sup2; \/0 Kg CO2\/m&sup2;"],"fave_energy_class":["N"],"estate_attr_energy_class":["Tramitando..."],"REAL_HOMES_property_emisiones":["0"],"REAL_HOMES_property_consumo":["0"],"REAL_HOMES_property_letra":["N"],"estate_video":[""],"fave_video_url":["https:\/\/www.youtube.com\/watch?v=vaYIiyDa--w"],"fave_video_image":["https:\/\/fotos15.apinmo.com\/1445\/3887555\/5-1.jpg"],"fave_virtual_tour":[""],"vendidoInmueble":[""],"fave_property_price":["180000"],"fave_property_price_postfix":[""],"fave_property_images":["16798551","16798552","16798553","16798554","16798555","16798556","16798557","16798558","16798559","16798560","16798561","16798562","16798563","16798564","16798565","16798566","16798567","16798568"],"houzez_total_property_views":["3"],"houzez_views_by_date":["a:1:{s:10:\"04-29-2026\";i:3;}"],"houzez_recently_viewed":["2026-04-29 15:44:28"]},"_links":{"self":[{"href":"https:\/\/agencia-asturias.com\/en\/wp-json\/wp\/v2\/properties\/16798549","targetHints":{"allow":["GET"]}}],"collection":[{"href":"https:\/\/agencia-asturias.com\/en\/wp-json\/wp\/v2\/properties"}],"about":[{"href":"https:\/\/agencia-asturias.com\/en\/wp-json\/wp\/v2\/types\/property"}],"author":[{"embeddable":true,"href":"https:\/\/agencia-asturias.com\/en\/wp-json\/wp\/v2\/users\/1"}],"version-history":[{"count":0,"href":"https:\/\/agencia-asturias.com\/en\/wp-json\/wp\/v2\/properties\/16798549\/revisions"}],"wp:featuredmedia":[{"embeddable":true,"href":"https:\/\/agencia-asturias.com\/en\/wp-json\/wp\/v2\/media\/16798551"}],"wp:attachment":[{"href":"https:\/\/agencia-asturias.com\/en\/wp-json\/wp\/v2\/media?parent=16798549"}],"wp:term":[{"taxonomy":"property_type","embeddable":true,"href":"https:\/\/agencia-asturias.com\/en\/wp-json\/wp\/v2\/property_type?post=16798549"},{"taxonomy":"property_status","embeddable":true,"href":"https:\/\/agencia-asturias.com\/en\/wp-json\/wp\/v2\/property_status?post=16798549"},{"taxonomy":"property_feature","embeddable":true,"href":"https:\/\/agencia-asturias.com\/en\/wp-json\/wp\/v2\/property_feature?post=16798549"},{"taxonomy":"property_label","embeddable":true,"href":"https:\/\/agencia-asturias.com\/en\/wp-json\/wp\/v2\/property_label?post=16798549"},{"taxonomy":"property_state","embeddable":true,"href":"https:\/\/agencia-asturias.com\/en\/wp-json\/wp\/v2\/property_state?post=16798549"},{"taxonomy":"property_city","embeddable":true,"href":"https:\/\/agencia-asturias.com\/en\/wp-json\/wp\/v2\/property_city?post=16798549"},{"taxonomy":"property_area","embeddable":true,"href":"https:\/\/agencia-asturias.com\/en\/wp-json\/wp\/v2\/property_area?post=16798549"}],"curies":[{"name":"wp","href":"https:\/\/api.w.org\/{rel}","templated":true}]}}

<p>En  la parroquia de Jove, terreno con los suministros a pie de finca. Con posibilidad de segregar hasta en tres parcelas. Eficicabilidad de 0,25m por metro cuadrado de parcela resultante. El tipo de construcción puede ser vivienda unifamiliar aislada o pareada. Está a un paso de todos los servicios, por su proximidad al barrio de La Calzada, bonitas vistas despejadas. Próximo a hospital, parques, zonas verdes&#8230; <br />Impuesto de transmisiones patrimoniales y honorarios de notaría y registro, no incluidos en el precio.</p>

<p>En  la parroquia de Jove, terreno con los suministros a pie de finca. Con posibilidad de segregar hasta en tres parcelas. Eficicabilidad de 0,25m por metro cuadrado de parcela resultante. El tipo de construcción puede ser vivienda unifamiliar aislada o pareada. Está a un paso de todos los servicios, por su proximidad al barrio de La </p>

Gijón,Asturias

Gijón,Asturias,Spain

a:5:{i:0;a:2:{s:29:"fave_additional_feature_title";s:12:"Carpintería";s:29:"fave_additional_feature_value";s:0:"";}i:1;a:2:{s:29:"fave_additional_feature_title";s:21:"Carpintería exterior";s:29:"fave_additional_feature_value";s:0:"";}i:2;a:2:{s:29:"fave_additional_feature_title";s:6:"Estado";s:29:"fave_additional_feature_value";s:7:"Ninguno";}i:3;a:2:{s:29:"fave_additional_feature_title";s:6:"Vistas";s:29:"fave_additional_feature_value";s:0:"";}i:4;a:2:{s:29:"fave_additional_feature_title";s:11:"Orientacion";s:29:"fave_additional_feature_value";s:10:"Este Oeste";}}
