{"id":16798596,"date":"2015-02-18T00:00:00","date_gmt":"2015-02-18T00:00:00","guid":{"rendered":"https:\/\/agencia-asturias.com\/inmueble\/venta\/terreno-edificable\/asturias\/gijon\/21505\/"},"modified":"2015-02-18T00:00:00","modified_gmt":"2015-02-18T00:00:00","slug":"propiedad-parcelable-en-porceyo-21505-en","status":"publish","type":"property","link":"https:\/\/agencia-asturias.com\/en\/inmueble\/venta\/terreno-edificable\/asturias\/gijon\/21505\/","title":{"rendered":"Propiedad parcelable en Porceyo &#8211; 21505"},"content":{"rendered":"<p>En Porceyo, Casares, propiedad con antigua casa y terreno parcelable hasta para seis viviendas unifamiliares. Zona con vistas despejadas y bien comunicada con la AS-II, para accesos y salidas r\u00e1pidas hacia el n\u00facleo urbano de Gij\u00f3n.<br \/>Tambi\u00e9n se trata de una propiedad ideal para desarrollar t\u00fa proyecto de alojamientos rurales por su ubicaci\u00f3n y caractar\u00edsticas.<br \/>Suministros de agua, luz y alcantarillado, junto a la finca.<br \/>Impuesto de transmisiones patrimoniales y honorarios de notaria y registro, no incluidos en el precio.<\/p>\n","protected":false},"excerpt":{"rendered":"<p>En Porceyo, Casares, propiedad con antigua casa y terreno parcelable hasta para seis viviendas unifamiliares. Zona con vistas despejadas y bien comunicada con la AS-II, para accesos y salidas r\u00e1pidas hacia el n\u00facleo urbano de Gij\u00f3n.~Tambi\u00e9n se trata de una propiedad ideal para desarrollar t\u00fa proyecto de alojamientos rurales por su <\/p>\n","protected":false},"author":1,"featured_media":16798598,"parent":0,"menu_order":0,"template":"","property_type":[790],"property_status":[719],"property_feature":[],"property_label":[],"property_state":[419],"property_city":[420],"property_area":[869],"class_list":["post-16798596","property","type-property","status-publish","has-post-thumbnail","hentry","property_type-buildable-estate","property_status-sale","property_state-asturias","property_city-gijon","property_area-porceyo-cenero"],"property_meta":{"fave_agent":["156"],"fave_agents":["156"],"fave_agent_display_option":["agent_info"],"property_agent":["156"],"custom_permalink":["inmueble\/venta\/terreno-edificable\/asturias\/gijon\/21505\/"],"_thumbnail_id":["16798598"],"post_id":["Array"],"original_author":["1"],"_edit_lock":["1604137107:1"],"_edit_last":["1"],"fave_property_map_street_view":["show"],"fave_payment_status":["not_paid"],"fave_single_top_area":["global"],"fave_single_content_area":["global"],"houzez_manual_expire":["0"],"fave_property_size_prefix":["m&sup2;"],"fave_property_map":["1"],"fave_additional_features_enable":["disable"],"fave_floor_plans_enable":["disable"],"fave_multiunit_plans_enable":["disable"],"fave_prop_homeslider":["no"],"fave_featured":["0"],"fave_property_address":["Gij\u00f3n,Asturias"],"fave_property_zip":["33392"],"houzez_geolocation_lat":["43.487277957025384"],"houzez_geolocation_long":["-5.708144746582832"],"fave_property_location":["43.487277957025384,-5.708144746582832"],"fave_property_country":["ES"],"fave_property_map_address":["Gij\u00f3n,Asturias,Spain"],"fave_comunidadimporte":["0"],"fave_comunidadincluida":["0"],"fave_conservacion":["Para reformar"],"fave_orientacion":[""],"fave_carpinteriainterior":[""],"fave_carpinteriaexterior":[""],"fave_tiposuelo":[""],"fave_vistas":[""],"additional_features":["a:5:{i:0;a:2:{s:29:\"fave_additional_feature_title\";s:12:\"Carpinter\u00eda\";s:29:\"fave_additional_feature_value\";s:0:\"\";}i:1;a:2:{s:29:\"fave_additional_feature_title\";s:21:\"Carpinter\u00eda exterior\";s:29:\"fave_additional_feature_value\";s:0:\"\";}i:2;a:2:{s:29:\"fave_additional_feature_title\";s:6:\"Estado\";s:29:\"fave_additional_feature_value\";s:13:\"Para reformar\";}i:3;a:2:{s:29:\"fave_additional_feature_title\";s:6:\"Vistas\";s:29:\"fave_additional_feature_value\";s:0:\"\";}i:4;a:2:{s:29:\"fave_additional_feature_title\";s:11:\"Orientacion\";s:29:\"fave_additional_feature_value\";s:0:\"\";}}"],"referencia":["21505"],"fave_property_id":["21505"],"fave_property_bedrooms":["0"],"fave_property_bathrooms":["0"],"fave_property_garage":[""],"fave_property_land":["14769"],"ave_property_land_postfix":["m&sup2;"],"fave_property_size":["96"],"fave_property_year":["0"],"fave_energy_global_index":["0 kWh\/m&sup2; \/0 Kg CO2\/m&sup2;"],"fave_energy_class":["N"],"estate_attr_energy_class":["Tramitando..."],"REAL_HOMES_property_emisiones":["0"],"REAL_HOMES_property_consumo":["0"],"REAL_HOMES_property_letra":["N"],"estate_video":[""],"fave_video_url":["https:\/\/www.youtube.com\/watch?v=beoQiJYLAPA?si=_qkZK"],"fave_video_image":["https:\/\/fotos15.apinmo.com\/1445\/3887700\/8-1.jpg"],"fave_virtual_tour":[""],"vendidoInmueble":[""],"fave_property_price":["330000"],"fave_property_price_postfix":[""],"fave_property_images":["16798598","16798599","16798600","16798601","16798602","16798603","16798604","16798605","16798606","16798607","16798608","16798609","16798610","16798611","16798612","16798613","16798614","16798615","16798616","16798617","16798618","16798619","16798620","16798621","16798622","16798623","16798624","16798625","16798626","16798627","16798628","16798629"],"houzez_total_property_views":["2"],"houzez_views_by_date":["a:1:{s:10:\"04-29-2026\";i:2;}"],"houzez_recently_viewed":["2026-04-29 15:44:39"]},"_links":{"self":[{"href":"https:\/\/agencia-asturias.com\/en\/wp-json\/wp\/v2\/properties\/16798596","targetHints":{"allow":["GET"]}}],"collection":[{"href":"https:\/\/agencia-asturias.com\/en\/wp-json\/wp\/v2\/properties"}],"about":[{"href":"https:\/\/agencia-asturias.com\/en\/wp-json\/wp\/v2\/types\/property"}],"author":[{"embeddable":true,"href":"https:\/\/agencia-asturias.com\/en\/wp-json\/wp\/v2\/users\/1"}],"version-history":[{"count":0,"href":"https:\/\/agencia-asturias.com\/en\/wp-json\/wp\/v2\/properties\/16798596\/revisions"}],"wp:featuredmedia":[{"embeddable":true,"href":"https:\/\/agencia-asturias.com\/en\/wp-json\/wp\/v2\/media\/16798598"}],"wp:attachment":[{"href":"https:\/\/agencia-asturias.com\/en\/wp-json\/wp\/v2\/media?parent=16798596"}],"wp:term":[{"taxonomy":"property_type","embeddable":true,"href":"https:\/\/agencia-asturias.com\/en\/wp-json\/wp\/v2\/property_type?post=16798596"},{"taxonomy":"property_status","embeddable":true,"href":"https:\/\/agencia-asturias.com\/en\/wp-json\/wp\/v2\/property_status?post=16798596"},{"taxonomy":"property_feature","embeddable":true,"href":"https:\/\/agencia-asturias.com\/en\/wp-json\/wp\/v2\/property_feature?post=16798596"},{"taxonomy":"property_label","embeddable":true,"href":"https:\/\/agencia-asturias.com\/en\/wp-json\/wp\/v2\/property_label?post=16798596"},{"taxonomy":"property_state","embeddable":true,"href":"https:\/\/agencia-asturias.com\/en\/wp-json\/wp\/v2\/property_state?post=16798596"},{"taxonomy":"property_city","embeddable":true,"href":"https:\/\/agencia-asturias.com\/en\/wp-json\/wp\/v2\/property_city?post=16798596"},{"taxonomy":"property_area","embeddable":true,"href":"https:\/\/agencia-asturias.com\/en\/wp-json\/wp\/v2\/property_area?post=16798596"}],"curies":[{"name":"wp","href":"https:\/\/api.w.org\/{rel}","templated":true}]}}

<p>En Porceyo, Casares, propiedad con antigua casa y terreno parcelable hasta para seis viviendas unifamiliares. Zona con vistas despejadas y bien comunicada con la AS-II, para accesos y salidas rápidas hacia el núcleo urbano de Gijón.<br />También se trata de una propiedad ideal para desarrollar tú proyecto de alojamientos rurales por su ubicación y caractarísticas.<br />Suministros de agua, luz y alcantarillado, junto a la finca.<br />Impuesto de transmisiones patrimoniales y honorarios de notaria y registro, no incluidos en el precio.</p>

<p>En Porceyo, Casares, propiedad con antigua casa y terreno parcelable hasta para seis viviendas unifamiliares. Zona con vistas despejadas y bien comunicada con la AS-II, para accesos y salidas rápidas hacia el núcleo urbano de Gijón.~También se trata de una propiedad ideal para desarrollar tú proyecto de alojamientos rurales por su </p>

Gijón,Asturias

Gijón,Asturias,Spain

a:5:{i:0;a:2:{s:29:"fave_additional_feature_title";s:12:"Carpintería";s:29:"fave_additional_feature_value";s:0:"";}i:1;a:2:{s:29:"fave_additional_feature_title";s:21:"Carpintería exterior";s:29:"fave_additional_feature_value";s:0:"";}i:2;a:2:{s:29:"fave_additional_feature_title";s:6:"Estado";s:29:"fave_additional_feature_value";s:13:"Para reformar";}i:3;a:2:{s:29:"fave_additional_feature_title";s:6:"Vistas";s:29:"fave_additional_feature_value";s:0:"";}i:4;a:2:{s:29:"fave_additional_feature_title";s:11:"Orientacion";s:29:"fave_additional_feature_value";s:0:"";}}
