{"id":16801105,"date":"2022-08-10T12:27:19","date_gmt":"2022-08-10T12:27:19","guid":{"rendered":"https:\/\/agencia-asturias.com\/inmueble\/venta\/casa\/asturias\/quiros\/03889\/"},"modified":"2022-08-10T12:27:19","modified_gmt":"2022-08-10T12:27:19","slug":"house-for-sale-in-barzana-quiros-next-to-the-senda-del-oso-03889","status":"publish","type":"property","link":"https:\/\/agencia-asturias.com\/en\/inmueble\/venta\/casa\/asturias\/quiros\/03889\/","title":{"rendered":"House for sale in B\u00e1rzana, Quir\u00f3s. Next to the Senda del Oso. &#8211; 03889"},"content":{"rendered":"<p>House for sale in the village of B\u00e1rzana, capital of the council of Quir\u00f3s, a locality with all services and very close to the Senda del Oso, the popular greenway that runs through the councils of Proaza, Teverga, Quir\u00f3s and Santo Adriano; a pedestrian and cycle path known for its spectacular landscapes among mountains and an environment where we can enjoy nature and traditional Asturian culture. The house is distributed over three floors of 71 m2 each. On the ground floor there are two storage rooms or closets?one equipped with a bread oven; on the first floor are kitchen, living room, bathroom and one bedroom; while on second floor we have access to typical Asturian terrace-corridor featuring three additional rooms. The house comes equipped with electric radiators. Excellent opportunity to enjoy a stone house located in one of Asturias&#8217; most beautiful areas surrounded by all amenities just meters away. Call us now for your visit arranged by Agencia Asturias.<br \/>Property transfer tax as well as notary fees &#038; registration costs not included.<\/p>\n","protected":false},"excerpt":{"rendered":"<p>House for sale in the village of B\u00e1rzana, capital of the council of Quir\u00f3s, a locality with all services and very close to the Senda del Oso, the popular greenway that runs through the councils of Proaza, Teverga, Quir\u00f3s and Santo Adriano; a pedestrian and cycle path known for its spectacular landscapes among mountains and an environment <\/p>\n","protected":false},"author":1,"featured_media":16801107,"parent":0,"menu_order":0,"template":"","property_type":[784],"property_status":[719],"property_feature":[735,765,723,731,739],"property_label":[],"property_state":[419],"property_city":[514],"property_area":[612],"class_list":["post-16801105","property","type-property","status-publish","has-post-thumbnail","hentry","property_type-house","property_status-sale","property_feature-exterior-overlooking","property_feature-gallery-en","property_feature-heating","property_feature-home-appliances","property_feature-terrace","property_state-asturias","property_city-quiros","property_area-barzana"],"property_meta":{"fave_agent":["59315"],"fave_agents":["59315"],"fave_agent_display_option":["agent_info"],"property_agent":["59315"],"custom_permalink":["inmueble\/venta\/casa\/asturias\/quiros\/03889\/"],"_thumbnail_id":["16801107"],"post_id":["Array"],"original_author":["1"],"_edit_lock":["1604137107:1"],"_edit_last":["1"],"fave_property_map_street_view":["show"],"fave_payment_status":["not_paid"],"fave_single_top_area":["global"],"fave_single_content_area":["global"],"houzez_manual_expire":["0"],"fave_property_size_prefix":["m&sup2;"],"fave_property_map":["1"],"fave_additional_features_enable":["disable"],"fave_floor_plans_enable":["disable"],"fave_multiunit_plans_enable":["disable"],"fave_prop_homeslider":["no"],"fave_featured":["0"],"fave_property_address":["Quir\u00f3s,Asturias"],"fave_property_zip":["33117"],"houzez_geolocation_lat":["43.1585116406894"],"houzez_geolocation_long":["-5.9737529804184"],"fave_property_location":["43.1585116406894,-5.9737529804184"],"fave_property_country":["ES"],"fave_property_map_address":["Quir\u00f3s,Asturias,Spain"],"fave_comunidadimporte":["0"],"fave_comunidadincluida":["0"],"fave_conservacion":["Buen estado"],"fave_orientacion":["Sur"],"fave_carpinteriainterior":["Madera"],"fave_carpinteriaexterior":["Madera"],"fave_tiposuelo":[""],"fave_vistas":[""],"additional_features":["a:5:{i:0;a:2:{s:29:\"fave_additional_feature_title\";s:12:\"Carpinter\u00eda\";s:29:\"fave_additional_feature_value\";s:6:\"Madera\";}i:1;a:2:{s:29:\"fave_additional_feature_title\";s:21:\"Carpinter\u00eda exterior\";s:29:\"fave_additional_feature_value\";s:6:\"Madera\";}i:2;a:2:{s:29:\"fave_additional_feature_title\";s:6:\"Estado\";s:29:\"fave_additional_feature_value\";s:11:\"Buen estado\";}i:3;a:2:{s:29:\"fave_additional_feature_title\";s:6:\"Vistas\";s:29:\"fave_additional_feature_value\";s:0:\"\";}i:4;a:2:{s:29:\"fave_additional_feature_title\";s:11:\"Orientacion\";s:29:\"fave_additional_feature_value\";s:3:\"Sur\";}}"],"referencia":["03889"],"fave_property_id":["03889"],"fave_property_bedrooms":["4"],"fave_property_bathrooms":["1"],"fave_property_garage":[""],"fave_property_land":["0"],"ave_property_land_postfix":["m&sup2;"],"fave_property_size":["213"],"fave_property_year":["1890"],"fave_energy_global_index":["0 kWh\/m&sup2; \/0 Kg CO2\/m&sup2;"],"fave_energy_class":["N"],"estate_attr_energy_class":["Tramitando..."],"REAL_HOMES_property_emisiones":["0"],"REAL_HOMES_property_consumo":["0"],"REAL_HOMES_property_letra":["N"],"estate_video":[""],"fave_virtual_tour":[""],"vendidoInmueble":[""],"fave_property_price":["90000"],"fave_property_price_postfix":[""],"fave_property_images":["16801107","16801108","16801109","16801110","16801111","16801112","16801113","16801114","16801115","16801116","16801117","16801118","16801119","16801120","16801121","16801122","16801123","16801124","16801125","16801126","16801127","16801128","16801129","16801130","16801131","16801132","16801133","16801134","16801135","16801136","16801137","16801138","16801139","16801140","16801141","16801142","16801143","16801144","16801145"],"houzez_total_property_views":["2"],"houzez_views_by_date":["a:1:{s:10:\"04-29-2026\";i:2;}"],"houzez_recently_viewed":["2026-04-29 11:05:17"]},"_links":{"self":[{"href":"https:\/\/agencia-asturias.com\/en\/wp-json\/wp\/v2\/properties\/16801105","targetHints":{"allow":["GET"]}}],"collection":[{"href":"https:\/\/agencia-asturias.com\/en\/wp-json\/wp\/v2\/properties"}],"about":[{"href":"https:\/\/agencia-asturias.com\/en\/wp-json\/wp\/v2\/types\/property"}],"author":[{"embeddable":true,"href":"https:\/\/agencia-asturias.com\/en\/wp-json\/wp\/v2\/users\/1"}],"version-history":[{"count":0,"href":"https:\/\/agencia-asturias.com\/en\/wp-json\/wp\/v2\/properties\/16801105\/revisions"}],"wp:featuredmedia":[{"embeddable":true,"href":"https:\/\/agencia-asturias.com\/en\/wp-json\/wp\/v2\/media\/16801107"}],"wp:attachment":[{"href":"https:\/\/agencia-asturias.com\/en\/wp-json\/wp\/v2\/media?parent=16801105"}],"wp:term":[{"taxonomy":"property_type","embeddable":true,"href":"https:\/\/agencia-asturias.com\/en\/wp-json\/wp\/v2\/property_type?post=16801105"},{"taxonomy":"property_status","embeddable":true,"href":"https:\/\/agencia-asturias.com\/en\/wp-json\/wp\/v2\/property_status?post=16801105"},{"taxonomy":"property_feature","embeddable":true,"href":"https:\/\/agencia-asturias.com\/en\/wp-json\/wp\/v2\/property_feature?post=16801105"},{"taxonomy":"property_label","embeddable":true,"href":"https:\/\/agencia-asturias.com\/en\/wp-json\/wp\/v2\/property_label?post=16801105"},{"taxonomy":"property_state","embeddable":true,"href":"https:\/\/agencia-asturias.com\/en\/wp-json\/wp\/v2\/property_state?post=16801105"},{"taxonomy":"property_city","embeddable":true,"href":"https:\/\/agencia-asturias.com\/en\/wp-json\/wp\/v2\/property_city?post=16801105"},{"taxonomy":"property_area","embeddable":true,"href":"https:\/\/agencia-asturias.com\/en\/wp-json\/wp\/v2\/property_area?post=16801105"}],"curies":[{"name":"wp","href":"https:\/\/api.w.org\/{rel}","templated":true}]}}

House for sale in Bárzana, Quirós. Next to the Senda del Oso. &#8211; 03889

<p>House for sale in the village of Bárzana, capital of the council of Quirós, a locality with all services and very close to the Senda del Oso, the popular greenway that runs through the councils of Proaza, Teverga, Quirós and Santo Adriano; a pedestrian and cycle path known for its spectacular landscapes among mountains and an environment where we can enjoy nature and traditional Asturian culture. The house is distributed over three floors of 71 m2 each. On the ground floor there are two storage rooms or closets?one equipped with a bread oven; on the first floor are kitchen, living room, bathroom and one bedroom; while on second floor we have access to typical Asturian terrace-corridor featuring three additional rooms. The house comes equipped with electric radiators. Excellent opportunity to enjoy a stone house located in one of Asturias&#8217; most beautiful areas surrounded by all amenities just meters away. Call us now for your visit arranged by Agencia Asturias.<br />Property transfer tax as well as notary fees &#038; registration costs not included.</p>

<p>House for sale in the village of Bárzana, capital of the council of Quirós, a locality with all services and very close to the Senda del Oso, the popular greenway that runs through the councils of Proaza, Teverga, Quirós and Santo Adriano; a pedestrian and cycle path known for its spectacular landscapes among mountains and an environment </p>

Quirós,Asturias

Quirós,Asturias,Spain

a:5:{i:0;a:2:{s:29:"fave_additional_feature_title";s:12:"Carpintería";s:29:"fave_additional_feature_value";s:6:"Madera";}i:1;a:2:{s:29:"fave_additional_feature_title";s:21:"Carpintería exterior";s:29:"fave_additional_feature_value";s:6:"Madera";}i:2;a:2:{s:29:"fave_additional_feature_title";s:6:"Estado";s:29:"fave_additional_feature_value";s:11:"Buen estado";}i:3;a:2:{s:29:"fave_additional_feature_title";s:6:"Vistas";s:29:"fave_additional_feature_value";s:0:"";}i:4;a:2:{s:29:"fave_additional_feature_title";s:11:"Orientacion";s:29:"fave_additional_feature_value";s:3:"Sur";}}
