{"id":16801459,"date":"2023-03-16T16:26:48","date_gmt":"2023-03-16T16:26:48","guid":{"rendered":"https:\/\/agencia-asturias.com\/inmueble\/alquiler\/piso\/asturias\/gijon\/04126\/"},"modified":"2023-03-16T16:26:48","modified_gmt":"2023-03-16T16:26:48","slug":"recien-reformado-a-dos-minutos-de-la-playa-04126-en","status":"publish","type":"property","link":"https:\/\/agencia-asturias.com\/en\/inmueble\/alquiler\/piso\/asturias\/gijon\/04126\/","title":{"rendered":"Reci\u00e9n reformado a dos minutos de la playa &#8211; 04126"},"content":{"rendered":"<p>La Agencia Asturias te ofrece este piso en altura con reforma integral, a estrenar. Se encuentra en la calle Men\u00e9ndez Pelayo, a dos minutos de la playa de San Lorenzo. Consta de dos habitaciones dobles (la principal con ba\u00f1o en suite), dos ba\u00f1os, ambos con plato de ducha, sal\u00f3n comedor y cocina independiente totalmente equipada con electrodom\u00e9sticos nuevos y de calidad. En una sexta planta y con buena luz por su orientaci\u00f3n Este-Oeste. <br \/>Una estupenda oportunidad para vivir en un piso a estrenar, perfectamente situado entre el centro y el barrio de La Arena. <br \/>No dejes pasar la oportunidad de venir a verlo con la Agencia Asturias!!!<\/p>\n<p>NO MASCOTAS. IMPRESCINDIBLE GARANT\u00cdAS.<\/p>\n","protected":false},"excerpt":{"rendered":"<p>La Agencia Asturias te ofrece este piso en altura con reforma integral, a estrenar. Se encuentra en la calle Men\u00e9ndez Pelayo, a dos minutos de la playa de San Lorenzo. Consta de dos habitaciones dobles (la principal con ba\u00f1o en suite), dos ba\u00f1os, ambos con plato de ducha, sal\u00f3n comedor y cocina independiente totalmente equipada con <\/p>\n","protected":false},"author":1,"featured_media":16801461,"parent":0,"menu_order":0,"template":"","property_type":[778],"property_status":[717],"property_feature":[721,735,723,731],"property_label":[],"property_state":[419],"property_city":[420],"property_area":[424],"class_list":["post-16801459","property","type-property","status-publish","has-post-thumbnail","hentry","property_type-flat","property_status-rental","property_feature-elevator","property_feature-exterior-overlooking","property_feature-heating","property_feature-home-appliances","property_state-asturias","property_city-gijon","property_area-la-arena"],"property_meta":{"fave_agent":["59308"],"fave_agents":["59308"],"fave_agent_display_option":["agent_info"],"property_agent":["59308"],"custom_permalink":["inmueble\/alquiler\/piso\/asturias\/gijon\/04126\/"],"_thumbnail_id":["16801461"],"post_id":["Array"],"original_author":["1"],"_edit_lock":["1604137107:1"],"_edit_last":["1"],"fave_property_map_street_view":["show"],"fave_payment_status":["not_paid"],"fave_single_top_area":["global"],"fave_single_content_area":["global"],"houzez_manual_expire":["0"],"fave_property_size_prefix":["m&sup2;"],"fave_property_map":["1"],"fave_additional_features_enable":["disable"],"fave_floor_plans_enable":["disable"],"fave_multiunit_plans_enable":["disable"],"fave_prop_homeslider":["no"],"fave_featured":["0"],"fave_property_address":["Gij\u00f3n,Asturias"],"fave_property_zip":["33202"],"houzez_geolocation_lat":["43.5385024976046"],"houzez_geolocation_long":["-5.65215634840839"],"fave_property_location":["43.5385024976046,-5.65215634840839"],"fave_property_country":["ES"],"fave_property_map_address":["Gij\u00f3n,Asturias,Spain"],"fave_comunidadimporte":["0"],"fave_comunidadincluida":["0"],"fave_conservacion":["Reformado"],"fave_orientacion":["Este Oeste"],"fave_carpinteriainterior":["Madera"],"fave_carpinteriaexterior":["PVC"],"fave_tiposuelo":["Climalit"],"fave_vistas":[""],"additional_features":["a:5:{i:0;a:2:{s:29:\"fave_additional_feature_title\";s:12:\"Carpinter\u00eda\";s:29:\"fave_additional_feature_value\";s:6:\"Madera\";}i:1;a:2:{s:29:\"fave_additional_feature_title\";s:21:\"Carpinter\u00eda exterior\";s:29:\"fave_additional_feature_value\";s:3:\"PVC\";}i:2;a:2:{s:29:\"fave_additional_feature_title\";s:6:\"Estado\";s:29:\"fave_additional_feature_value\";s:9:\"Reformado\";}i:3;a:2:{s:29:\"fave_additional_feature_title\";s:6:\"Vistas\";s:29:\"fave_additional_feature_value\";s:0:\"\";}i:4;a:2:{s:29:\"fave_additional_feature_title\";s:11:\"Orientacion\";s:29:\"fave_additional_feature_value\";s:10:\"Este Oeste\";}}"],"referencia":["04126"],"fave_property_id":["04126"],"fave_property_bedrooms":["2"],"fave_property_bathrooms":["2"],"fave_property_garage":[""],"fave_property_land":["0"],"ave_property_land_postfix":["m&sup2;"],"fave_property_size":["75"],"fave_property_year":["1968"],"fave_energy_global_index":["0 kWh\/m&sup2; \/0 Kg CO2\/m&sup2;"],"fave_energy_class":["N"],"estate_attr_energy_class":["Tramitando..."],"REAL_HOMES_property_emisiones":["0"],"REAL_HOMES_property_consumo":["0"],"REAL_HOMES_property_letra":["N"],"estate_video":[""],"fave_virtual_tour":[""],"vendidoInmueble":["Vendido"],"fave_property_price":["725"],"fave_property_price_postfix":["mes"],"fave_property_images":["16801461","16801462","16801463","16801464","16801465","16801466","16801467","16801468","16801469","16801470","16801471","16801472","16801473","16801474","16801475","16801476","16801477","16801478","16801479","16801480","16801481","16801482","16801483","16801484","16801485","16801486","16801487","16801488","16801489","16801490","16801491","16801492","16801493","16801494","16801495","16801496","16801497","16801498","16801499","16801500","16801501","16801502","16801503","16801504","16801505","16801506","16801507","16801508","16801509","16801510","16801511","16801512","16801513","16801514","16801515","16801516","16801517","16801518","16801519"],"houzez_total_property_views":["2"],"houzez_views_by_date":["a:1:{s:10:\"04-29-2026\";i:2;}"],"houzez_recently_viewed":["2026-04-29 12:21:06"]},"_links":{"self":[{"href":"https:\/\/agencia-asturias.com\/en\/wp-json\/wp\/v2\/properties\/16801459","targetHints":{"allow":["GET"]}}],"collection":[{"href":"https:\/\/agencia-asturias.com\/en\/wp-json\/wp\/v2\/properties"}],"about":[{"href":"https:\/\/agencia-asturias.com\/en\/wp-json\/wp\/v2\/types\/property"}],"author":[{"embeddable":true,"href":"https:\/\/agencia-asturias.com\/en\/wp-json\/wp\/v2\/users\/1"}],"version-history":[{"count":0,"href":"https:\/\/agencia-asturias.com\/en\/wp-json\/wp\/v2\/properties\/16801459\/revisions"}],"wp:featuredmedia":[{"embeddable":true,"href":"https:\/\/agencia-asturias.com\/en\/wp-json\/wp\/v2\/media\/16801461"}],"wp:attachment":[{"href":"https:\/\/agencia-asturias.com\/en\/wp-json\/wp\/v2\/media?parent=16801459"}],"wp:term":[{"taxonomy":"property_type","embeddable":true,"href":"https:\/\/agencia-asturias.com\/en\/wp-json\/wp\/v2\/property_type?post=16801459"},{"taxonomy":"property_status","embeddable":true,"href":"https:\/\/agencia-asturias.com\/en\/wp-json\/wp\/v2\/property_status?post=16801459"},{"taxonomy":"property_feature","embeddable":true,"href":"https:\/\/agencia-asturias.com\/en\/wp-json\/wp\/v2\/property_feature?post=16801459"},{"taxonomy":"property_label","embeddable":true,"href":"https:\/\/agencia-asturias.com\/en\/wp-json\/wp\/v2\/property_label?post=16801459"},{"taxonomy":"property_state","embeddable":true,"href":"https:\/\/agencia-asturias.com\/en\/wp-json\/wp\/v2\/property_state?post=16801459"},{"taxonomy":"property_city","embeddable":true,"href":"https:\/\/agencia-asturias.com\/en\/wp-json\/wp\/v2\/property_city?post=16801459"},{"taxonomy":"property_area","embeddable":true,"href":"https:\/\/agencia-asturias.com\/en\/wp-json\/wp\/v2\/property_area?post=16801459"}],"curies":[{"name":"wp","href":"https:\/\/api.w.org\/{rel}","templated":true}]}}

Recién reformado a dos minutos de la playa &#8211; 04126

<p>La Agencia Asturias te ofrece este piso en altura con reforma integral, a estrenar. Se encuentra en la calle Menéndez Pelayo, a dos minutos de la playa de San Lorenzo. Consta de dos habitaciones dobles (la principal con baño en suite), dos baños, ambos con plato de ducha, salón comedor y cocina independiente totalmente equipada con electrodomésticos nuevos y de calidad. En una sexta planta y con buena luz por su orientación Este-Oeste. <br />Una estupenda oportunidad para vivir en un piso a estrenar, perfectamente situado entre el centro y el barrio de La Arena. <br />No dejes pasar la oportunidad de venir a verlo con la Agencia Asturias!!!</p>
<p>NO MASCOTAS. IMPRESCINDIBLE GARANTÍAS.</p>

<p>La Agencia Asturias te ofrece este piso en altura con reforma integral, a estrenar. Se encuentra en la calle Menéndez Pelayo, a dos minutos de la playa de San Lorenzo. Consta de dos habitaciones dobles (la principal con baño en suite), dos baños, ambos con plato de ducha, salón comedor y cocina independiente totalmente equipada con </p>

Gijón,Asturias

Gijón,Asturias,Spain

a:5:{i:0;a:2:{s:29:"fave_additional_feature_title";s:12:"Carpintería";s:29:"fave_additional_feature_value";s:6:"Madera";}i:1;a:2:{s:29:"fave_additional_feature_title";s:21:"Carpintería exterior";s:29:"fave_additional_feature_value";s:3:"PVC";}i:2;a:2:{s:29:"fave_additional_feature_title";s:6:"Estado";s:29:"fave_additional_feature_value";s:9:"Reformado";}i:3;a:2:{s:29:"fave_additional_feature_title";s:6:"Vistas";s:29:"fave_additional_feature_value";s:0:"";}i:4;a:2:{s:29:"fave_additional_feature_title";s:11:"Orientacion";s:29:"fave_additional_feature_value";s:10:"Este Oeste";}}
