{"id":16801884,"date":"2023-11-20T17:18:45","date_gmt":"2023-11-20T17:18:45","guid":{"rendered":"https:\/\/agencia-asturias.com\/inmueble\/venta\/edificio\/asturias\/aviles\/04365\/"},"modified":"2023-11-20T17:18:45","modified_gmt":"2023-11-20T17:18:45","slug":"edificio-rehabilitado-en-aviles-centro-con-alta-rentabilidad-04365-en","status":"publish","type":"property","link":"https:\/\/agencia-asturias.com\/en\/inmueble\/venta\/edificio\/asturias\/aviles\/04365\/","title":{"rendered":"Edificio rehabilitado en Avil\u00e9s centro con alta rentabilidad &#8211; 04365"},"content":{"rendered":"<p>Ideal para inversores, este bonito edificio de 617.00 m\u00b2, se encuentra ubicado en una de las zonas m\u00e1s c\u00e9ntricas y transitadas de Avil\u00e9s. Totalmente rehabilitado integralmente en el a\u00f1o 2019, ofrece siete viviendas modernas y un amplio local comercial.<\/p>\n<p>Con caracter\u00edsticas como ascensor, buhardilla luminosa, galer\u00eda exterior as\u00ed como una excelente iluminaci\u00f3n natural gracias a sus grandes ventanales; esta propiedad es perfecta tanto para quienes buscan invertir o desarrollar proyectos empresariales dentro del sector inmobiliario.<\/p>\n<p>Las 7 viviendas y el local comercial, se encuentran alquiladas. Cons\u00faltenos condiciones. <\/p>\n<p>Impuesto de transmisiones patrimoniales y honorarios de notar\u00eda y registro, no incluidos en el precio.<\/p>\n","protected":false},"excerpt":{"rendered":"<p>Ideal para inversores, este bonito edificio de 617.00 m\u00b2, se encuentra ubicado en una de las zonas m\u00e1s c\u00e9ntricas y transitadas de Avil\u00e9s. Totalmente rehabilitado integralmente en el a\u00f1o 2019, ofrece siete viviendas modernas y un amplio local comercial.~~Con caracter\u00edsticas como ascensor, buhardilla luminosa, galer\u00eda exterior as\u00ed <\/p>\n","protected":false},"author":1,"featured_media":16801886,"parent":0,"menu_order":0,"template":"","property_type":[792],"property_status":[719],"property_feature":[721,765,723],"property_label":[],"property_state":[419],"property_city":[485],"property_area":[551],"class_list":["post-16801884","property","type-property","status-publish","has-post-thumbnail","hentry","property_type-building","property_status-sale","property_feature-elevator","property_feature-gallery-en","property_feature-heating","property_state-asturias","property_city-aviles","property_area-centro"],"property_meta":{"fave_agent":["156"],"fave_agents":["156"],"fave_agent_display_option":["agent_info"],"property_agent":["156"],"custom_permalink":["inmueble\/venta\/edificio\/asturias\/aviles\/04365\/"],"_thumbnail_id":["16801886"],"post_id":["Array"],"original_author":["1"],"_edit_lock":["1604137107:1"],"_edit_last":["1"],"fave_property_map_street_view":["show"],"fave_payment_status":["not_paid"],"fave_single_top_area":["global"],"fave_single_content_area":["global"],"houzez_manual_expire":["0"],"fave_property_size_prefix":["m&sup2;"],"fave_property_map":["1"],"fave_additional_features_enable":["disable"],"fave_floor_plans_enable":["disable"],"fave_multiunit_plans_enable":["disable"],"fave_prop_homeslider":["no"],"fave_featured":["0"],"fave_property_address":["Avil\u00e9s,Asturias"],"fave_property_zip":["33401"],"houzez_geolocation_lat":["43.55792942"],"houzez_geolocation_long":["-5.92382336"],"fave_property_location":["43.55792942,-5.92382336"],"fave_property_country":["ES"],"fave_property_map_address":["Avil\u00e9s,Asturias,Spain"],"fave_comunidadimporte":["0"],"fave_comunidadincluida":["0"],"fave_conservacion":["Reformado"],"fave_orientacion":[""],"fave_carpinteriainterior":[""],"fave_carpinteriaexterior":[""],"fave_tiposuelo":[""],"fave_vistas":[""],"additional_features":["a:5:{i:0;a:2:{s:29:\"fave_additional_feature_title\";s:12:\"Carpinter\u00eda\";s:29:\"fave_additional_feature_value\";s:0:\"\";}i:1;a:2:{s:29:\"fave_additional_feature_title\";s:21:\"Carpinter\u00eda exterior\";s:29:\"fave_additional_feature_value\";s:0:\"\";}i:2;a:2:{s:29:\"fave_additional_feature_title\";s:6:\"Estado\";s:29:\"fave_additional_feature_value\";s:9:\"Reformado\";}i:3;a:2:{s:29:\"fave_additional_feature_title\";s:6:\"Vistas\";s:29:\"fave_additional_feature_value\";s:0:\"\";}i:4;a:2:{s:29:\"fave_additional_feature_title\";s:11:\"Orientacion\";s:29:\"fave_additional_feature_value\";s:0:\"\";}}"],"referencia":["04365"],"fave_property_id":["04365"],"fave_property_bedrooms":["0"],"fave_property_bathrooms":["0"],"fave_property_garage":[""],"fave_property_land":["0"],"ave_property_land_postfix":["m&sup2;"],"fave_property_size":["617"],"fave_property_year":["1935"],"fave_energy_global_index":["0 kWh\/m&sup2; \/2 Kg CO2\/m&sup2;"],"fave_energy_class":["B"],"estate_attr_energy_class":["B"],"REAL_HOMES_property_emisiones":["2"],"REAL_HOMES_property_consumo":["0"],"REAL_HOMES_property_letra":["B"],"estate_video":[""],"fave_video_url":["https:\/\/www.youtube.com\/watch?v=iI6d6kN38zk?feature="],"fave_video_image":["https:\/\/fotos15.apinmo.com\/1445\/20221677\/4-1.jpg"],"fave_virtual_tour":[""],"vendidoInmueble":[""],"fave_property_price":["1550000"],"fave_property_price_postfix":[""],"fave_property_images":["16801886","16801887","16801888","16801889","16801890","16801891","16801892","16801893","16801894","16801895","16801896","16801897","16801898","16801899","16801900","16801901","16801902","16801903","16801904"],"houzez_total_property_views":["2"],"houzez_views_by_date":["a:1:{s:10:\"04-29-2026\";i:2;}"],"houzez_recently_viewed":["2026-04-29 13:19:54"]},"_links":{"self":[{"href":"https:\/\/agencia-asturias.com\/en\/wp-json\/wp\/v2\/properties\/16801884","targetHints":{"allow":["GET"]}}],"collection":[{"href":"https:\/\/agencia-asturias.com\/en\/wp-json\/wp\/v2\/properties"}],"about":[{"href":"https:\/\/agencia-asturias.com\/en\/wp-json\/wp\/v2\/types\/property"}],"author":[{"embeddable":true,"href":"https:\/\/agencia-asturias.com\/en\/wp-json\/wp\/v2\/users\/1"}],"version-history":[{"count":0,"href":"https:\/\/agencia-asturias.com\/en\/wp-json\/wp\/v2\/properties\/16801884\/revisions"}],"wp:featuredmedia":[{"embeddable":true,"href":"https:\/\/agencia-asturias.com\/en\/wp-json\/wp\/v2\/media\/16801886"}],"wp:attachment":[{"href":"https:\/\/agencia-asturias.com\/en\/wp-json\/wp\/v2\/media?parent=16801884"}],"wp:term":[{"taxonomy":"property_type","embeddable":true,"href":"https:\/\/agencia-asturias.com\/en\/wp-json\/wp\/v2\/property_type?post=16801884"},{"taxonomy":"property_status","embeddable":true,"href":"https:\/\/agencia-asturias.com\/en\/wp-json\/wp\/v2\/property_status?post=16801884"},{"taxonomy":"property_feature","embeddable":true,"href":"https:\/\/agencia-asturias.com\/en\/wp-json\/wp\/v2\/property_feature?post=16801884"},{"taxonomy":"property_label","embeddable":true,"href":"https:\/\/agencia-asturias.com\/en\/wp-json\/wp\/v2\/property_label?post=16801884"},{"taxonomy":"property_state","embeddable":true,"href":"https:\/\/agencia-asturias.com\/en\/wp-json\/wp\/v2\/property_state?post=16801884"},{"taxonomy":"property_city","embeddable":true,"href":"https:\/\/agencia-asturias.com\/en\/wp-json\/wp\/v2\/property_city?post=16801884"},{"taxonomy":"property_area","embeddable":true,"href":"https:\/\/agencia-asturias.com\/en\/wp-json\/wp\/v2\/property_area?post=16801884"}],"curies":[{"name":"wp","href":"https:\/\/api.w.org\/{rel}","templated":true}]}}

Edificio rehabilitado en Avilés centro con alta rentabilidad &#8211; 04365

<p>Ideal para inversores, este bonito edificio de 617.00 m², se encuentra ubicado en una de las zonas más céntricas y transitadas de Avilés. Totalmente rehabilitado integralmente en el año 2019, ofrece siete viviendas modernas y un amplio local comercial.</p>
<p>Con características como ascensor, buhardilla luminosa, galería exterior así como una excelente iluminación natural gracias a sus grandes ventanales; esta propiedad es perfecta tanto para quienes buscan invertir o desarrollar proyectos empresariales dentro del sector inmobiliario.</p>
<p>Las 7 viviendas y el local comercial, se encuentran alquiladas. Consúltenos condiciones. </p>
<p>Impuesto de transmisiones patrimoniales y honorarios de notaría y registro, no incluidos en el precio.</p>

<p>Ideal para inversores, este bonito edificio de 617.00 m², se encuentra ubicado en una de las zonas más céntricas y transitadas de Avilés. Totalmente rehabilitado integralmente en el año 2019, ofrece siete viviendas modernas y un amplio local comercial.~~Con características como ascensor, buhardilla luminosa, galería exterior así </p>

Avilés,Asturias

Avilés,Asturias,Spain

a:5:{i:0;a:2:{s:29:"fave_additional_feature_title";s:12:"Carpintería";s:29:"fave_additional_feature_value";s:0:"";}i:1;a:2:{s:29:"fave_additional_feature_title";s:21:"Carpintería exterior";s:29:"fave_additional_feature_value";s:0:"";}i:2;a:2:{s:29:"fave_additional_feature_title";s:6:"Estado";s:29:"fave_additional_feature_value";s:9:"Reformado";}i:3;a:2:{s:29:"fave_additional_feature_title";s:6:"Vistas";s:29:"fave_additional_feature_value";s:0:"";}i:4;a:2:{s:29:"fave_additional_feature_title";s:11:"Orientacion";s:29:"fave_additional_feature_value";s:0:"";}}
