{"id":16802760,"date":"2025-03-10T20:06:19","date_gmt":"2025-03-10T20:06:19","guid":{"rendered":"https:\/\/agencia-asturias.com\/inmueble\/alquiler\/piso\/asturias\/gijon\/04741\/"},"modified":"2025-03-10T20:06:19","modified_gmt":"2025-03-10T20:06:19","slug":"tres-habitaciones-con-posibilidad-de-sacar-muebles-04741-en","status":"publish","type":"property","link":"https:\/\/agencia-asturias.com\/en\/inmueble\/alquiler\/piso\/asturias\/gijon\/04741\/","title":{"rendered":"Tres habitaciones con posibilidad de sacar muebles &#8211; 04741"},"content":{"rendered":"<p>La Agencia Asturias te ofrece este piso muy bi\u00e9n situado en La Calzada,en la calle Mar\u00eda Zambrano.Edificio con reciente rehabilitaci\u00f3n,eficiente energ\u00e9ticamente con el ahorro que eso conlleva.Consta actualmente de dos habitaciones aunque en origen eran tres pero una se hizo salita,gran sal\u00f3n,ba\u00f1o y cocina totalmente equipada.Posibilidad de sacar muebles si fuera necesario para ti.Buena oportunidad de vivir en La Calzada en un piso bi\u00e9n situado y amplio.Ven a verlo!!!<br \/>IMPRESCINDIBLES GARANTIAS DE INGRESOS MENSUALES PARA EL PAGO DE RENTA.<\/p>\n","protected":false},"excerpt":{"rendered":"<p>La Agencia Asturias te ofrece este piso muy bi\u00e9n situado en La Calzada,en la calle Mar\u00eda Zambrano.Edificio con reciente rehabilitaci\u00f3n,eficiente energ\u00e9ticamente con el ahorro que eso conlleva.Consta actualmente de dos habitaciones aunque en origen eran tres pero una se hizo salita,gran sal\u00f3n,ba\u00f1o y cocina totalmente equipada.<\/p>\n","protected":false},"author":1,"featured_media":16802762,"parent":0,"menu_order":0,"template":"","property_type":[778],"property_status":[717],"property_feature":[721,735,748,723,731],"property_label":[],"property_state":[419],"property_city":[420],"property_area":[423],"class_list":["post-16802760","property","type-property","status-publish","has-post-thumbnail","hentry","property_type-flat","property_status-rental","property_feature-elevator","property_feature-exterior-overlooking","property_feature-furniture","property_feature-heating","property_feature-home-appliances","property_state-asturias","property_city-gijon","property_area-la-calzada"],"property_meta":{"fave_agent":["59308"],"fave_agents":["59308"],"fave_agent_display_option":["agent_info"],"property_agent":["59308"],"custom_permalink":["inmueble\/alquiler\/piso\/asturias\/gijon\/04741\/"],"_thumbnail_id":["16802762"],"post_id":["Array"],"original_author":["1"],"_edit_lock":["1604137107:1"],"_edit_last":["1"],"fave_property_map_street_view":["show"],"fave_payment_status":["not_paid"],"fave_single_top_area":["global"],"fave_single_content_area":["global"],"houzez_manual_expire":["0"],"fave_property_size_prefix":["m&sup2;"],"fave_property_map":["1"],"fave_additional_features_enable":["disable"],"fave_floor_plans_enable":["disable"],"fave_multiunit_plans_enable":["disable"],"fave_prop_homeslider":["no"],"fave_featured":["0"],"fave_property_address":["Gij\u00f3n,Asturias"],"fave_property_zip":["33213"],"houzez_geolocation_lat":["43.5385089118312"],"houzez_geolocation_long":["-5.6999664821959195"],"fave_property_location":["43.5385089118312,-5.6999664821959195"],"fave_property_country":["ES"],"fave_property_map_address":["Gij\u00f3n,Asturias,Spain"],"fave_comunidadimporte":["0"],"fave_comunidadincluida":["0"],"fave_conservacion":["Buen estado"],"fave_orientacion":["Este"],"fave_carpinteriainterior":["Madera"],"fave_carpinteriaexterior":["PVC"],"fave_tiposuelo":["Climalit"],"fave_vistas":[""],"additional_features":["a:5:{i:0;a:2:{s:29:\"fave_additional_feature_title\";s:12:\"Carpinter\u00eda\";s:29:\"fave_additional_feature_value\";s:6:\"Madera\";}i:1;a:2:{s:29:\"fave_additional_feature_title\";s:21:\"Carpinter\u00eda exterior\";s:29:\"fave_additional_feature_value\";s:3:\"PVC\";}i:2;a:2:{s:29:\"fave_additional_feature_title\";s:6:\"Estado\";s:29:\"fave_additional_feature_value\";s:11:\"Buen estado\";}i:3;a:2:{s:29:\"fave_additional_feature_title\";s:6:\"Vistas\";s:29:\"fave_additional_feature_value\";s:0:\"\";}i:4;a:2:{s:29:\"fave_additional_feature_title\";s:11:\"Orientacion\";s:29:\"fave_additional_feature_value\";s:4:\"Este\";}}"],"referencia":["04741"],"fave_property_id":["04741"],"fave_property_bedrooms":["3"],"fave_property_bathrooms":["1"],"fave_property_garage":[""],"fave_property_land":["0"],"ave_property_land_postfix":["m&sup2;"],"fave_property_size":["80"],"fave_property_year":["1972"],"fave_energy_global_index":["0 kWh\/m&sup2; \/0 Kg CO2\/m&sup2;"],"fave_energy_class":["N"],"estate_attr_energy_class":["Tramitando..."],"REAL_HOMES_property_emisiones":["0"],"REAL_HOMES_property_consumo":["0"],"REAL_HOMES_property_letra":["N"],"estate_video":[""],"fave_virtual_tour":[""],"vendidoInmueble":["Vendido"],"fave_property_price":["725"],"fave_property_price_postfix":["mes"],"fave_property_images":["16802762","16802763","16802764","16802765","16802766","16802767","16802768","16802769","16802770","16802771","16802772","16802773","16802774","16802775","16802776","16802777","16802778","16802779","16802780","16802781","16802782","16802783","16802784","16802785","16802786","16802787","16802788","16802789","16802790","16802791","16802792","16802793"],"houzez_total_property_views":["2"],"houzez_views_by_date":["a:1:{s:10:\"04-29-2026\";i:2;}"],"houzez_recently_viewed":["2026-04-29 12:29:51"]},"_links":{"self":[{"href":"https:\/\/agencia-asturias.com\/en\/wp-json\/wp\/v2\/properties\/16802760","targetHints":{"allow":["GET"]}}],"collection":[{"href":"https:\/\/agencia-asturias.com\/en\/wp-json\/wp\/v2\/properties"}],"about":[{"href":"https:\/\/agencia-asturias.com\/en\/wp-json\/wp\/v2\/types\/property"}],"author":[{"embeddable":true,"href":"https:\/\/agencia-asturias.com\/en\/wp-json\/wp\/v2\/users\/1"}],"version-history":[{"count":0,"href":"https:\/\/agencia-asturias.com\/en\/wp-json\/wp\/v2\/properties\/16802760\/revisions"}],"wp:featuredmedia":[{"embeddable":true,"href":"https:\/\/agencia-asturias.com\/en\/wp-json\/wp\/v2\/media\/16802762"}],"wp:attachment":[{"href":"https:\/\/agencia-asturias.com\/en\/wp-json\/wp\/v2\/media?parent=16802760"}],"wp:term":[{"taxonomy":"property_type","embeddable":true,"href":"https:\/\/agencia-asturias.com\/en\/wp-json\/wp\/v2\/property_type?post=16802760"},{"taxonomy":"property_status","embeddable":true,"href":"https:\/\/agencia-asturias.com\/en\/wp-json\/wp\/v2\/property_status?post=16802760"},{"taxonomy":"property_feature","embeddable":true,"href":"https:\/\/agencia-asturias.com\/en\/wp-json\/wp\/v2\/property_feature?post=16802760"},{"taxonomy":"property_label","embeddable":true,"href":"https:\/\/agencia-asturias.com\/en\/wp-json\/wp\/v2\/property_label?post=16802760"},{"taxonomy":"property_state","embeddable":true,"href":"https:\/\/agencia-asturias.com\/en\/wp-json\/wp\/v2\/property_state?post=16802760"},{"taxonomy":"property_city","embeddable":true,"href":"https:\/\/agencia-asturias.com\/en\/wp-json\/wp\/v2\/property_city?post=16802760"},{"taxonomy":"property_area","embeddable":true,"href":"https:\/\/agencia-asturias.com\/en\/wp-json\/wp\/v2\/property_area?post=16802760"}],"curies":[{"name":"wp","href":"https:\/\/api.w.org\/{rel}","templated":true}]}}

<p>La Agencia Asturias te ofrece este piso muy bién situado en La Calzada,en la calle María Zambrano.Edificio con reciente rehabilitación,eficiente energéticamente con el ahorro que eso conlleva.Consta actualmente de dos habitaciones aunque en origen eran tres pero una se hizo salita,gran salón,baño y cocina totalmente equipada.Posibilidad de sacar muebles si fuera necesario para ti.Buena oportunidad de vivir en La Calzada en un piso bién situado y amplio.Ven a verlo!!!<br />IMPRESCINDIBLES GARANTIAS DE INGRESOS MENSUALES PARA EL PAGO DE RENTA.</p>

<p>La Agencia Asturias te ofrece este piso muy bién situado en La Calzada,en la calle María Zambrano.Edificio con reciente rehabilitación,eficiente energéticamente con el ahorro que eso conlleva.Consta actualmente de dos habitaciones aunque en origen eran tres pero una se hizo salita,gran salón,baño y cocina totalmente equipada.</p>

Gijón,Asturias

Gijón,Asturias,Spain

a:5:{i:0;a:2:{s:29:"fave_additional_feature_title";s:12:"Carpintería";s:29:"fave_additional_feature_value";s:6:"Madera";}i:1;a:2:{s:29:"fave_additional_feature_title";s:21:"Carpintería exterior";s:29:"fave_additional_feature_value";s:3:"PVC";}i:2;a:2:{s:29:"fave_additional_feature_title";s:6:"Estado";s:29:"fave_additional_feature_value";s:11:"Buen estado";}i:3;a:2:{s:29:"fave_additional_feature_title";s:6:"Vistas";s:29:"fave_additional_feature_value";s:0:"";}i:4;a:2:{s:29:"fave_additional_feature_title";s:11:"Orientacion";s:29:"fave_additional_feature_value";s:4:"Este";}}
