{"id":16805718,"date":"2026-04-14T18:57:24","date_gmt":"2026-04-14T18:57:24","guid":{"rendered":"https:\/\/agencia-asturias.com\/inmueble\/venta\/piso\/asturias\/gijon\/05102\/"},"modified":"2026-04-14T18:57:24","modified_gmt":"2026-04-14T18:57:24","slug":"en-la-acerona-piso-con-muchisimo-potencial-terraza-y-muy-soleado-05102-en","status":"publish","type":"property","link":"https:\/\/agencia-asturias.com\/en\/inmueble\/venta\/piso\/asturias\/gijon\/05102\/","title":{"rendered":"En La Acerona, piso con much\u00edsimo potencial, terraza y muy soleado &#8211; 05102"},"content":{"rendered":"<p>En pleno centro de Gij\u00f3n, con una ubicaci\u00f3n privilegiada, Agencia Asturias pone en venta este estupendo piso. <br \/>Se encuentra en la calle Palacio Vald\u00e9s, m\u00e1s conocida como La Acerona, a dos minutos caminando de la calle Corrida, a cinco y ocho de las playas de Poniente y San Lorenzo, con una bonita terraza con unas espl\u00e9ndidas vistas a la Plaza del Humedal y much\u00edsimo sol. <br \/>Adem\u00e1s, justo enfrente se encuentran todas las l\u00edneas de autob\u00fas que te conectan con toda la ciudad, la estaci\u00f3n de Alsas tambi\u00e9n est\u00e1 a dos minutos y la de tres a solo 10 minutos paseando.<br \/>Su distribuci\u00f3n actual consta de hall de entrada amplio, sala de estar con salida a una terracita, una habitaci\u00f3n doble muy amplia y la cocina con office, todo ello exterior a Palacio Vald\u00e9s. Adem\u00e1s tiene otra habitaci\u00f3n grande con un empotrado de pared a pared, y dos habitaciones peque\u00f1as, con otra entrada a la vivienda por una de ellas. Y en la zona intermedia se encuentran tres ba\u00f1os: dos con ba\u00f1era y uno con ducha grande, y uno de ellos utilizado actualmente como cuarto de lavado y despensa.<br \/>Su distribuci\u00f3n particular permite m\u00faltiples opciones: y por tener dos entradas es ideal para un profesional que desee tener su despacho o consulta en casa, pero independiente, o la opci\u00f3n de dividirlo en dos viviendas: una de dos dormitorios, con dos ba\u00f1os y un apartamento independiente, ideal para aquellas familias que quieren estar juntas pero independientes, o para alquilar una de ellas y vivir en la otra. La cocina se podr\u00eda cambiar de ubicaci\u00f3n y hacer cocina comedor, u otra opci\u00f3n es ampliar el sal\u00f3n que tambi\u00e9n da a la terraza. Visit\u00e1ndolo podr\u00e1s ver el gran potencial de esta vivienda.<br \/>Impuesto de transmisiones patrimoniales, honorarios de notar\u00eda y registro, no incluidos en el precio.<\/p>\n","protected":false},"excerpt":{"rendered":"<p>En pleno centro de Gij\u00f3n, con una ubicaci\u00f3n privilegiada, Agencia Asturias pone en venta este estupendo piso. ~Se encuentra en la calle Palacio Vald\u00e9s, m\u00e1s conocida como La Acerona, a dos minutos caminando de la calle Corrida, a cinco y ocho de las playas de Poniente y San Lorenzo, con una bonita terraza con unas espl\u00e9ndidas vistas a <\/p>\n","protected":false},"author":1,"featured_media":16805720,"parent":0,"menu_order":0,"template":"","property_type":[778],"property_status":[719],"property_feature":[721,735,723,733,739],"property_label":[],"property_state":[419],"property_city":[420],"property_area":[687],"class_list":["post-16805718","property","type-property","status-publish","has-post-thumbnail","hentry","property_type-flat","property_status-sale","property_feature-elevator","property_feature-exterior-overlooking","property_feature-heating","property_feature-reinforced-door","property_feature-terrace","property_state-asturias","property_city-gijon","property_area-centro-puerto"],"property_meta":{"fave_agent":["59304"],"fave_agents":["59304"],"fave_agent_display_option":["agent_info"],"property_agent":["59304"],"custom_permalink":["inmueble\/venta\/piso\/asturias\/gijon\/05102\/"],"_thumbnail_id":["16805720"],"post_id":["Array"],"original_author":["1"],"_edit_lock":["1604137107:1"],"_edit_last":["1"],"fave_property_map_street_view":["show"],"fave_payment_status":["not_paid"],"fave_single_top_area":["global"],"fave_single_content_area":["global"],"houzez_manual_expire":["0"],"fave_property_size_prefix":["m&sup2;"],"fave_property_map":["1"],"fave_additional_features_enable":["disable"],"fave_floor_plans_enable":["disable"],"fave_multiunit_plans_enable":["disable"],"fave_prop_homeslider":["no"],"fave_featured":["0"],"fave_property_address":["Gij\u00f3n,Asturias"],"fave_property_zip":["33207"],"houzez_geolocation_lat":["43.539621336"],"houzez_geolocation_long":["-5.665809244"],"fave_property_location":["43.539621336,-5.665809244"],"fave_property_country":["ES"],"fave_property_map_address":["Gij\u00f3n,Asturias,Spain"],"fave_comunidadimporte":["194"],"fave_comunidadincluida":["0"],"fave_conservacion":["Reformar Parcialmente"],"fave_orientacion":[""],"fave_carpinteriainterior":[""],"fave_carpinteriaexterior":["PVC"],"fave_tiposuelo":["Climalit"],"fave_vistas":[""],"additional_features":["a:5:{i:0;a:2:{s:29:\"fave_additional_feature_title\";s:12:\"Carpinter\u00eda\";s:29:\"fave_additional_feature_value\";s:0:\"\";}i:1;a:2:{s:29:\"fave_additional_feature_title\";s:21:\"Carpinter\u00eda exterior\";s:29:\"fave_additional_feature_value\";s:3:\"PVC\";}i:2;a:2:{s:29:\"fave_additional_feature_title\";s:6:\"Estado\";s:29:\"fave_additional_feature_value\";s:21:\"Reformar Parcialmente\";}i:3;a:2:{s:29:\"fave_additional_feature_title\";s:6:\"Vistas\";s:29:\"fave_additional_feature_value\";s:0:\"\";}i:4;a:2:{s:29:\"fave_additional_feature_title\";s:11:\"Orientacion\";s:29:\"fave_additional_feature_value\";s:0:\"\";}}"],"referencia":["05102"],"fave_property_id":["05102"],"fave_property_bedrooms":["4"],"fave_property_bathrooms":["2"],"fave_property_garage":[""],"fave_property_land":["0"],"ave_property_land_postfix":["m&sup2;"],"fave_property_size":["137"],"fave_property_year":["1974"],"fave_energy_global_index":["0 kWh\/m&sup2; \/1234.99 Kg CO2\/m&sup2;"],"fave_energy_class":["N"],"estate_attr_energy_class":["Tramitando..."],"REAL_HOMES_property_emisiones":["1234.99"],"REAL_HOMES_property_consumo":["0"],"REAL_HOMES_property_letra":["N"],"estate_video":[""],"fave_virtual_tour":[""],"vendidoInmueble":[""],"fave_property_price":["450000"],"fave_property_price_postfix":[""],"fave_property_images":["16805720","16805721","16805722","16805723","16805724","16805725","16805726","16805727","16805728","16805729","16805730","16805731","16805732","16805733","16805734","16805735","16805736","16805737","16805738","16805739","16805740","16805741","16805742","16805743","16805744","16805745","16805746","16805747","16805748","16805749","16805750","16805751","16805752","16805753","16805754","16805755","16805756","16805757","16805758","16805759","16805760","16805761","16805762","16805763","16805764","16805765","16805766","16805767","16805768","16805769","16805770","16805771","16805772","16805773","16805774","16805775","16805776","16805777"],"houzez_total_property_views":["1"],"houzez_views_by_date":["a:1:{s:10:\"04-29-2026\";i:1;}"],"houzez_recently_viewed":["2026-04-29 09:34:59"]},"_links":{"self":[{"href":"https:\/\/agencia-asturias.com\/en\/wp-json\/wp\/v2\/properties\/16805718","targetHints":{"allow":["GET"]}}],"collection":[{"href":"https:\/\/agencia-asturias.com\/en\/wp-json\/wp\/v2\/properties"}],"about":[{"href":"https:\/\/agencia-asturias.com\/en\/wp-json\/wp\/v2\/types\/property"}],"author":[{"embeddable":true,"href":"https:\/\/agencia-asturias.com\/en\/wp-json\/wp\/v2\/users\/1"}],"version-history":[{"count":0,"href":"https:\/\/agencia-asturias.com\/en\/wp-json\/wp\/v2\/properties\/16805718\/revisions"}],"wp:featuredmedia":[{"embeddable":true,"href":"https:\/\/agencia-asturias.com\/en\/wp-json\/wp\/v2\/media\/16805720"}],"wp:attachment":[{"href":"https:\/\/agencia-asturias.com\/en\/wp-json\/wp\/v2\/media?parent=16805718"}],"wp:term":[{"taxonomy":"property_type","embeddable":true,"href":"https:\/\/agencia-asturias.com\/en\/wp-json\/wp\/v2\/property_type?post=16805718"},{"taxonomy":"property_status","embeddable":true,"href":"https:\/\/agencia-asturias.com\/en\/wp-json\/wp\/v2\/property_status?post=16805718"},{"taxonomy":"property_feature","embeddable":true,"href":"https:\/\/agencia-asturias.com\/en\/wp-json\/wp\/v2\/property_feature?post=16805718"},{"taxonomy":"property_label","embeddable":true,"href":"https:\/\/agencia-asturias.com\/en\/wp-json\/wp\/v2\/property_label?post=16805718"},{"taxonomy":"property_state","embeddable":true,"href":"https:\/\/agencia-asturias.com\/en\/wp-json\/wp\/v2\/property_state?post=16805718"},{"taxonomy":"property_city","embeddable":true,"href":"https:\/\/agencia-asturias.com\/en\/wp-json\/wp\/v2\/property_city?post=16805718"},{"taxonomy":"property_area","embeddable":true,"href":"https:\/\/agencia-asturias.com\/en\/wp-json\/wp\/v2\/property_area?post=16805718"}],"curies":[{"name":"wp","href":"https:\/\/api.w.org\/{rel}","templated":true}]}}

En La Acerona, piso con muchísimo potencial, terraza y muy soleado &#8211; 05102

<p>En pleno centro de Gijón, con una ubicación privilegiada, Agencia Asturias pone en venta este estupendo piso. <br />Se encuentra en la calle Palacio Valdés, más conocida como La Acerona, a dos minutos caminando de la calle Corrida, a cinco y ocho de las playas de Poniente y San Lorenzo, con una bonita terraza con unas espléndidas vistas a la Plaza del Humedal y muchísimo sol. <br />Además, justo enfrente se encuentran todas las líneas de autobús que te conectan con toda la ciudad, la estación de Alsas también está a dos minutos y la de tres a solo 10 minutos paseando.<br />Su distribución actual consta de hall de entrada amplio, sala de estar con salida a una terracita, una habitación doble muy amplia y la cocina con office, todo ello exterior a Palacio Valdés. Además tiene otra habitación grande con un empotrado de pared a pared, y dos habitaciones pequeñas, con otra entrada a la vivienda por una de ellas. Y en la zona intermedia se encuentran tres baños: dos con bañera y uno con ducha grande, y uno de ellos utilizado actualmente como cuarto de lavado y despensa.<br />Su distribución particular permite múltiples opciones: y por tener dos entradas es ideal para un profesional que desee tener su despacho o consulta en casa, pero independiente, o la opción de dividirlo en dos viviendas: una de dos dormitorios, con dos baños y un apartamento independiente, ideal para aquellas familias que quieren estar juntas pero independientes, o para alquilar una de ellas y vivir en la otra. La cocina se podría cambiar de ubicación y hacer cocina comedor, u otra opción es ampliar el salón que también da a la terraza. Visitándolo podrás ver el gran potencial de esta vivienda.<br />Impuesto de transmisiones patrimoniales, honorarios de notaría y registro, no incluidos en el precio.</p>

<p>En pleno centro de Gijón, con una ubicación privilegiada, Agencia Asturias pone en venta este estupendo piso. ~Se encuentra en la calle Palacio Valdés, más conocida como La Acerona, a dos minutos caminando de la calle Corrida, a cinco y ocho de las playas de Poniente y San Lorenzo, con una bonita terraza con unas espléndidas vistas a </p>

Gijón,Asturias

Gijón,Asturias,Spain

a:5:{i:0;a:2:{s:29:"fave_additional_feature_title";s:12:"Carpintería";s:29:"fave_additional_feature_value";s:0:"";}i:1;a:2:{s:29:"fave_additional_feature_title";s:21:"Carpintería exterior";s:29:"fave_additional_feature_value";s:3:"PVC";}i:2;a:2:{s:29:"fave_additional_feature_title";s:6:"Estado";s:29:"fave_additional_feature_value";s:21:"Reformar Parcialmente";}i:3;a:2:{s:29:"fave_additional_feature_title";s:6:"Vistas";s:29:"fave_additional_feature_value";s:0:"";}i:4;a:2:{s:29:"fave_additional_feature_title";s:11:"Orientacion";s:29:"fave_additional_feature_value";s:0:"";}}
