{"id":16821806,"date":"2026-04-30T11:42:52","date_gmt":"2026-04-30T11:42:52","guid":{"rendered":"https:\/\/agencia-asturias.com\/inmueble\/alquiler\/piso\/asturias\/gijon\/05118\/"},"modified":"2026-04-30T11:42:52","modified_gmt":"2026-04-30T11:42:52","slug":"alquiler-para-larga-duracion-05118-en","status":"publish","type":"property","link":"https:\/\/agencia-asturias.com\/en\/inmueble\/alquiler\/piso\/asturias\/gijon\/05118\/","title":{"rendered":"Alquiler para larga duraci\u00f3n &#8211; 05118"},"content":{"rendered":"<p>La agencia Asturias pone en alquiler para larga duraci\u00f3n, distribuido en 3 habitaciones, una de las habitaciones est\u00e1 como comedor, sal\u00f3n, cocina equipada, ba\u00f1o y tiene una despensa. Dan a la calle cocina, sal\u00f3n y una habitaci\u00f3n el resto a patio, pero al ser un cuarto el piso recibe mucha luz y sol durante toda la tarde. Tiene adem\u00e1s dos terrazas peque\u00f1as, una en la cocina y otra en la habitaci\u00f3n. Estar\u00eda disponible y con todo lo necesario para entrar a vivir. Dentro del precio va incluida la comunidad y aqu\u00ed el agua fr\u00eda tambi\u00e9n es comunitaria. Est\u00e1 muy bien ubicado con todos los servicios cerca de supermercados, colegios, y a pocos minutos del paseo Bego\u00f1a o del centro comercial de los Fresnos. Si deseas m\u00e1s informaci\u00f3n o hacer la visita no dude en llamarnos.<\/p>\n<p>IMPRESCINDIBLE GARANT\u00cdAS. NO ADMITEN MASCOTAS.<\/p>\n","protected":false},"excerpt":{"rendered":"<p>La agencia Asturias pone en alquiler para larga duraci\u00f3n, distribuido en 3 habitaciones, una de las habitaciones est\u00e1 como comedor, sal\u00f3n, cocina equipada, ba\u00f1o y tiene una despensa. Dan a la calle cocina, sal\u00f3n y una habitaci\u00f3n el resto a patio, pero al ser un cuarto el piso recibe mucha luz y sol durante toda la tarde. Tiene adem\u00e1s <\/p>\n","protected":false},"author":1,"featured_media":16821808,"parent":0,"menu_order":0,"template":"","property_type":[778],"property_status":[717],"property_feature":[732,721,735,748,723,731],"property_label":[],"property_state":[419],"property_city":[420],"property_area":[430],"class_list":["post-16821806","property","type-property","status-publish","has-post-thumbnail","hentry","property_type-flat","property_status-rental","property_feature-city-gas","property_feature-elevator","property_feature-exterior-overlooking","property_feature-furniture","property_feature-heating","property_feature-home-appliances","property_state-asturias","property_city-gijon","property_area-el-coto"],"property_meta":{"fave_agent":["59302"],"fave_agents":["59302"],"fave_agent_display_option":["agent_info"],"property_agent":["59302"],"custom_permalink":["inmueble\/alquiler\/piso\/asturias\/gijon\/05118\/"],"_thumbnail_id":["16821808"],"post_id":["Array"],"original_author":["1"],"_edit_lock":["1604137107:1"],"_edit_last":["1"],"fave_property_map_street_view":["show"],"fave_payment_status":["not_paid"],"fave_single_top_area":["global"],"fave_single_content_area":["global"],"houzez_manual_expire":["0"],"fave_property_size_prefix":["m&sup2;"],"fave_property_map":["1"],"fave_additional_features_enable":["disable"],"fave_floor_plans_enable":["disable"],"fave_multiunit_plans_enable":["disable"],"fave_prop_homeslider":["no"],"fave_featured":["0"],"fave_property_address":["Gij\u00f3n,Asturias"],"fave_property_zip":["33205"],"houzez_geolocation_lat":["43.534961748"],"houzez_geolocation_long":["-5.656161338"],"fave_property_location":["43.534961748,-5.656161338"],"fave_property_country":["ES"],"fave_property_map_address":["Gij\u00f3n,Asturias,Spain"],"fave_comunidadimporte":["0"],"fave_comunidadincluida":["1"],"fave_conservacion":["Buen estado"],"fave_orientacion":[""],"fave_carpinteriainterior":["PVC"],"fave_carpinteriaexterior":["PVC"],"fave_tiposuelo":[""],"fave_vistas":[""],"additional_features":["a:5:{i:0;a:2:{s:29:\"fave_additional_feature_title\";s:12:\"Carpinter\u00eda\";s:29:\"fave_additional_feature_value\";s:3:\"PVC\";}i:1;a:2:{s:29:\"fave_additional_feature_title\";s:21:\"Carpinter\u00eda exterior\";s:29:\"fave_additional_feature_value\";s:3:\"PVC\";}i:2;a:2:{s:29:\"fave_additional_feature_title\";s:6:\"Estado\";s:29:\"fave_additional_feature_value\";s:11:\"Buen estado\";}i:3;a:2:{s:29:\"fave_additional_feature_title\";s:6:\"Vistas\";s:29:\"fave_additional_feature_value\";s:0:\"\";}i:4;a:2:{s:29:\"fave_additional_feature_title\";s:11:\"Orientacion\";s:29:\"fave_additional_feature_value\";s:0:\"\";}}"],"referencia":["05118"],"fave_property_id":["05118"],"fave_property_bedrooms":["3"],"fave_property_bathrooms":["1"],"fave_property_garage":[""],"fave_property_land":["0"],"ave_property_land_postfix":["m&sup2;"],"fave_property_size":["98"],"fave_property_year":["1974"],"fave_energy_global_index":["0 kWh\/m&sup2; \/1234.99 Kg CO2\/m&sup2;"],"fave_energy_class":["N"],"estate_attr_energy_class":["Tramitando..."],"REAL_HOMES_property_emisiones":["1234.99"],"REAL_HOMES_property_consumo":["0"],"REAL_HOMES_property_letra":["N"],"estate_video":[""],"fave_virtual_tour":[""],"vendidoInmueble":[""],"fave_property_price":["900"],"fave_property_price_postfix":["mes"],"fave_property_images":["16821808","16821809","16821810","16821811","16821812","16821813","16821814","16821815","16821816","16821817","16821818","16821819","16821820","16821821","16821822","16821823","16821824","16821825","16821826","16821827","16821828","16821829","16821830","16821831","16821832","16821833","16821834","16821835","16821836","16821837"],"houzez_total_property_views":["3"],"houzez_views_by_date":["a:1:{s:10:\"05-01-2026\";i:3;}"],"houzez_recently_viewed":["2026-05-01 13:19:29"]},"_links":{"self":[{"href":"https:\/\/agencia-asturias.com\/en\/wp-json\/wp\/v2\/properties\/16821806","targetHints":{"allow":["GET"]}}],"collection":[{"href":"https:\/\/agencia-asturias.com\/en\/wp-json\/wp\/v2\/properties"}],"about":[{"href":"https:\/\/agencia-asturias.com\/en\/wp-json\/wp\/v2\/types\/property"}],"author":[{"embeddable":true,"href":"https:\/\/agencia-asturias.com\/en\/wp-json\/wp\/v2\/users\/1"}],"version-history":[{"count":0,"href":"https:\/\/agencia-asturias.com\/en\/wp-json\/wp\/v2\/properties\/16821806\/revisions"}],"wp:featuredmedia":[{"embeddable":true,"href":"https:\/\/agencia-asturias.com\/en\/wp-json\/wp\/v2\/media\/16821808"}],"wp:attachment":[{"href":"https:\/\/agencia-asturias.com\/en\/wp-json\/wp\/v2\/media?parent=16821806"}],"wp:term":[{"taxonomy":"property_type","embeddable":true,"href":"https:\/\/agencia-asturias.com\/en\/wp-json\/wp\/v2\/property_type?post=16821806"},{"taxonomy":"property_status","embeddable":true,"href":"https:\/\/agencia-asturias.com\/en\/wp-json\/wp\/v2\/property_status?post=16821806"},{"taxonomy":"property_feature","embeddable":true,"href":"https:\/\/agencia-asturias.com\/en\/wp-json\/wp\/v2\/property_feature?post=16821806"},{"taxonomy":"property_label","embeddable":true,"href":"https:\/\/agencia-asturias.com\/en\/wp-json\/wp\/v2\/property_label?post=16821806"},{"taxonomy":"property_state","embeddable":true,"href":"https:\/\/agencia-asturias.com\/en\/wp-json\/wp\/v2\/property_state?post=16821806"},{"taxonomy":"property_city","embeddable":true,"href":"https:\/\/agencia-asturias.com\/en\/wp-json\/wp\/v2\/property_city?post=16821806"},{"taxonomy":"property_area","embeddable":true,"href":"https:\/\/agencia-asturias.com\/en\/wp-json\/wp\/v2\/property_area?post=16821806"}],"curies":[{"name":"wp","href":"https:\/\/api.w.org\/{rel}","templated":true}]}}

Alquiler para larga duración &#8211; 05118

<p>La agencia Asturias pone en alquiler para larga duración, distribuido en 3 habitaciones, una de las habitaciones está como comedor, salón, cocina equipada, baño y tiene una despensa. Dan a la calle cocina, salón y una habitación el resto a patio, pero al ser un cuarto el piso recibe mucha luz y sol durante toda la tarde. Tiene además dos terrazas pequeñas, una en la cocina y otra en la habitación. Estaría disponible y con todo lo necesario para entrar a vivir. Dentro del precio va incluida la comunidad y aquí el agua fría también es comunitaria. Está muy bien ubicado con todos los servicios cerca de supermercados, colegios, y a pocos minutos del paseo Begoña o del centro comercial de los Fresnos. Si deseas más información o hacer la visita no dude en llamarnos.</p>
<p>IMPRESCINDIBLE GARANTÍAS. NO ADMITEN MASCOTAS.</p>

<p>La agencia Asturias pone en alquiler para larga duración, distribuido en 3 habitaciones, una de las habitaciones está como comedor, salón, cocina equipada, baño y tiene una despensa. Dan a la calle cocina, salón y una habitación el resto a patio, pero al ser un cuarto el piso recibe mucha luz y sol durante toda la tarde. Tiene además </p>

Gijón,Asturias

Gijón,Asturias,Spain

a:5:{i:0;a:2:{s:29:"fave_additional_feature_title";s:12:"Carpintería";s:29:"fave_additional_feature_value";s:3:"PVC";}i:1;a:2:{s:29:"fave_additional_feature_title";s:21:"Carpintería exterior";s:29:"fave_additional_feature_value";s:3:"PVC";}i:2;a:2:{s:29:"fave_additional_feature_title";s:6:"Estado";s:29:"fave_additional_feature_value";s:11:"Buen estado";}i:3;a:2:{s:29:"fave_additional_feature_title";s:6:"Vistas";s:29:"fave_additional_feature_value";s:0:"";}i:4;a:2:{s:29:"fave_additional_feature_title";s:11:"Orientacion";s:29:"fave_additional_feature_value";s:0:"";}}
